000
CXUS53 KILX 011525
CLMCMI


CLIMATE REPORT
NATIONAL WEATHER SERVICE LINCOLN IL
1012 AM CDT FRI SEP 1 2017

...................................

...THE CHAMPAIGN IL AIRPORT CLIMATE SUMMARY FOR THE MONTH OF AUGUST 2017...

CLIMATE NORMAL PERIOD 1981 TO 2010
CLIMATE RECORD PERIOD 9999 TO 9999

WEATHER         OBSERVED          NORMAL  DEPART  LAST YEAR`S
                 VALUE   DATE(S)  VALUE   FROM    VALUE
                                          NORMAL
.............................................................
TEMPERATURE (F)
RECORD
 HIGH              MM   MM
 LOW               MM   MM
HIGHEST            91   08/20        MM      MM       90
LOWEST             51   08/05        MM      MM       54
AVG. MAXIMUM     82.2              82.9    -0.7     84.0
AVG. MINIMUM     58.7              61.5    -2.8     66.3
MEAN             70.5              72.2    -1.7     75.2
DAYS MAX >= 90      1               2.8    -1.8        3
DAYS MAX <= 32      0               0.0     0.0        0
DAYS MIN <= 32      0               0.0     0.0        0
DAYS MIN <= 0       0               0.0     0.0        0

PRECIPITATION (INCHES)
RECORD
 MAXIMUM           MM   MM
 MINIMUM           MM   MM
TOTALS           1.18              3.61   -2.43     3.99
DAILY AVG.       0.04              0.12   -0.08     0.13
DAYS >= .01         8                MM      MM       10
DAYS >= .10         2                MM      MM        6
DAYS >= .50         1                MM      MM        3
DAYS >= 1.00        0                MM      MM        1
GREATEST
 24 HR. TOTAL    0.77   08/28 TO 08/28              1.35

DEGREE_DAYS
HEATING TOTAL       4                 7      -3        0
 SINCE 7/1          4                 9      -5        8
COOLING TOTAL     179               230     -51      323
 SINCE 1/1        888               827      61     1021
..............................................................

WIND (MPH)
AVERAGE WIND SPEED              6.2
HIGHEST WIND SPEED/DIRECTION    21/290    DATE  08/03
HIGHEST GUST SPEED/DIRECTION    28/280    DATE  08/03

SKY COVER
POSSIBLE SUNSHINE (PERCENT)   MM
AVERAGE SKY COVER           0.20
NUMBER OF DAYS FAIR           23
NUMBER OF DAYS PC              7
NUMBER OF DAYS CLOUDY          1

AVERAGE RH (PERCENT)     72

WEATHER CONDITIONS. NUMBER OF DAYS WITH
THUNDERSTORM              6     MIXED PRECIP               0
HEAVY RAIN                1     RAIN                       3
LIGHT RAIN               11     FREEZING RAIN              0
LT FREEZING RAIN          0     HAIL                       0
HEAVY SNOW                0     SNOW                       0
LIGHT SNOW                0     SLEET                      0
FOG                      14     FOG W/VIS <= 1/4 MILE      1
HAZE                      5

-  INDICATES NEGATIVE NUMBERS.
R  INDICATES RECORD WAS SET OR TIED.
MM INDICATES DATA IS MISSING.
T  INDICATES TRACE AMOUNT.

$$
