000
CXUS53 KILX 011549
CLMCMI
CLIMATE REPORT
NATIONAL WEATHER SERVICE LINCOLN IL
1049 AM CDT TUE AUG 01 2023
...................................
...THE CHAMPAIGN IL AIRPORT CLIMATE SUMMARY FOR THE MONTH OF JULY 2023...
CLIMATE NORMAL PERIOD 1991 TO 2020
CLIMATE RECORD PERIOD 9999 TO 9999
WEATHER OBSERVED NORMAL DEPART LAST YEAR`S
VALUE DATE(S) VALUE FROM VALUE
NORMAL
..............................................................
TEMPERATURE (F)
RECORD
HIGH MM MM
LOW 53 07/03/2021
HIGHEST 93 07/27 MM MM 99
07/28
LOWEST 54 07/22 MM MM 54
AVG. MAXIMUM 85.4 85.0 0.4 85.4
AVG. MINIMUM 63.7 64.4 -0.7 65.5
MEAN 74.5 74.7 -0.2 75.4
DAYS MAX >= 90 3 6.2 -3.2 6
DAYS MAX <= 32 0 0.0 0.0 0
DAYS MIN <= 32 0 0.0 0.0 0
DAYS MIN <= 0 0 0.0 0.0 0
PRECIPITATION (INCHES)
RECORD
MAXIMUM 4.24 2021
MINIMUM 2.93 2022
TOTALS 2.79R 3.87 -1.08 2.93
DAILY AVG. 0.09 0.12 -0.03 0.09
DAYS >= .01 8 10.5 -2.5 8
DAYS >= .10 3 5.8 -2.8 4
DAYS >= .50 1 2.8 -1.8 2
DAYS >= 1.00 1 1.3 -0.3 1
GREATEST
24 HR. TOTAL 2.01 07/08 TO 07/08 1.57
DEGREE DAYS
HEATING TOTAL 0 2 -2 0
SINCE 7/1 0 0 0 MM
COOLING TOTAL 304 303 1 330
SINCE 1/1 638 656 -18 MM
..............................................................
WIND (MPH)
AVERAGE WIND SPEED 6.4
HIGHEST WIND SPEED/DIRECTION 28/340 DATE 07/28
HIGHEST GUST SPEED/DIRECTION 42/330 DATE 07/28
AVERAGE RH (PERCENT) 75
WEATHER CONDITIONS. NUMBER OF DAYS WITH
THUNDERSTORM 12 MIXED PRECIP 0
HEAVY RAIN 1 RAIN 4
LIGHT RAIN 9 FREEZING RAIN 0
LT FREEZING RAIN 0 HAIL 0
HEAVY SNOW 0 SNOW 0
LIGHT SNOW 0 SLEET 0
FOG 24 FOG W/VIS <= 1/4 MILE 3
HAZE 18
- INDICATES NEGATIVE NUMBERS.
R INDICATES RECORD WAS SET OR TIED.
MM INDICATES DATA IS MISSING.
T INDICATES TRACE AMOUNT.
$$