000
CXUS53 KILX 011518
CLMCMI


CLIMATE REPORT
NATIONAL WEATHER SERVICE LINCOLN IL
951 AM CDT THU MAY 1 2014

...................................

...THE CHAMPAIGN IL AIRPORT CLIMATE SUMMARY FOR THE MONTH OF APRIL 2014...

CLIMATE NORMAL PERIOD 1981 TO 2010
CLIMATE RECORD PERIOD 9999 TO 9999

WEATHER         OBSERVED          NORMAL  DEPART  LAST YEAR`S
                 VALUE   DATE(S)  VALUE   FROM    VALUE
                                          NORMAL
.............................................................
TEMPERATURE (F)
RECORD
 HIGH              MM   MM
 LOW               MM   MM
HIGHEST            83   04/26        MM      MM       83
LOWEST             28   04/16        MM      MM       21
AVG. MAXIMUM     65.4              63.8     1.6     61.6
AVG. MINIMUM     41.0              39.8     1.2     39.6
MEAN             53.2              51.8     1.4     50.6
DAYS MAX >= 90      0               0.0     0.0        0
DAYS MAX <= 32      0               0.1    -0.1        0
DAYS MIN <= 32      6               6.4    -0.4        5
DAYS MIN <= 0       0               0.0     0.0        0

PRECIPITATION (INCHES)
RECORD
 MAXIMUM           MM   MM
 MINIMUM           MM   MM
TOTALS           3.76              3.79   -0.03     6.41
DAILY AVG.       0.13              0.13    0.00     0.21
DAYS >= .01        14                MM      MM       13
DAYS >= .10         9                MM      MM        9
DAYS >= .50         3                MM      MM        4
DAYS >= 1.00        1                MM      MM        2
GREATEST
 24 HR. TOTAL    1.17   04/27 TO 04/28              2.17

DEGREE_DAYS
HEATING TOTAL     348               406     -58      429
 SINCE 7/1       6352              5664     688     5525
COOLING TOTAL       3                10      -7        8
 SINCE 1/1          3                11      -8        8
..............................................................

WIND (MPH)
AVERAGE WIND SPEED              12.9
HIGHEST WIND SPEED/DIRECTION    38/270    DATE  04/04
HIGHEST GUST SPEED/DIRECTION    47/270    DATE  04/04

SKY COVER
POSSIBLE SUNSHINE (PERCENT)   MM
AVERAGE SKY COVER           0.40
NUMBER OF DAYS FAIR           17
NUMBER OF DAYS PC              6
NUMBER OF DAYS CLOUDY          7

AVERAGE RH (PERCENT)     65

WEATHER CONDITIONS. NUMBER OF DAYS WITH
THUNDERSTORM              6     MIXED PRECIP               0
HEAVY RAIN                5     RAIN                      11
LIGHT RAIN               18     FREEZING RAIN              0
LT FREEZING RAIN          0     HAIL                       0
HEAVY SNOW                0     SNOW                       0
LIGHT SNOW                1     SLEET                      0
FOG                      16     FOG W/VIS <= 1/4 MILE      0
HAZE                      4

-  INDICATES NEGATIVE NUMBERS.
R  INDICATES RECORD WAS SET OR TIED.
MM INDICATES DATA IS MISSING.
T  INDICATES TRACE AMOUNT.

$$

EJL
