000
CXUS53 KILX 011849
CLMCMI


CLIMATE REPORT
NATIONAL WEATHER SERVICE LINCOLN IL
1246 PM CST SAT MAR 1 2014

...................................

...THE CHAMPAIGN IL AIRPORT CLIMATE SUMMARY FOR THE MONTH OF FEBRUARY 2014...

CLIMATE NORMAL PERIOD 1981 TO 2010
CLIMATE RECORD PERIOD 9999 TO 9999

WEATHER         OBSERVED          NORMAL  DEPART  LAST YEAR`S
                 VALUE   DATE(S)  VALUE   FROM    VALUE
                                          NORMAL
.............................................................
TEMPERATURE (F)
RECORD
 HIGH              MM   MM
 LOW               MM   MM
HIGHEST            58   02/20        MM      MM       54
LOWEST            -12   02/11        MM      MM        4
                        02/07
AVG. MAXIMUM     27.4              37.9   -10.5     37.6
AVG. MINIMUM      9.3              21.2   -11.9     22.1
MEAN             18.4              29.5   -11.1     29.8
DAYS MAX >= 90      0               0.0     0.0        0
DAYS MAX <= 32     19               7.9    11.1        8
DAYS MIN <= 32     27              24.5     2.5       26
DAYS MIN <= 0       6               1.3     4.7        0

PRECIPITATION (INCHES)
RECORD
 MAXIMUM           MM   MM
 MINIMUM           MM   MM
TOTALS           2.04              2.02    0.02     2.69
DAILY AVG.       0.09              0.07    0.02     0.10
DAYS >= .01         6                MM      MM        9
DAYS >= .10         4                MM      MM        5
DAYS >= .50         2                MM      MM        1
DAYS >= 1.00        0                MM      MM        1
GREATEST
 24 HR. TOTAL    0.90   01/31 TO 02/01              1.24

DEGREE_DAYS
HEATING TOTAL    1301               992     309      977
 SINCE 7/1       5081              4502     579     4161
COOLING TOTAL       0                 0       0        0
 SINCE 1/1          0                 0       0        0
..............................................................

WIND (MPH)
AVERAGE WIND SPEED              10.9
HIGHEST WIND SPEED/DIRECTION    40/250    DATE  02/20
HIGHEST GUST SPEED/DIRECTION    55/240    DATE  02/20

SKY COVER
POSSIBLE SUNSHINE (PERCENT)   MM
AVERAGE SKY COVER           0.40
NUMBER OF DAYS FAIR           14
NUMBER OF DAYS PC              8
NUMBER OF DAYS CLOUDY          6

AVERAGE RH (PERCENT)     76

WEATHER CONDITIONS. NUMBER OF DAYS WITH
THUNDERSTORM              0     MIXED PRECIP               0
HEAVY RAIN                2     RAIN                       3
LIGHT RAIN                3     FREEZING RAIN              2
LT FREEZING RAIN          1     HAIL                       0
HEAVY SNOW                2     SNOW                       5
LIGHT SNOW               15     SLEET                      1
FOG                      17     FOG W/VIS <= 1/4 MILE      6
HAZE                     12

-  INDICATES NEGATIVE NUMBERS.
R  INDICATES RECORD WAS SET OR TIED.
MM INDICATES DATA IS MISSING.
T  INDICATES TRACE AMOUNT.

$$
