000
CXUS53 KILX 040306 CCA
CLSCMI

CLIMATE REPORT
NATIONAL WEATHER SERVICE LINCOLN IL
921 AM CDT MON SEP 1 2014

...................................

...THE CHAMPAIGN IL AIRPORT CLIMATE SUMMARY FOR THE SUMMER SEASON,
FROM 6/1/2014 TO 8/31/2014...

CLIMATE NORMAL PERIOD 1981 TO 2010
CLIMATE RECORD PERIOD 9999 TO 9999

WEATHER         OBSERVED          NORMAL  DEPART  LAST YEAR`S
                 VALUE   DATE(S)  VALUE   FROM    VALUE
                                          NORMAL
.............................................................
TEMPERATURE (F)
RECORD
 HIGH              MM   MM
 LOW               MM   MM
HIGHEST            93   06/19        MM      MM       97
                        06/17
LOWEST             50   06/14        MM      MM       49
AVG. MAXIMUM     82.1              83.5    -1.4     82.5
AVG. MINIMUM     62.5              62.0     0.5     62.1
MEAN             72.3              72.7    -0.4     72.3
DAYS MAX >= 90      8              12.7    -4.7       11
DAYS MAX <= 32      0               0.0     0.0        0
DAYS MIN <= 32      0               0.0     0.0        0
DAYS MIN <= 0       0               0.0     0.0        0

PRECIPITATION (INCHES)
RECORD
 MAXIMUM           MM   MM
 MINIMUM           MM   MM
TOTALS          14.03             12.12    1.91     8.53
DAILY AVG.       0.15                               0.10
DAYS >= .01        38                MM      MM       20
DAYS >= .10        25                MM      MM       10
DAYS >= .50        11                MM      MM        3
DAYS >= 1.00        3                MM      MM        2
GREATEST
 24 HR. TOTAL    3.08   MM                          3.40

DEGREE_DAYS
HEATING TOTAL       9                25     -16       28
 SINCE 7/1          9                 9       0       15
COOLING TOTAL     704               735     -31      721
 SINCE 1/1        856               827      29      855

FREEZE DATES
RECORD
 EARLIEST     MM
 LATEST       MM
EARLIEST                        MM
LATEST                          MM
..............................................................

WIND (MPH)
AVERAGE WIND SPEED              8.1
HIGHEST WIND SPEED/DIRECTION    45/320    DATE  06/30
HIGHEST GUST SPEED/DIRECTION    59/330    DATE  06/30

SKY COVER
POSSIBLE SUNSHINE (PERCENT)   MM
AVERAGE SKY COVER           0.30
NUMBER OF DAYS FAIR           55
NUMBER OF DAYS PC             28
NUMBER OF DAYS CLOUDY          8

AVERAGE RH (PERCENT)     76

WEATHER CONDITIONS. NUMBER OF DAYS WITH
THUNDERSTORM             32     MIXED PRECIP               0
HEAVY RAIN               17     RAIN                      22
LIGHT RAIN               53     FREEZING RAIN              0
LT FREEZING RAIN          0     HAIL                       0
HEAVY SNOW                0     SNOW                       0
LIGHT SNOW                0     SLEET                      0
FOG                      63     FOG W/VIS <= 1/4 MILE     10
HAZE                     22

-  INDICATES NEGATIVE NUMBERS.
R  INDICATES RECORD WAS SET OR TIED.
MM INDICATES DATA IS MISSING.
T  INDICATES TRACE AMOUNT.

$$
