000
CXUS53 KILX 011619
CLSCMI

CHICLMCMI 000
TTAA00 KILX 011615


CLIMATE REPORT
NATIONAL WEATHER SERVICE LINCOLN IL
1019 AM CST THU MAR 1 2012

...................................

...THE CHAMPAIGN IL AIRPORT CLIMATE SUMMARY FOR THE SEASON, FROM
12/1/2011 TO 2/29/2012...

CLIMATE NORMAL PERIOD 1981 TO 2010
CLIMATE RECORD PERIOD 9999 TO 9999

WEATHER         OBSERVED          NORMAL  DEPART  LAST YEAR`S
                 VALUE   DATE(S)  VALUE   FROM    VALUE
                                          NORMAL
.............................................................
TEMPERATURE (F)
RECORD
 HIGH              MM   MM
 LOW               MM   MM
HIGHEST            66   02/29        MM      MM       63
LOWEST              2   01/14        MM      MM      -13
AVG. MAXIMUM     42.9              35.9     7.0     31.7
AVG. MINIMUM     25.5              19.9     5.6     16.7
MEAN             34.2              27.9     6.3     24.2
DAYS MAX >= 90      0               0.0     0.0        0
DAYS MAX <= 32     11              31.9   -20.9       52
DAYS MIN <= 32     74              77.7    -3.7       83
DAYS MIN <= 0       0               6.1    -6.1       10

PRECIPITATION (INCHES)
RECORD
 MAXIMUM           MM   MM
 MINIMUM           MM   MM
TOTALS           6.47              6.59   -0.12     3.98
DAILY AVG.       0.07                               0.05
DAYS >= .01        31                MM      MM       MM
DAYS >= .10        17                MM      MM       MM
DAYS >= .50         4                MM      MM       MM
DAYS >= 1.00        1                MM      MM       MM
GREATEST
 24 HR. TOTAL    1.01   MM                        999.00

DEGREE_DAYS
HEATING TOTAL    2785              3338    -553     3659
 SINCE 7/1       3800              4533    -733     4648
COOLING TOTAL       0                 0       0        0
 SINCE 1/1          0                 0       0        0

FREEZE DATES
RECORD
 EARLIEST     MM
 LATEST       MM
EARLIEST                        MM
LATEST                          MM
..............................................................

WIND (MPH)
AVERAGE WIND SPEED              11.6
HIGHEST WIND SPEED/DIRECTION    44/230    DATE  02/29
HIGHEST GUST SPEED/DIRECTION    58/230    DATE  02/29

SKY COVER
POSSIBLE SUNSHINE (PERCENT)   MM
AVERAGE SKY COVER           0.50
NUMBER OF DAYS FAIR           36
NUMBER OF DAYS PC             23
NUMBER OF DAYS CLOUDY         32

AVERAGE RH (PERCENT)     77

WEATHER CONDITIONS. NUMBER OF DAYS WITH
THUNDERSTORM              0     MIXED PRECIP               1
HEAVY RAIN                5     RAIN                      12
LIGHT RAIN               27     FREEZING RAIN              1
LT FREEZING RAIN          4     HAIL                       1
HEAVY SNOW                1     SNOW                       5
LIGHT SNOW               22     SLEET                      1
FOG                      55     FOG W/VIS <= 1/4 MILE     16
HAZE                     12

-  INDICATES NEGATIVE NUMBERS.
R  INDICATES RECORD WAS SET OR TIED.
MM INDICATES DATA IS MISSING.
T  INDICATES TRACE AMOUNT.

&&

PRECIPITATION TOTALS MAY BE INCORRECT DUE TO MISSING DATA

$$
