000
CXUS53 KILX 020347
CLSCMI

CLIMATE REPORT
NATIONAL WEATHER SERVICE LINCOLN IL
1046 PM CDT SAT JUN 1 2013

...................................

...THE CHAMPAIGN IL AIRPORT CLIMATE SUMMARY FOR THE SEASON, FROM
3/1/2013 TO 5/31/2013...

CLIMATE NORMAL PERIOD 1981 TO 2010
CLIMATE RECORD PERIOD 9999 TO 9999

WEATHER         OBSERVED          NORMAL  DEPART  LAST YEAR`S
                 VALUE   DATE(S)  VALUE   FROM    VALUE
                                          NORMAL
.............................................................
TEMPERATURE (F)
RECORD
 HIGH              MM   MM
 LOW               MM   MM
HIGHEST            91   05/20        MM      MM       95
                        05/19
LOWEST             12   03/21        MM      MM       18
AVG. MAXIMUM     60.0              63.2    -3.2     72.7
AVG. MINIMUM     40.3              40.5    -0.2     46.7
MEAN             50.1              51.8    -1.7     59.7
DAYS MAX >= 90      3               1.6     1.4        8
DAYS MAX <= 32      4               1.6     2.4        0
DAYS MIN <= 32     30              25.4     4.6       12
DAYS MIN <= 0       0               0.0     0.0        0

PRECIPITATION (INCHES)
RECORD
 MAXIMUM           MM   MM
 MINIMUM           MM   MM
TOTALS          10.62             11.09   -0.47     6.30
DAILY AVG.       0.12                               0.07
DAYS >= .01        33                MM      MM       26
DAYS >= .10        19                MM      MM       16
DAYS >= .50         6                MM      MM        3
DAYS >= 1.00        2                MM      MM        0
GREATEST
 24 HR. TOTAL    2.17   MM                          0.79

DEGREE_DAYS
HEATING TOTAL    1477              1304     173      681
 SINCE 7/1       5638              5806    -168     4481
COOLING TOTAL     134                92      42      226
 SINCE 1/1        134                92      42      226

FREEZE DATES
RECORD
 EARLIEST     MM
 LATEST       MM
EARLIEST                        MM
LATEST                          MM
..............................................................

WIND (MPH)
AVERAGE WIND SPEED              11.9
HIGHEST WIND SPEED/DIRECTION    39/210    DATE  05/30
HIGHEST GUST SPEED/DIRECTION    62/190    DATE  05/30

SKY COVER
POSSIBLE SUNSHINE (PERCENT)   MM
AVERAGE SKY COVER           0.50
NUMBER OF DAYS FAIR           39
NUMBER OF DAYS PC             26
NUMBER OF DAYS CLOUDY         27

AVERAGE RH (PERCENT)     70

WEATHER CONDITIONS. NUMBER OF DAYS WITH
THUNDERSTORM             15     MIXED PRECIP               0
HEAVY RAIN               12     RAIN                      16
LIGHT RAIN               41     FREEZING RAIN              0
LT FREEZING RAIN          0     HAIL                       1
HEAVY SNOW                1     SNOW                       3
LIGHT SNOW               13     SLEET                      0
FOG                      50     FOG W/VIS <= 1/4 MILE      5
HAZE                     19

-  INDICATES NEGATIVE NUMBERS.
R  INDICATES RECORD WAS SET OR TIED.
MM INDICATES DATA IS MISSING.
T  INDICATES TRACE AMOUNT.

&&

PRECIPITATION TOTALS INCOMPLETE DUE TO MISSING DATA

$$
GEELHART
