000
CXUS53 KILX 011509
CLSCMI

CHICLMCMI 000
TTAA00 KILX 011507


CLIMATE REPORT
NATIONAL WEATHER SERVICE LINCOLN IL
1003 AM CDT FRI JUN 1 2012

...................................

...THE CHAMPAIGN IL AIRPORT CLIMATE SUMMARY FOR THE SEASON, FROM
3/1/2012 TO 5/31/2012...

CLIMATE NORMAL PERIOD 1981 TO 2010
CLIMATE RECORD PERIOD 9999 TO 9999

WEATHER         OBSERVED          NORMAL  DEPART  LAST YEAR`S
                 VALUE   DATE(S)  VALUE   FROM    VALUE
                                          NORMAL
.............................................................
TEMPERATURE (F)
RECORD
 HIGH              MM   MM
 LOW               MM   MM
HIGHEST            95   05/27        MM      MM       92
                        05/26
LOWEST             18   03/05        MM      MM       25
AVG. MAXIMUM     72.7              63.2     9.5     63.4
AVG. MINIMUM     46.7              40.5     6.2     42.8
MEAN             59.7              51.8     7.9     53.1
DAYS MAX >= 90      8               1.6     6.4        5
DAYS MAX <= 32      0               1.6    -1.6        0
DAYS MIN <= 32     12              25.4   -13.4       23
DAYS MIN <= 0       0               0.0     0.0        0

PRECIPITATION (INCHES)
RECORD
 MAXIMUM           MM   MM
 MINIMUM           MM   MM
TOTALS           6.30             11.09   -4.79    12.78
DAILY AVG.       0.07                               0.14
DAYS >= .01        26                MM      MM       37
DAYS >= .10        16                MM      MM       25
DAYS >= .50         3                MM      MM        7
DAYS >= 1.00        0                MM      MM        4
GREATEST
 24 HR. TOTAL    0.79   MM                          2.09

DEGREE_DAYS
HEATING TOTAL     681              1304    -623     1211
 SINCE 7/1       4481              5806   -1325     5859
COOLING TOTAL     226                92     134      139
 SINCE 1/1        226                92     134      139

FREEZE DATES
RECORD
 EARLIEST     MM
 LATEST       MM
EARLIEST                        MM
LATEST                          MM
..............................................................

WIND (MPH)
AVERAGE WIND SPEED              11.8
HIGHEST WIND SPEED/DIRECTION    43/190    DATE  03/07
HIGHEST GUST SPEED/DIRECTION    53/180    DATE  03/07

SKY COVER
POSSIBLE SUNSHINE (PERCENT)   MM
AVERAGE SKY COVER           0.20
NUMBER OF DAYS FAIR           61
NUMBER OF DAYS PC             27
NUMBER OF DAYS CLOUDY          4

AVERAGE RH (PERCENT)     61

WEATHER CONDITIONS. NUMBER OF DAYS WITH
THUNDERSTORM             15     MIXED PRECIP               0
HEAVY RAIN               12     RAIN                      14
LIGHT RAIN               30     FREEZING RAIN              0
LT FREEZING RAIN          0     HAIL                       1
HEAVY SNOW                0     SNOW                       0
LIGHT SNOW                2     SLEET                      0
FOG                      32     FOG W/VIS <= 1/4 MILE      4
HAZE                     22

-  INDICATES NEGATIVE NUMBERS.
R  INDICATES RECORD WAS SET OR TIED.
MM INDICATES DATA IS MISSING.
T  INDICATES TRACE AMOUNT.

$$
