000
CXUS53 KILX 030219
CLSCMI

CLIMATE REPORT
NATIONAL WEATHER SERVICE LINCOLN IL
1038 AM CST THU DEC 1 2011

...................................

...THE CHAMPAIGN IL AIRPORT CLIMATE SUMMARY FOR THE SEASON, FROM
9/1/2011 TO 11/30/2011...

CLIMATE NORMAL PERIOD 1981 TO 2010
CLIMATE RECORD PERIOD 9999 TO 9999

WEATHER         OBSERVED          NORMAL  DEPART  LAST YEAR`S
                 VALUE   DATE(S)  VALUE   FROM    VALUE
                                          NORMAL
.............................................................
TEMPERATURE (F)
RECORD
 HIGH              MM   MM
 LOW               MM   MM
HIGHEST            99   09/01        MM      MM       97
LOWEST             22   11/30        MM      MM       19
                        11/17
AVG. MAXIMUM     65.8              64.8     1.0     68.6
AVG. MINIMUM     43.3              42.4     0.9     42.4
MEAN             54.6              53.6     1.0     55.5
DAYS MAX >= 90      3               1.6     1.4        4
DAYS MAX <= 32      0               1.2    -1.2        0
DAYS MIN <= 32     15              20.4    -5.4       21
DAYS MIN <= 0       0               0.0     0.0        0

PRECIPITATION (INCHES)
RECORD
 MAXIMUM           MM   MM
 MINIMUM           MM   MM
TOTALS           8.65              9.92   -1.27     7.57
DAILY AVG.       0.09                               0.08
DAYS >= .01        29                MM      MM       22
DAYS >= .10        21                MM      MM       13
DAYS >= .50         5                MM      MM        5
DAYS >= 1.00        1                MM      MM        3
GREATEST
 24 HR. TOTAL    1.24   MM                          1.52

DEGREE_DAYS
HEATING TOTAL    1015              1155    -140      989
 SINCE 7/1       1015              1164    -149      989
COOLING TOTAL      92               117     -25      147
 SINCE 1/1       1222               945     277     1334

FREEZE DATES
RECORD
 EARLIEST     MM
 LATEST       MM
EARLIEST                        MM
LATEST                          MM
..............................................................

WIND (MPH)
AVERAGE WIND SPEED              9.9
HIGHEST WIND SPEED/DIRECTION    41/210    DATE  11/13
HIGHEST GUST SPEED/DIRECTION    54/190    DATE  11/13

SKY COVER
POSSIBLE SUNSHINE (PERCENT)   MM
AVERAGE SKY COVER           0.40
NUMBER OF DAYS FAIR           45
NUMBER OF DAYS PC             25
NUMBER OF DAYS CLOUDY         21

AVERAGE RH (PERCENT)     70

WEATHER CONDITIONS. NUMBER OF DAYS WITH
THUNDERSTORM              0     MIXED PRECIP               0
HEAVY RAIN               12     RAIN                      22
LIGHT RAIN               41     FREEZING RAIN              0
LT FREEZING RAIN          0     HAIL                       0
HEAVY SNOW                0     SNOW                       0
LIGHT SNOW                2     SLEET                      0
FOG                      51     FOG W/VIS <= 1/4 MILE      7
HAZE                     14

-  INDICATES NEGATIVE NUMBERS.
R  INDICATES RECORD WAS SET OR TIED.
MM INDICATES DATA IS MISSING.
T  INDICATES TRACE AMOUNT.

$$
