402
CXUS53 KILX 011638
CLSCMI

CLIMATE REPORT
NATIONAL WEATHER SERVICE LINCOLN IL
1038 AM CST TUE DEC 1 2015

...................................

...THE CHAMPAIGN IL AIRPORT CLIMATE SUMMARY FOR THE SEASON, FROM
9/1/2015 TO 11/30/2015...

CLIMATE NORMAL PERIOD 1981 TO 2010
CLIMATE RECORD PERIOD 9999 TO 9999

WEATHER         OBSERVED          NORMAL  DEPART  LAST YEAR`S
                 VALUE   DATE(S)  VALUE   FROM    VALUE
                                          NORMAL
.............................................................
TEMPERATURE (F)
RECORD
 HIGH              MM   MM
 LOW               MM   MM
HIGHEST            95   09/06        MM      MM       92
LOWEST              7   11/22        MM      MM        8
AVG. MAXIMUM     69.3              64.8     4.5     61.4
AVG. MINIMUM     46.1              42.4     3.7     40.6
MEAN             57.7              53.6     4.1     51.0
DAYS MAX >= 90      7               1.6     5.4        1
DAYS MAX <= 32      1               1.2    -0.2        7
DAYS MIN <= 32     13              20.4    -7.4       22
DAYS MIN <= 0       0               0.0     0.0        0

PRECIPITATION (INCHES)
RECORD
 MAXIMUM           MM   MM
 MINIMUM           MM   MM
TOTALS          11.40              9.92    1.48     8.82
DAILY AVG.       0.13                               0.10
DAYS >= .01        24                MM      MM       27
DAYS >= .10        16                MM      MM       17
DAYS >= .50        10                MM      MM        7
DAYS >= 1.00        6                MM      MM        1
GREATEST
 24 HR. TOTAL    1.71   MM                          1.52

DEGREE_DAYS
HEATING TOTAL     861              1155    -294     1341
 SINCE 7/1        867              1164    -297     1350
COOLING TOTAL     221               117     104       92
 SINCE 1/1       1085               945     140      948

FREEZE DATES
RECORD
 EARLIEST     MM
 LATEST       MM
EARLIEST                        MM
LATEST                          MM
..............................................................

WIND (MPH)
AVERAGE WIND SPEED              10.0
HIGHEST WIND SPEED/DIRECTION    39/150    DATE  11/11
HIGHEST GUST SPEED/DIRECTION    51/170    DATE  11/11

SKY COVER
POSSIBLE SUNSHINE (PERCENT)   MM
AVERAGE SKY COVER           0.30
NUMBER OF DAYS FAIR           57
NUMBER OF DAYS PC             23
NUMBER OF DAYS CLOUDY         11

AVERAGE RH (PERCENT)     67

WEATHER CONDITIONS. NUMBER OF DAYS WITH
THUNDERSTORM              7     MIXED PRECIP               0
HEAVY RAIN               12     RAIN                      16
LIGHT RAIN               28     FREEZING RAIN              0
LT FREEZING RAIN          0     HAIL                       0
HEAVY SNOW                1     SNOW                       1
LIGHT SNOW                1     SLEET                      0
FOG                      40     FOG W/VIS <= 1/4 MILE      8
HAZE                     18

-  INDICATES NEGATIVE NUMBERS.
R  INDICATES RECORD WAS SET OR TIED.
MM INDICATES DATA IS MISSING.
T  INDICATES TRACE AMOUNT.

$$
