000
CXUS53 KILX 011315
CLSCMI

CHICLMCMI 000
TTAA00 KILX 011230


CLIMATE REPORT
NATIONAL WEATHER SERVICE LINCOLN IL
619 AM CST WED MAR 1 2017

...................................

...THE CHAMPAIGN IL AIRPORT CLIMATE SUMMARY FOR THE SEASON, FROM
12/1/2016 TO 2/28/2017...

CLIMATE NORMAL PERIOD 1981 TO 2010
CLIMATE RECORD PERIOD 9999 TO 9999

WEATHER         OBSERVED          NORMAL  DEPART  LAST YEAR`S
                 VALUE   DATE(S)  VALUE   FROM    VALUE
                                          NORMAL
.............................................................
TEMPERATURE (F)
RECORD
 HIGH              MM   MM
 LOW               MM   MM
HIGHEST            72   02/20        MM      MM       70
LOWEST             -5   01/06        MM      MM        0
AVG. MAXIMUM     42.7              35.9     6.8     41.7
AVG. MINIMUM     25.4              19.9     5.5     25.9
MEAN             34.0              27.9     6.1     33.8
DAYS MAX >= 90      0               0.0     0.0        0
DAYS MAX <= 32     21              31.9   -10.9       22
DAYS MIN <= 32     65              77.7   -12.7       66
DAYS MIN <= 0       5               6.1    -1.1        1

PRECIPITATION (INCHES)
RECORD
 MAXIMUM           MM   MM
 MINIMUM           MM   MM
TOTALS           3.89              6.59   -2.70     8.33
DAILY AVG.       0.04                               0.09
DAYS >= .01        27                MM      MM       20
DAYS >= .10        12                MM      MM       13
DAYS >= .50         1                MM      MM        4
DAYS >= 1.00        0                MM      MM        2
GREATEST
 24 HR. TOTAL    1.17   MM                          2.63

DEGREE_DAYS
HEATING TOTAL    2786              3338    -552     2820
 SINCE 7/1       3519              4502    -983     3687
COOLING TOTAL       0                 0       0        0
 SINCE 1/1          0                 0       0        0

FREEZE DATES
RECORD
 EARLIEST     MM
 LATEST       MM
EARLIEST                        MM
LATEST                          MM
..............................................................

WIND (MPH)
AVERAGE WIND SPEED              12.4
HIGHEST WIND SPEED/DIRECTION    46/270    DATE  01/10
HIGHEST GUST SPEED/DIRECTION    58/280    DATE  01/10

SKY COVER
POSSIBLE SUNSHINE (PERCENT)   MM
AVERAGE SKY COVER           0.60
NUMBER OF DAYS FAIR           32
NUMBER OF DAYS PC             28
NUMBER OF DAYS CLOUDY         30

AVERAGE RH (PERCENT)     74

WEATHER CONDITIONS. NUMBER OF DAYS WITH
THUNDERSTORM              5     MIXED PRECIP               0
HEAVY RAIN                5     RAIN                      10
LIGHT RAIN               27     FREEZING RAIN              1
LT FREEZING RAIN          4     HAIL                       0
HEAVY SNOW                3     SNOW                       5
LIGHT SNOW               19     SLEET                      1
FOG                      48     FOG W/VIS <= 1/4 MILE     18
HAZE                     24

-  INDICATES NEGATIVE NUMBERS.
R  INDICATES RECORD WAS SET OR TIED.
MM INDICATES DATA IS MISSING.
T  INDICATES TRACE AMOUNT.

$$
