000
CXUS53 KILX 011419 RRA
CLSCMI

CHICLMCMI 000
TTAA00 KILX 011416


CLIMATE REPORT
NATIONAL WEATHER SERVICE LINCOLN IL
908 AM CDT WED JUN 1 2016

...................................

...THE CHAMPAIGN IL AIRPORT CLIMATE SUMMARY FOR THE SEASON, FROM
3/1/2016 TO 5/31/2016...

CLIMATE NORMAL PERIOD 1981 TO 2010
CLIMATE RECORD PERIOD 9999 TO 9999

WEATHER         OBSERVED          NORMAL  DEPART  LAST YEAR`S
                 VALUE   DATE(S)  VALUE   FROM    VALUE
                                          NORMAL
.............................................................
TEMPERATURE (F)
RECORD
 HIGH              MM   MM
 LOW               MM   MM
HIGHEST            89   05/31        MM      MM       88
                        05/30
LOWEST             15   03/02        MM      MM       -9
AVG. MAXIMUM     65.6              63.2     2.4     63.7
AVG. MINIMUM     42.8              40.5     2.3     41.2
MEAN             54.2              51.8     2.4     52.4
DAYS MAX >= 90      0               1.6    -1.6        0
DAYS MAX <= 32      0               1.6    -1.6        4
DAYS MIN <= 32     20              25.4    -5.4       24
DAYS MIN <= 0       0               0.0     0.0        2

PRECIPITATION (INCHES)
RECORD
 MAXIMUM           MM   MM
 MINIMUM           MM   MM
TOTALS           8.85             11.09   -2.24     9.74
DAILY AVG.       0.10                               0.11
DAYS >= .01        38                MM      MM       36
DAYS >= .10        24                MM      MM       21
DAYS >= .50         7                MM      MM        5
DAYS >= 1.00        0                MM      MM        2
GREATEST
 24 HR. TOTAL    1.14   MM                          2.59

DEGREE_DAYS
HEATING TOTAL    1072              1304    -232     1291
 SINCE 7/1       4759              5806   -1047     6167
COOLING TOTAL     100                92       8      154
 SINCE 1/1        100                92       8      154

FREEZE DATES
RECORD
 EARLIEST     MM
 LATEST       MM
EARLIEST                        MM
LATEST                          MM
..............................................................

WIND (MPH)
AVERAGE WIND SPEED              11.5
HIGHEST WIND SPEED/DIRECTION    47/280    DATE  04/02
HIGHEST GUST SPEED/DIRECTION    55/280    DATE  04/02

SKY COVER
POSSIBLE SUNSHINE (PERCENT)   MM
AVERAGE SKY COVER           0.40
NUMBER OF DAYS FAIR           38
NUMBER OF DAYS PC             34
NUMBER OF DAYS CLOUDY         20

AVERAGE RH (PERCENT)     68

WEATHER CONDITIONS. NUMBER OF DAYS WITH
THUNDERSTORM             13     MIXED PRECIP               0
HEAVY RAIN               12     RAIN                      18
LIGHT RAIN               45     FREEZING RAIN              0
LT FREEZING RAIN          0     HAIL                       0
HEAVY SNOW                0     SNOW                       1
LIGHT SNOW                3     SLEET                      1
FOG                      46     FOG W/VIS <= 1/4 MILE     10
HAZE                     14

-  INDICATES NEGATIVE NUMBERS.
R  INDICATES RECORD WAS SET OR TIED.
MM INDICATES DATA IS MISSING.
T  INDICATES TRACE AMOUNT.

$$
