000
CXUS53 KILX 021733
CLSCMI

CHICLMCMI 000
TTAA00 KILX 011622


CLIMATE REPORT
NATIONAL WEATHER SERVICE LINCOLN IL
1008 AM CST SUN DEC 1 2013

...................................

...THE CHAMPAIGN IL AIRPORT CLIMATE SUMMARY FOR THE FALL SEASON,
FROM 9/1/2013 TO 11/30/2013...

CLIMATE NORMAL PERIOD 1981 TO 2010
CLIMATE RECORD PERIOD 9999 TO 9999

WEATHER         OBSERVED          NORMAL  DEPART  LAST YEAR`S
                 VALUE   DATE(S)  VALUE   FROM    VALUE
                                          NORMAL
.............................................................
TEMPERATURE (F)
RECORD
 HIGH              MM   MM
 LOW               MM   MM
HIGHEST            98   09/10        MM      MM       91
LOWEST              9   11/24        MM      MM       18
AVG. MAXIMUM     65.9              64.8     1.1     63.6
AVG. MINIMUM     42.4              42.4     0.0     42.0
MEAN             54.2              53.6     0.6     52.8
DAYS MAX >= 90      4               1.6     2.4        1
DAYS MAX <= 32      3               1.2     1.8        1
DAYS MIN <= 32     28              20.4     7.6       27
DAYS MIN <= 0       0               0.0     0.0        0

PRECIPITATION (INCHES)
RECORD
 MAXIMUM           MM   MM
 MINIMUM           MM   MM
TOTALS           5.68              9.92   -4.24    11.30
DAILY AVG.       0.06                               0.13
DAYS >= .01        26                MM      MM       28
DAYS >= .10         9                MM      MM       21
DAYS >= .50         2                MM      MM        9
DAYS >= 1.00        2                MM      MM        1
GREATEST
 24 HR. TOTAL    1.65   MM                          3.05

DEGREE_DAYS
HEATING TOTAL    1179              1155      24     1191
 SINCE 7/1       1194              1164      30     1193
COOLING TOTAL     214               117      97      104
 SINCE 1/1       1069               945     124     1290

FREEZE DATES
RECORD
 EARLIEST     MM
 LATEST       MM
EARLIEST                        MM
LATEST                          MM
..............................................................

WIND (MPH)
AVERAGE WIND SPEED              8.8
HIGHEST WIND SPEED/DIRECTION    46/270    DATE  11/17
HIGHEST GUST SPEED/DIRECTION    59/260    DATE  11/17

SKY COVER
POSSIBLE SUNSHINE (PERCENT)   MM
AVERAGE SKY COVER           0.30
NUMBER OF DAYS FAIR           60
NUMBER OF DAYS PC             20
NUMBER OF DAYS CLOUDY         11

AVERAGE RH (PERCENT)     70

WEATHER CONDITIONS. NUMBER OF DAYS WITH
THUNDERSTORM              4     MIXED PRECIP               2
HEAVY RAIN                4     RAIN                      13
LIGHT RAIN               33     FREEZING RAIN              0
LT FREEZING RAIN          0     HAIL                       0
HEAVY SNOW                0     SNOW                       0
LIGHT SNOW                4     SLEET                      0
FOG                      34     FOG W/VIS <= 1/4 MILE      5
HAZE                      9

-  INDICATES NEGATIVE NUMBERS.
R  INDICATES RECORD WAS SET OR TIED.
MM INDICATES DATA IS MISSING.
T  INDICATES TRACE AMOUNT.

$$

JRP
