000
CXUS53 KILX 011441
CLSCMI

CHICLMCMI 000
TTAA00 KILX 011439


CLIMATE REPORT
NATIONAL WEATHER SERVICE LINCOLN IL
931 AM CDT SUN JUN 1 2014

...................................

...THE CHAMPAIGN IL AIRPORT CLIMATE SUMMARY FOR THE SEASON, FROM
3/1/2014 TO 5/31/2014...

CLIMATE NORMAL PERIOD 1981 TO 2010
CLIMATE RECORD PERIOD 9999 TO 9999

WEATHER         OBSERVED          NORMAL  DEPART  LAST YEAR`S
                 VALUE   DATE(S)  VALUE   FROM    VALUE
                                          NORMAL
.............................................................
TEMPERATURE (F)
RECORD
 HIGH              MM   MM
 LOW               MM   MM
HIGHEST            92   05/08        MM      MM       91
LOWEST              1   03/03        MM      MM       12
AVG. MAXIMUM     62.6              63.2    -0.6     60.0
AVG. MINIMUM     39.6              40.5    -0.9     40.3
MEAN             51.1              51.8    -0.7     50.1
DAYS MAX >= 90      3               1.6     1.4        3
DAYS MAX <= 32      4               1.6     2.4        4
DAYS MIN <= 32     30              25.4     4.6       30
DAYS MIN <= 0       0               0.0     0.0        0

PRECIPITATION (INCHES)
RECORD
 MAXIMUM           MM   MM
 MINIMUM           MM   MM
TOTALS          11.79             11.09    0.70    10.62
DAILY AVG.       0.13                               0.12
DAYS >= .01        33                MM      MM       33
DAYS >= .10        20                MM      MM       19
DAYS >= .50         7                MM      MM        6
DAYS >= 1.00        2                MM      MM        2
GREATEST
 24 HR. TOTAL    3.76   MM                          2.17

DEGREE_DAYS
HEATING TOTAL    1405              1304     101     1477
 SINCE 7/1       6486              5806     680     5638
COOLING TOTAL     152                92      60      134
 SINCE 1/1        152                92      60      134

FREEZE DATES
RECORD
 EARLIEST     MM
 LATEST       MM
EARLIEST                        MM
LATEST                          MM
..............................................................

WIND (MPH)
AVERAGE WIND SPEED              12.4
HIGHEST WIND SPEED/DIRECTION    52/280    DATE  05/21
HIGHEST GUST SPEED/DIRECTION    64/290    DATE  05/21

SKY COVER
POSSIBLE SUNSHINE (PERCENT)   MM
AVERAGE SKY COVER           0.40
NUMBER OF DAYS FAIR           54
NUMBER OF DAYS PC             20
NUMBER OF DAYS CLOUDY         18

AVERAGE RH (PERCENT)     66

WEATHER CONDITIONS. NUMBER OF DAYS WITH
THUNDERSTORM              0     MIXED PRECIP               0
HEAVY RAIN               12     RAIN                      22
LIGHT RAIN               40     FREEZING RAIN              0
LT FREEZING RAIN          2     HAIL                       1
HEAVY SNOW                0     SNOW                       1
LIGHT SNOW                4     SLEET                      0
FOG                      46     FOG W/VIS <= 1/4 MILE      1
HAZE                     20

-  INDICATES NEGATIVE NUMBERS.
R  INDICATES RECORD WAS SET OR TIED.
MM INDICATES DATA IS MISSING.
T  INDICATES TRACE AMOUNT.

$$
