000
CXUS53 KILX 012325 CCA
CLSCMI

CLIMATE REPORT
NATIONAL WEATHER SERVICE LINCOLN IL
525 PM CST TUE MAR 1 2016

...CORRECTED THUNDERSTORM DAYS...

...................................

...THE CHAMPAIGN IL AIRPORT CLIMATE SUMMARY FOR THE SEASON, FROM
12/1/2015 TO 2/29/2016...

CLIMATE NORMAL PERIOD 1981 TO 2010
CLIMATE RECORD PERIOD 9999 TO 9999

WEATHER         OBSERVED          NORMAL  DEPART  LAST YEAR`S
                 VALUE   DATE(S)  VALUE   FROM    VALUE
                                          NORMAL
.............................................................
TEMPERATURE (F)
RECORD
 HIGH              MM   MM
 LOW               MM   MM
HIGHEST            70   02/20        MM      MM       54
LOWEST              0   01/18        MM      MM      -14
AVG. MAXIMUM     41.7              35.9     5.8     33.1
AVG. MINIMUM     25.9              19.9     6.0     17.6
MEAN             33.8              27.9     5.9     25.3
DAYS MAX >= 90      0               0.0     0.0        0
DAYS MAX <= 32     22              31.9    -9.9       39
DAYS MIN <= 32     66              77.7   -11.7       79
DAYS MIN <= 0       1               6.1    -5.1       12

PRECIPITATION (INCHES)
RECORD
 MAXIMUM           MM   MM
 MINIMUM           MM   MM
TOTALS           8.33              6.59    1.74       MM
DAILY AVG.       0.09                                 MM
DAYS >= .01        20                MM      MM       MM
DAYS >= .10        13                MM      MM       MM
DAYS >= .50         4                MM      MM       MM
DAYS >= 1.00        2                MM      MM        0
GREATEST
 24 HR. TOTAL    2.63   MM                            MM

DEGREE_DAYS
HEATING TOTAL    2820              3338    -518     3526
 SINCE 7/1       3687              4533    -846     4876
COOLING TOTAL       0                 0       0        0
 SINCE 1/1          0                 0       0        0

FREEZE DATES
RECORD
 EARLIEST     MM
 LATEST       MM
EARLIEST                        MM
LATEST                          MM
..............................................................

WIND (MPH)
AVERAGE WIND SPEED              13.1
HIGHEST WIND SPEED/DIRECTION    43/330    DATE  02/24
HIGHEST GUST SPEED/DIRECTION    56/340    DATE  02/24

SKY COVER
POSSIBLE SUNSHINE (PERCENT)   MM
AVERAGE SKY COVER           0.50
NUMBER OF DAYS FAIR           28
NUMBER OF DAYS PC             31
NUMBER OF DAYS CLOUDY         32

AVERAGE RH (PERCENT)     77

WEATHER CONDITIONS. NUMBER OF DAYS WITH
THUNDERSTORM              4     MIXED PRECIP               0
HEAVY RAIN                7     RAIN                      12
LIGHT RAIN               24     FREEZING RAIN              0
LT FREEZING RAIN          2     HAIL                       0
HEAVY SNOW                0     SNOW                       4
LIGHT SNOW               19     SLEET                      0
FOG                      56     FOG W/VIS <= 1/4 MILE     15
HAZE                     13

-  INDICATES NEGATIVE NUMBERS.
R  INDICATES RECORD WAS SET OR TIED.
MM INDICATES DATA IS MISSING.
T  INDICATES TRACE AMOUNT.

$$
