539
CXUS53 KILX 011752 RRA
CLSCMI

CLIMATE REPORT
NATIONAL WEATHER SERVICE LINCOLN IL
1120 AM CST THU DEC 1 2016

...................................

...THE CHAMPAIGN IL AIRPORT CLIMATE SUMMARY FOR THE SEASON, FROM
9/1/2016 TO 11/30/2016...

CLIMATE NORMAL PERIOD 1981 TO 2010
CLIMATE RECORD PERIOD 9999 TO 9999

WEATHER         OBSERVED          NORMAL  DEPART  LAST YEAR`S
                 VALUE   DATE(S)  VALUE   FROM    VALUE
                                          NORMAL
.............................................................
TEMPERATURE (F)
RECORD
 HIGH              MM   MM
 LOW               MM   MM
HIGHEST            92   09/25        MM      MM       95
                        09/22
                        09/23
LOWEST             22   11/21        MM      MM        7
                        11/20
AVG. MAXIMUM     70.4              64.8     5.6     69.3
AVG. MINIMUM     48.9              42.4     6.5     46.1
MEAN             59.7              53.6     6.1     57.7
DAYS MAX >= 90      8               1.6     6.4        7
DAYS MAX <= 32      0               1.2    -1.2        1
DAYS MIN <= 32      9              20.4   -11.4       13
DAYS MIN <= 0       0               0.0     0.0        0

PRECIPITATION (INCHES)
RECORD
 MAXIMUM           MM   MM
 MINIMUM           MM   MM
TOTALS          11.11              9.92    1.19    11.40
DAILY AVG.       0.12                               0.13
DAYS >= .01        26                MM      MM       24
DAYS >= .10        20                MM      MM       16
DAYS >= .50         5                MM      MM       10
DAYS >= 1.00        2                MM      MM        6
GREATEST
 24 HR. TOTAL    3.16   MM                          1.71

DEGREE_DAYS
HEATING TOTAL     725              1155    -430      861
 SINCE 7/1        733              1164    -431      867
COOLING TOTAL     263               117     146      221
 SINCE 1/1       1284               945     339     1085

FREEZE DATES
RECORD
 EARLIEST     MM
 LATEST       MM
EARLIEST                        MM
LATEST                          MM
..............................................................

WIND (MPH)
AVERAGE WIND SPEED              9.4
HIGHEST WIND SPEED/DIRECTION    36/280    DATE  11/19
HIGHEST GUST SPEED/DIRECTION    45/230    DATE  11/18

SKY COVER
POSSIBLE SUNSHINE (PERCENT)   MM
AVERAGE SKY COVER           0.30
NUMBER OF DAYS FAIR           58
NUMBER OF DAYS PC             20
NUMBER OF DAYS CLOUDY         13

AVERAGE RH (PERCENT)     71

WEATHER CONDITIONS. NUMBER OF DAYS WITH
THUNDERSTORM             13     MIXED PRECIP               0
HEAVY RAIN               17     RAIN                      17
LIGHT RAIN               31     FREEZING RAIN              0
LT FREEZING RAIN          0     HAIL                       0
HEAVY SNOW                0     SNOW                       0
LIGHT SNOW                0     SLEET                      0
FOG                      41     FOG W/VIS <= 1/4 MILE      7
HAZE                     15

-  INDICATES NEGATIVE NUMBERS.
R  INDICATES RECORD WAS SET OR TIED.
MM INDICATES DATA IS MISSING.
T  INDICATES TRACE AMOUNT.

$$
