000
CXUS53 KARX 041209
CF6CMY
PRELIMINARY LOCAL CLIMATOLOGICAL DATA (WS FORM: F-6)
STATION: SPARTA - FORT MCCOY WI
MONTH: APRIL
YEAR: 2022
LATITUDE: 43 58 N
LONGITUDE: 90 44 W
TEMPERATURE IN F: :PCPN: SNOW: WIND :SUNSHINE: SKY :PK WND
================================================================================
1 2 3 4 5 6A 6B 7 8 9 10 11 12 13 14 15 16 17 18
12Z AVG MX 2MIN
DY MAX MIN AVG DEP HDD CDD WTR SNW DPTH SPD SPD DIR MIN PSBL S-S WX SPD DR
================================================================================
1 49 14 32 M 33 0 0.00 0.0 0 3.4 9 240 M M 2 8 M M
2 46 30 38 M 27 0 0.31 M M 3.0 9 340 M M 7 1 M M
3 48 22 35 M 30 0 0.06 0.0 0 3.6 12 230 M M 5 18 17 230
4 45 31 38 M 27 0 T 0.0 0 5.3 9 330 M M 9 1 M M
5 54 33 44 M 21 0 0.08 0.0 0 9.8 15 130 M M 9 1 35 260
6 44 37 41 M 24 0 0.06 0.0 0 12.9 18 230 M M 8 1 35 230
7 42 30 36 M 29 0 0.08 M M 9.3 16 320 M M 9 1 22 330
8 41 23 32 M 33 0 0.05 M M 8.1 14 350 M M 9 18 22 320
9 54 15 35 M 30 0 0.00 0.0 0 2.9 13 340 M M 1 8 18 340
10 63 20 42 M 23 0 0.00 0.0 0 9.1 23 120 M M 3 8 33 120
11 62 28 45 M 20 0 0.00 0.0 0 9.4 16 310 M M 2 25 280
12 64 23 44 M 21 0 0.18 0.0 0 8.6 33 310 M M 6 3 46 310
13 58 32 45 M 20 0 0.18 0.0 0 8.3 17 260 M M 8 1 20 260
14 38 28 33 M 32 0 T T 0 17.6 29 260 M M 6 45 260
15 41 29 35 M 30 0 T T 0 12.9 17 270 M M 5 31 260
16 42 19 31 M 34 0 0.00 0.0 0 9.2 16 320 M M 8 23 320
17 49 13 31 M 34 0 T 0.0 0 4.6 12 150 M M 4 M M
18 36 31 34 M 31 0 0.14 T 0 9.9 16 270 M M 9 1 22 280
19 50 28 39 M 26 0 0.00 0.0 0 5.6 12 320 M M 4 M M
20 53 38 46 M 19 0 0.31 0.0 0 8.1 21 150 M M 10 18 33 180
21 62 29 46 M 19 0 0.00 0.0 0 7.6 16 260 M M 2 1 27 290
22 53 29 41 M 24 0 0.60 0.0 0 8.8 16 120 M M 8 1 23 120
23 77 53 65 M 0 0 0.31 0.0 0 11.9 21 180 M M 7 38 160
24 62 46 54 M 11 0 T 0.0 0 17.3 30 210 M M 7 39 220
25 45 33 39 M 26 0 T 0.0 0 11.8 15 270 M M 10 22 270
26 42 22 32 M 33 0 T 0.0 0 7.6 16 320 M M 7 23 320
27 49 20 35 M 30 0 0.00 0.0 0 6.8 12 120 M M 8 17 70
28 49 32 41 M 24 0 0.13 0.0 0 8.8 14 120 M M 9 6 20 120
29 69 42 56 M 9 0 0.02 0.0 0 11.1 17 120 M M 8 25 120
30 60 47 54 M 11 0 0.68 0.0 0 9.8 15 100 M M 9 1 23 100
================================================================================
SM 1547 877 731 0 3.19 T 263.1 M 199
================================================================================
AV 51.6 29.2 8.8 FASTST M M 7 MAX(MPH)
MISC ----> 33 310 46 310
================================================================================
NOTES:
# LAST OF SEVERAL OCCURRENCES
COLUMN 17 PEAK WIND IN M.P.H.
PRELIMINARY LOCAL CLIMATOLOGICAL DATA (WS FORM: F-6) , PAGE 2
STATION: SPARTA - FORT MCCOY WI
MONTH: APRIL
YEAR: 2022
LATITUDE: 43 58 N
LONGITUDE: 90 44 W
[TEMPERATURE DATA] [PRECIPITATION DATA] SYMBOLS USED IN COLUMN 16
AVERAGE MONTHLY: 40.4 TOTAL FOR MONTH: 3.19 1 = FOG OR MIST
DPTR FM NORMAL: 0.0 DPTR FM NORMAL: M 2 = FOG REDUCING VISIBILITY
HIGHEST: 77 ON 23 GRTST 24HR 0.68 ON 30-30 TO 1/4 MILE OR LESS
LOWEST: 13 ON 17 3 = THUNDER
SNOW, ICE PELLETS, HAIL 4 = ICE PELLETS
TOTAL MONTH: T 5 = HAIL
GRTST 24HR T ON 14-14 6 = FREEZING RAIN OR DRIZZLE
GRTST DEPTH: 0 7 = DUSTSTORM OR SANDSTORM:
VSBY 1/2 MILE OR LESS
8 = SMOKE OR HAZE
[NO. OF DAYS WITH] [WEATHER - DAYS WITH] 9 = BLOWING SNOW
X = TORNADO
MAX 32 OR BELOW: 0 0.01 INCH OR MORE: 15
MAX 90 OR ABOVE: 0 0.10 INCH OR MORE: 9
MIN 32 OR BELOW: 22 0.50 INCH OR MORE: 2
MIN 0 OR BELOW: 0 1.00 INCH OR MORE: 0
[HDD (BASE 65) ]
TOTAL THIS MO. 731 CLEAR (SCALE 0-3) 5
DPTR FM NORMAL M PTCLDY (SCALE 4-7) 13
TOTAL FM JUL 1 7580 CLOUDY (SCALE 8-10) 12
DPTR FM NORMAL M
[CDD (BASE 65) ]
TOTAL THIS MO. 0
DPTR FM NORMAL M [PRESSURE DATA]
TOTAL FM JAN 1 0 HIGHEST SLP M ON M
DPTR FM NORMAL M LOWEST SLP M ON M
[REMARKS]
#FINAL-04-22#