000
CXUS56 KSGX 011045
CF6CNO
PRELIMINARY LOCAL CLIMATOLOGICAL DATA (WS FORM: F-6)
STATION: CHINO AIRPORT CA
MONTH: MAY
YEAR: 2023
LATITUDE: 33 58 N
LONGITUDE: 117 38 W
TEMPERATURE IN F: :PCPN: SNOW: WIND :SUNSHINE: SKY :PK WND
================================================================================
1 2 3 4 5 6A 6B 7 8 9 10 11 12 13 14 15 16 17 18
12Z AVG MX 2MIN
DY MAX MIN AVG DEP HDD CDD WTR SNW DPTH SPD SPD DIR MIN PSBL S-S WX SPD DR
================================================================================
1 70 54 62 -4 3 0 T M M 8.7 22 240 M M 9 18 28 230
2 68 49 59 -7 6 0 T M M 8.3 21 240 M M 8 25 250
3 68 48 58 -8 7 0 0.02 M M 5.7 20 240 M M 7 23 230
4 65 49 57 -9 8 0 0.65 M M 6.9 17 200 M M 8 18 23 210
5 68 50 59 -7 6 0 0.07 M M 6.5 15 240 M M 7 1 20 250
6 72 47 60 -6 5 0 0.00 M M 5.9 20 240 M M 3 1 23 240
7 74 48 61 -5 4 0 0.00 M M 5.1 17 250 M M 2 23 210
8 76 49 63 -4 2 0 0.00 M M 5.3 17 230 M M 1 23 230
9 73 52 63 -4 2 0 0.00 M M 6.5 17 260 M M 7 23 280
10 69 51 60 -7 5 0 0.00 M M 5.3 14 230 M M 7 17 260
11 75 52 64 -3 1 0 0.00 M M 4.6 15 260 M M 5 8 20 250
12 81 52 67 0 0 2 0.00 M M 4.7 17 230 M M 3 18 23 230
13 86 52 69 2 0 4 0.00 M M 6.7 20 250 M M 1 18 23 270
14 87 57 72 4 0 7 0.00 M M 6.7 18 240 M M 5 18 22 240
15 85 58 72 4 0 7 0.00 M M 5.6 20 280 M M 7 18 29 280
16 87 56 72 4 0 7 0.00 M M 6.4 18 240 M M 5 18 22 240
17 85 54 70 2 0 5 0.00 M M 6.2 17 260 M M 1 18 21 260
18 78 55 67 -1 0 2 0.00 M M 6.9 15 260 M M 2 18 22 280
19 73 57 65 -3 0 0 0.00 M M 7.4 15 240 M M 7 18 21 290
20 87 61 74 6 0 9 0.00 M M 7.8 21 250 M M 6 8 25 260
21 85 60 73 5 0 8 0.00 M M 6.8 17 230 M M 7 18 21 250
22 80 59 70 2 0 5 0.00 M M 7.0 18 250 M M 6 18 25 330
23 70 59 65 -4 0 0 0.00 M M 8.0 18 240 M M 9 18 22 250
24 72 56 64 -5 1 0 0.00 M M 9.2 20 230 M M 7 24 240
25 73 57 65 -4 0 0 0.00 M M 9.0 20 250 M M 8 24 240
26 70 54 62 -7 3 0 0.00 M M 8.4 15 260 M M 9 17 270
27 76 55 66 -3 0 1 0.00 M M 7.4 20 250 M M 6 24 260
28 70 55 63 -6 2 0 0.00 M M 5.4 14 230 M M 9 8 17 230
29 72 57 65 -5 0 0 0.00 M M 7.7 16 230 M M 8 20 230
30 69 57 63 -7 2 0 0.00 M M 9.2 20 240 M M 9 24 240
31 65 55 60 -10 5 0 T M M 8.1 15 240 M M 10 18 19 240
================================================================================
SM 2329 1675 62 57 0.74 M 213.4 M 189
================================================================================
AV 75.1 54.0 6.9 FASTST M M 6 MAX(MPH)
MISC ----> 22 240 29 280
================================================================================
NOTES:
# LAST OF SEVERAL OCCURRENCES
COLUMN 17 PEAK WIND IN M.P.H.
PRELIMINARY LOCAL CLIMATOLOGICAL DATA (WS FORM: F-6) , PAGE 2
STATION: CHINO AIRPORT CA
MONTH: MAY
YEAR: 2023
LATITUDE: 33 58 N
LONGITUDE: 117 38 W
[TEMPERATURE DATA] [PRECIPITATION DATA] SYMBOLS USED IN COLUMN 16
AVERAGE MONTHLY: 64.6 TOTAL FOR MONTH: 0.74 1 = FOG OR MIST
DPTR FM NORMAL: -3.1 DPTR FM NORMAL: 0.57 2 = FOG REDUCING VISIBILITY
HIGHEST: 87 ON 20,16 GRTST 24HR 0.68 ON 4- 5 TO 1/4 MILE OR LESS
LOWEST: 47 ON 6 3 = THUNDER
SNOW, ICE PELLETS, HAIL 4 = ICE PELLETS
TOTAL MONTH: M 5 = HAIL
GRTST 24HR M ON M 6 = FREEZING RAIN OR DRIZZLE
GRTST DEPTH: M ON M 7 = DUSTSTORM OR SANDSTORM:
VSBY 1/2 MILE OR LESS
8 = SMOKE OR HAZE
[NO. OF DAYS WITH] [WEATHER - DAYS WITH] 9 = BLOWING SNOW
X = TORNADO
MAX 32 OR BELOW: 0 0.01 INCH OR MORE: 3
MAX 90 OR ABOVE: 0 0.10 INCH OR MORE: 1
MIN 32 OR BELOW: 0 0.50 INCH OR MORE: 1
MIN 0 OR BELOW: 0 1.00 INCH OR MORE: 0
[HDD (BASE 65) ]
TOTAL THIS MO. 62 CLEAR (SCALE 0-3) 6
DPTR FM NORMAL 32 PTCLDY (SCALE 4-7) 19
TOTAL FM JUL 1 1883 CLOUDY (SCALE 8-10) 6
DPTR FM NORMAL 499
[CDD (BASE 65) ]
TOTAL THIS MO. 57
DPTR FM NORMAL -57 [PRESSURE DATA]
TOTAL FM JAN 1 82 HIGHEST SLP 30.11 ON 7
DPTR FM NORMAL -98 LOWEST SLP 29.76 ON 13
[REMARKS]
#FINAL-05-23#