000
CXUS53 KLSX 011500
CF6COU
PRELIMINARY LOCAL CLIMATOLOGICAL DATA (WS FORM: F-6)
STATION: COLUMBIA ASOS
MONTH: DECEMBER
YEAR: 2021
LATITUDE: 38 49 N
LONGITUDE: 92 13 W
TEMPERATURE IN F: :PCPN: SNOW: WIND :SUNSHINE: SKY :PK WND
================================================================================
1 2 3 4 5 6A 6B 7 8 9 10 11 12 13 14 15 16 17 18
12Z AVG MX 2MIN
DY MAX MIN AVG DEP HDD CDD WTR SNW DPTH SPD SPD DIR MIN PSBL S-S WX SPD DR
================================================================================
1 64 43 54 15 11 0 0.02 0.0 0 9.0 16 280 M M 2 22 280
2 70 46 58 19 7 0 0.00 0.0 0 7.6 15 300 M M 0 21 300
3 74 45 60 21 5 0 0.00 0.0 0 9.6 18 10 M M 0 25 20
4 53 39 46 8 19 0 0.00 0.0 0 11.3 17 130 M M 1 27 130
5 66 44 55 17 10 0 0.00 0.0 0 13.5 29 330 M M 6 38 330
6 48 28 38 0 27 0 0.00 0.0 0 14.2 31 320 M M 1 40 310
7 37 26 32 -6 33 0 0.00 0.0 0 8.1 15 150 M M 5 20 150
8 50 28 39 2 26 0 0.00 0.0 0 7.0 14 130 M M 0 19 130
9 66 41 54 17 11 0 0.00 0.0 0 12.5 25 230 M M 0 35 230
10 68 41 55 18 10 0 0.34 0.0 0 12.8 39 230 M M 5 123 60 220
11 47 32 40 4 25 0 0.00 0.0 0 16.2 35 280 M M 4 50 260
12 56 31 44 8 21 0 0.00 0.0 0 10.5 22 200 M M 0 28 210
13 59 32 46 10 19 0 0.00 0.0 0 8.1 13 160 M M 0 17 210
14 69 43 56 21 9 0 0.00 0.0 0 12.5 21 180 M M 4 31 180
15 76 61 69 34 0 4 T 0.0 0 19.4 38 270 M M 6 8 57 250
16 65 31 48 13 17 0 T 0.0 0 10.0 24 250 M M 3 37 270
17 40 31 36 1 29 0 0.14 0.0 0 9.9 21 100 M M 8 18 29 120
18 42 25 34 0 31 0 0.00 0.0 0 11.1 20 330 M M 3 1 28 360
19 38 19 29 -5 36 0 0.00 0.0 0 5.5 10 160 M M 0 12 180
20 52 24 38 4 27 0 0.00 0.0 0 8.8 14 200 M M 0 18 190
21 51 23 37 3 28 0 0.00 0.0 0 7.8 21 300 M M 0 28 300
22 49 21 35 1 30 0 0.00 0.0 0 9.5 14 190 M M 0 19 180
23 61 37 49 16 16 0 0.00 0.0 0 10.8 25 230 M M 1 1 31 240
24 74 48 61 28 4 0 0.00 0.0 0 14.6 32 210 M M 1 45 200
25 64 38 51 18 14 0 0.00 0.0 0 5.9 17 340 M M 3 1 23 330
26 62 37 50 17 15 0 0.00 0.0 0 10.9 21 130 M M 3 12 30 120
27 63 40 52 20 13 0 0.00 0.0 0 10.7 20 320 M M 0 27 330
28 49 38 44 12 21 0 1.53 0.0 0 10.2 23 130 M M 8 1 31 130
29 39 33 36 4 29 0 0.01 0.0 0 9.4 18 50 M M 7 1 23 60
30 43 33 38 6 27 0 0.00 0.0 0 5.2 14 250 M M 7 1 18 240
31 63 34 49 17 16 0 0.00 0.0 0 9.2 21 220 M M 2 12 29 210
================================================================================
SM 1758 1092 586 4 2.04 0.0 321.8 M 80
================================================================================
AV 56.7 35.2 10.4 FASTST M M 3 MAX(MPH)
MISC ----> 39 230 60 220
================================================================================
NOTES:
# LAST OF SEVERAL OCCURRENCES
COLUMN 17 PEAK WIND IN M.P.H.
PRELIMINARY LOCAL CLIMATOLOGICAL DATA (WS FORM: F-6) , PAGE 2
STATION: COLUMBIA ASOS
MONTH: DECEMBER
YEAR: 2021
LATITUDE: 38 49 N
LONGITUDE: 92 13 W
[TEMPERATURE DATA] [PRECIPITATION DATA] SYMBOLS USED IN COLUMN 16
AVERAGE MONTHLY: 46.0 TOTAL FOR MONTH: 2.04 1 = FOG OR MIST
DPTR FM NORMAL: 10.8 DPTR FM NORMAL: -0.05 2 = FOG REDUCING VISIBILITY
HIGHEST: 76 ON 15 GRTST 24HR 1.53 ON 28-28 TO 1/4 MILE OR LESS
LOWEST: 19 ON 19 3 = THUNDER
SNOW, ICE PELLETS, HAIL 4 = ICE PELLETS
TOTAL MONTH: 0.0 INCH 5 = HAIL
GRTST 24HR 0.0 6 = FREEZING RAIN OR DRIZZLE
GRTST DEPTH: 0 7 = DUSTSTORM OR SANDSTORM:
VSBY 1/2 MILE OR LESS
8 = SMOKE OR HAZE
[NO. OF DAYS WITH] [WEATHER - DAYS WITH] 9 = BLOWING SNOW
X = TORNADO
MAX 32 OR BELOW: 0 0.01 INCH OR MORE: 5
MAX 90 OR ABOVE: 0 0.10 INCH OR MORE: 3
MIN 32 OR BELOW: 13 0.50 INCH OR MORE: 1
MIN 0 OR BELOW: 0 1.00 INCH OR MORE: 1
[HDD (BASE 65) ]
TOTAL THIS MO. 586 CLEAR (SCALE 0-3) 21
DPTR FM NORMAL -339 PTCLDY (SCALE 4-7) 10
TOTAL FM JUL 1 1287 CLOUDY (SCALE 8-10) 0
DPTR FM NORMAL -546
[CDD (BASE 65) ]
TOTAL THIS MO. 4
DPTR FM NORMAL 4 [PRESSURE DATA]
TOTAL FM JAN 1 1685 HIGHEST SLP 30.43 ON 19
DPTR FM NORMAL 238 LOWEST SLP 29.36 ON 10
[REMARKS]
#FINAL-12-21#