000
CXUS53 KLSX 011400
CF6CPS
PRELIMINARY LOCAL CLIMATOLOGICAL DATA (WS FORM: F-6)
STATION: CAHOKIA/ST. LOUIS
MONTH: MARCH
YEAR: 2022
LATITUDE: 38 34 N
LONGITUDE: 90 9 W
TEMPERATURE IN F: :PCPN: SNOW: WIND :SUNSHINE: SKY :PK WND
================================================================================
1 2 3 4 5 6A 6B 7 8 9 10 11 12 13 14 15 16 17 18
12Z AVG MX 2MIN
DY MAX MIN AVG DEP HDD CDD WTR SNW DPTH SPD SPD DIR MIN PSBL S-S WX SPD DR
================================================================================
1 73 32 53 12 12 0 0.00 0.0 0 4.4 17 290 M M 0 8 25 260
2 81 33 57 16 8 0 0.00 0.0 0 4.0 16 270 M M 0 18 24 270
3 54 35 45 3 20 0 0.00 0.0 0 10.2 17 30 M M 0 8 24 30
4 64 31 48 6 17 0 0.00 0.0 0 7.9 15 130 M M 0 8 21 140
5 75 45 60 18 5 0 0.00 0.0 0 11.9 23 170 M M 6 39 200
6 68 43 56 13 9 0 1.82 0.0 0 9.6 20 330 M M 7 138 25 350
7 43 32 38 -5 27 0 0.01 0.0 0 15.2 26 300 M M 10 1 36 300
8 43 28 36 -8 29 0 0.00 0.0 0 3.4 13 330 M M 4 8 16 160
9 53 30 42 -2 23 0 0.00 0.0 0 6.0 16 20 M M 4 18 23 320
10 45 30 38 -6 27 0 0.00 0.0 0 9.9 16 30 M M 5 21 20
11 33 23 28 -16 37 0 M M M 14.2 24 340 M M 7 18 33 340
12 33 14 24 -21 41 0 0.00 0.0 0 11.5 30 320 M M 0 8 37 320
13 69 31 50 5 15 0 0.00 0.0 0 8.2 16 250 M M 3 26 190
14 66 36 51 5 14 0 0.00 0.0 0 8.6 20 200 M M 1 32 220
15 70 37 54 8 11 0 0.00 0.0 0 2.8 9 180 M M 2 18 14 140
16 74 40 57 11 8 0 0.00 0.0 0 4.9 15 150 M M 1 8 22 190
17 77 47 62 16 3 0 0.00 0.0 0 7.6 17 150 M M 0 8 25 130
18 62 46 54 7 11 0 0.15 0.0 0 9.9 22 180 M M 8 32 270
19 58 36 47 0 18 0 0.04 0.0 0 11.5 20 290 M M 6 8 33 310
20 73 31 52 4 13 0 0.00 0.0 0 5.3 14 170 M M M 20 250
21 76 50 63 15 2 0 0.43 0.0 0 8.2 23 150 M M M 3 34 150
22 57 51 54 6 11 0 0.41 0.0 0 12.6 33 130 M M 9 13 47 180
23 53 41 47 -1 18 0 0.09 0.0 0 8.4 18 240 M M 10 1 28 260
24 45 38 42 -7 23 0 0.19 0.0 0 7.0 15 250 M M 10 18 24 250
25 57 39 48 -1 17 0 T 0.0 0 12.7 33 310 M M 6 43 300
26 53 37 45 -5 20 0 0.00 0.0 0 17.8 32 320 M M 0 45 310
27 49 32 41 -9 24 0 0.00 0.0 0 7.9 18 360 M M 1 24 360
28 50 34 42 -8 23 0 0.00 0.0 0 M M M M M M M M
29 70 40 55 5 10 0 T 0.0 0 13.1 26 120 M M 6 35 130
30 69 42 56 5 9 0 2.64 0.0 0 11.1 23 300 M M 9 1 39 160
31 42 38 40 -11 25 0 T 0.0 0 12.2 21 280 M M 10 30 290
================================================================================
SM 1835 1122 530 0 5.78 0.0 278.0 M 125
================================================================================
AV 59.2 36.2 9.3 FASTST M M 4 MAX(MPH)
MISC ----> 33 130 47 180
================================================================================
NOTES:
# LAST OF SEVERAL OCCURRENCES
COLUMN 17 PEAK WIND IN M.P.H.
PRELIMINARY LOCAL CLIMATOLOGICAL DATA (WS FORM: F-6) , PAGE 2
STATION: CAHOKIA/ST. LOUIS
MONTH: MARCH
YEAR: 2022
LATITUDE: 38 34 N
LONGITUDE: 90 9 W
[TEMPERATURE DATA] [PRECIPITATION DATA] SYMBOLS USED IN COLUMN 16
AVERAGE MONTHLY: 47.7 TOTAL FOR MONTH: 5.78 1 = FOG OR MIST
DPTR FM NORMAL: 1.6 DPTR FM NORMAL: 2.51 2 = FOG REDUCING VISIBILITY
HIGHEST: 81 ON 2 GRTST 24HR 2.64 ON 30-30 TO 1/4 MILE OR LESS
LOWEST: 14 ON 12 3 = THUNDER
SNOW, ICE PELLETS, HAIL 4 = ICE PELLETS
TOTAL MONTH: 0.0 INCH 5 = HAIL
GRTST 24HR 0.0 6 = FREEZING RAIN OR DRIZZLE
GRTST DEPTH: 0 7 = DUSTSTORM OR SANDSTORM:
VSBY 1/2 MILE OR LESS
8 = SMOKE OR HAZE
[NO. OF DAYS WITH] [WEATHER - DAYS WITH] 9 = BLOWING SNOW
X = TORNADO
MAX 32 OR BELOW: 0 0.01 INCH OR MORE: 9
MAX 90 OR ABOVE: 0 0.10 INCH OR MORE: 6
MIN 32 OR BELOW: 11 0.50 INCH OR MORE: 2
MIN 0 OR BELOW: 0 1.00 INCH OR MORE: 2
[HDD (BASE 65) ]
TOTAL THIS MO. 530 CLEAR (SCALE 0-3) 12
DPTR FM NORMAL -59 PTCLDY (SCALE 4-7) 10
TOTAL FM JUL 1 3948 CLOUDY (SCALE 8-10) 9
DPTR FM NORMAL -231
[CDD (BASE 65) ]
TOTAL THIS MO. 0
DPTR FM NORMAL -5 [PRESSURE DATA]
TOTAL FM JAN 1 0 HIGHEST SLP 30.40 ON 12
DPTR FM NORMAL -5 LOWEST SLP 29.20 ON 30
[REMARKS]
#FINAL-03-22#