000
CXUS54 KFWD 072133
CF6CPT
PRELIMINARY LOCAL CLIMATOLOGICAL DATA (WS FORM: F-6)
STATION: CLEBURNE
MONTH: MARCH
YEAR: 2022
LATITUDE: 32 20 N
LONGITUDE: 97 24 W
TEMPERATURE IN F: :PCPN: SNOW: WIND :SUNSHINE: SKY :PK WND
================================================================================
1 2 3 4 5 6A 6B 7 8 9 10 11 12 13 14 15 16 17 18
12Z AVG MX 2MIN
DY MAX MIN AVG DEP HDD CDD WTR SNW DPTH SPD SPD DIR MIN PSBL S-S WX SPD DR
================================================================================
1 73 37 55 3 10 0 0.00 M M 5.2 9 150 M M 0 15 99
2 75 45 60 8 5 0 0.00 M M 4.9 9 170 M M 0 16 0
3 77 45 61 9 4 0 0.00 M M 6.0 12 140 M M 0 15 150
4 73 54 64 12 1 0 0.00 M M 12.3 21 160 M M 6 12 25 160
5 77 63 70 17 0 5 0.00 M M 15.5 22 170 M M 6 36 170
6 79 41 60 7 5 0 0.00 M M 15.3 21 330 M M 8 30 160
7 50 36 43 -10 22 0 0.02 M M 16.4 24 340 M M 6 8 31 340
8 48 34 41 -13 24 0 0.00 M M 7.7 15 30 M M 4 17 20
9 61 25 43 -11 22 0 0.00 M M 7.1 15 350 M M 0 1 17 10
10 68 37 53 -1 12 0 0.00 M M 9.0 16 170 M M 1 21 340
11 41 28 35 -19 30 0 0.00 M M 19.4 30 350 M M 8 36 350
12 57 21 39 -16 26 0 0.00 M M 7.6 10 150 M M 0 16 160
13 64 32 48 -7 17 0 0.00 M M 14.2 23 170 M M 0 32 170
14 79 48 64 9 1 0 0.00 M M 14.5 20 180 M M 5 29 280
15 72 46 59 3 6 0 0.00 M M 12.0 22 330 M M 0 31 330
16 81 43 62 6 3 0 0.00 M M 9.1 16 170 M M 0 22 170
17 75 54 65 9 0 0 0.00 M M 17.8 32 180 M M 6 1 40 170
18 66 46 56 0 9 0 0.00 M M 17.0 28 320 M M 2 38 320
19 75 36 56 -1 9 0 0.00 M M 5.5 15 180 M M 0 17 160
20 79 46 63 6 2 0 0.00 M M 12.8 20 140 M M 1 30 140
21 77 54 66 9 0 1 0.34 M M 15.6 25 140 M M 7 13 37 170
22 57 43 50 -8 15 0 0.00 M M 15.2 25 300 M M 5 32 300
23 63 41 52 -6 13 0 0.00 M M 13.2 23 300 M M 1 36 300
24 68 34 51 -7 14 0 0.00 M M 8.6 17 280 M M 1 28 290
25 81 43 62 4 3 0 0.00 M M 5.4 12 120 M M 0 17 150
26 88 45 67 8 0 2 0.00 M M 8.4 13 130 M M 0 15 200
27 93 54 74 15 0 9 0.00 M M 10.4 18 160 M M 2 26 180
28 84 57 71 11 0 6 0.00 M M 15.8 23 160 M M 2 30 170
29 75 66 71 11 0 6 0.00 M M 20.1 29 170 M M 6 41 170
30 73 59 66 6 0 1 0.10 M M 11.8 29 300 M M 6 1 39 300
31 M M M M M M M M M M M M M M M M M
================================================================================
SM 2129 1313 253 30 0.46 M 354.1 M 83
================================================================================
AV 71.0 43.8 11.8 FASTST M M 3 MAX(MPH)
MISC ----> 32 180 41 170
================================================================================
NOTES:
# LAST OF SEVERAL OCCURRENCES
COLUMN 17 PEAK WIND IN M.P.H.
PRELIMINARY LOCAL CLIMATOLOGICAL DATA (WS FORM: F-6) , PAGE 2
STATION: CLEBURNE
MONTH: MARCH
YEAR: 2022
LATITUDE: 32 20 N
LONGITUDE: 97 24 W
[TEMPERATURE DATA] [PRECIPITATION DATA] SYMBOLS USED IN COLUMN 16
AVERAGE MONTHLY: 57.4 TOTAL FOR MONTH: 0.46 1 = FOG OR MIST
DPTR FM NORMAL: 1.5 DPTR FM NORMAL: -3.18 2 = FOG REDUCING VISIBILITY
HIGHEST: 93 ON 27 GRTST 24HR 0.34 ON 21-21 TO 1/4 MILE OR LESS
LOWEST: 21 ON 12 3 = THUNDER
SNOW, ICE PELLETS, HAIL 4 = ICE PELLETS
TOTAL MONTH: M 5 = HAIL
GRTST 24HR M ON M 6 = FREEZING RAIN OR DRIZZLE
GRTST DEPTH: M ON M 7 = DUSTSTORM OR SANDSTORM:
VSBY 1/2 MILE OR LESS
8 = SMOKE OR HAZE
[NO. OF DAYS WITH] [WEATHER - DAYS WITH] 9 = BLOWING SNOW
X = TORNADO
MAX 32 OR BELOW: 0 0.01 INCH OR MORE: 3
MAX 90 OR ABOVE: 1 0.10 INCH OR MORE: 1
MIN 32 OR BELOW: 4 0.50 INCH OR MORE: 0
MIN 0 OR BELOW: 0 1.00 INCH OR MORE: 0
[HDD (BASE 65) ]
TOTAL THIS MO. 253 CLEAR (SCALE 0-3) 18
DPTR FM NORMAL -49 PTCLDY (SCALE 4-7) 11
TOTAL FM JUL 1 1874 CLOUDY (SCALE 8-10) 2
DPTR FM NORMAL -469
[CDD (BASE 65) ]
TOTAL THIS MO. 30
DPTR FM NORMAL 11 [PRESSURE DATA]
TOTAL FM JAN 1 33 HIGHEST SLP M ON M
DPTR FM NORMAL 10 LOWEST SLP M ON M
[REMARKS]
#FINAL-03-22#