000
CXUS56 KLOX 011155
CF6CQT
PRELIMINARY LOCAL CLIMATOLOGICAL DATA (WS FORM: F-6)
STATION: DOWNTOWN LOS ANGELES (USC) CA
MONTH: JUNE
YEAR: 2022
LATITUDE: 34 1 N
LONGITUDE: 118 17 W
TEMPERATURE IN F: :PCPN: SNOW: WIND :SUNSHINE: SKY :PK WND
================================================================================
1 2 3 4 5 6A 6B 7 8 9 10 11 12 13 14 15 16 17 18
12Z AVG MX 2MIN
DY MAX MIN AVG DEP HDD CDD WTR SNW DPTH SPD SPD DIR MIN PSBL S-S WX SPD DR
================================================================================
1 80 58 69 2 0 4 0.00 M M 1.1 9 260 M M 0 18 14 270
2 79 60 70 3 0 5 0.00 M M 2.1 10 270 M M 5 8 17 260
3 73 60 67 0 0 2 0.00 M M 1.5 10 260 M M 7 18 270
4 70 61 66 -2 0 1 0.00 M M 1.4 9 260 M M 9 15 270
5 75 60 68 0 0 3 0.00 M M 1.3 8 260 M M 3 16 280
6 77 63 70 2 0 5 0.00 M M 1.6 8 260 M M 2 15 270
7 76 63 70 2 0 5 0.00 M M 1.5 8 260 M M 4 18 14 260
8 75 63 69 1 0 4 0.00 M M 2.2 8 260 M M 5 18 13 260
9 80 63 72 4 0 7 0.00 M M 1.2 8 260 M M 5 18 14 260
10 81 63 72 4 0 7 0.00 M M 1.4 8 270 M M 1 18 13 260
11 80 63 72 4 0 7 0.00 M M 1.4 9 270 M M 0 18 15 270
12 78 62 70 1 0 5 0.00 M M 1.3 8 260 M M 3 18 13 270
13 77 64 71 2 0 6 0.00 M M 1.9 9 270 M M 6 16 260
14 78 63 71 2 0 6 0.00 M M 0.8 10 260 M M 3 17 270
15 81 63 72 3 0 7 0.00 M M 2.0 8 270 M M 4 8 14 260
16 81 64 73 4 0 8 0.00 M M 2.2 10 260 M M 7 8 16 270
17 76 61 69 -1 0 4 0.00 M M 2.2 9 260 M M 5 8 16 270
18 75 59 67 -3 0 2 0.00 M M 1.8 9 260 M M 2 17 260
19 76 60 68 -2 0 3 0.00 M M 2.2 12 260 M M 0 23 260
20 89 60 75 5 0 10 0.00 M M 1.1 8 270 M M 0 13 270
21 86 63 75 5 0 10 0.00 M M 1.1 8 260 M M 0 13 270
22 80 62 71 1 0 6 0.01 M M 1.4 7 270 M M 1 13 270
23 81 63 72 2 0 7 0.00 M M 1.5 9 260 M M 1 18 14 270
24 82 61 72 1 0 7 0.00 M M 1.6 9 260 M M 1 18 15 270
25 84 60 72 1 0 7 0.00 M M 1.3 9 260 M M 2 18 14 260
26 83 61 72 1 0 7 0.00 M M 1.0 9 260 M M 0 18 13 270
27 86 62 74 3 0 9 0.00 M M 1.8 8 270 M M 0 18 14 260
28 90 63 77 6 0 12 0.00 M M 1.2 7 260 M M 0 12 280
29 89 64 77 5 0 12 0.00 M M 1.9 8 270 M M 1 18 14 270
30 84 63 74 2 0 9 0.00 M M 2.1 9 260 M M 1 18 15 270
================================================================================
SM 2402 1855 0 187 0.01 M 47.1 M 78
================================================================================
AV 80.1 61.8 1.6 FASTST M M 3 MAX(MPH)
MISC ----> 12 260 23 260
================================================================================
NOTES:
# LAST OF SEVERAL OCCURRENCES
COLUMN 17 PEAK WIND IN M.P.H.
PRELIMINARY LOCAL CLIMATOLOGICAL DATA (WS FORM: F-6) , PAGE 2
STATION: DOWNTOWN LOS ANGELES (USC) CA
MONTH: JUNE
YEAR: 2022
LATITUDE: 34 1 N
LONGITUDE: 118 17 W
[TEMPERATURE DATA] [PRECIPITATION DATA] SYMBOLS USED IN COLUMN 16
AVERAGE MONTHLY: 71.0 TOTAL FOR MONTH: 0.01 1 = FOG OR MIST
DPTR FM NORMAL: 1.6 DPTR FM NORMAL: -0.08 2 = FOG REDUCING VISIBILITY
HIGHEST: 90 ON 28 GRTST 24HR 0.01 ON 22-22 TO 1/4 MILE OR LESS
LOWEST: 58 ON 1 3 = THUNDER
SNOW, ICE PELLETS, HAIL 4 = ICE PELLETS
TOTAL MONTH: M 5 = HAIL
GRTST 24HR M ON M 6 = FREEZING RAIN OR DRIZZLE
GRTST DEPTH: M ON M 7 = DUSTSTORM OR SANDSTORM:
VSBY 1/2 MILE OR LESS
8 = SMOKE OR HAZE
[NO. OF DAYS WITH] [WEATHER - DAYS WITH] 9 = BLOWING SNOW
X = TORNADO
MAX 32 OR BELOW: 0 0.01 INCH OR MORE: 1
MAX 90 OR ABOVE: 1 0.10 INCH OR MORE: 0
MIN 32 OR BELOW: 0 0.50 INCH OR MORE: 0
MIN 0 OR BELOW: 0 1.00 INCH OR MORE: 0
[HDD (BASE 65) ]
TOTAL THIS MO. 0 CLEAR (SCALE 0-3) 19
DPTR FM NORMAL -4 PTCLDY (SCALE 4-7) 10
TOTAL FM JUL 1 1028 CLOUDY (SCALE 8-10) 1
DPTR FM NORMAL 27
[CDD (BASE 65) ]
TOTAL THIS MO. 187
DPTR FM NORMAL 53 [PRESSURE DATA]
TOTAL FM JAN 1 322 HIGHEST SLP M ON M
DPTR FM NORMAL 34 LOWEST SLP 29.74 ON 8
[REMARKS]
#FINAL-06-22#