000
CXUS52 KJAX 120156
CF6CRG
PRELIMINARY LOCAL CLIMATOLOGICAL DATA (WS FORM: F-6)
STATION: CRAIG EXEC ARPT
MONTH: FEBRUARY
YEAR: 2023
LATITUDE: 30 19 N
LONGITUDE: 81 31 W
TEMPERATURE IN F: :PCPN: SNOW: WIND :SUNSHINE: SKY :PK WND
================================================================================
1 2 3 4 5 6A 6B 7 8 9 10 11 12 13 14 15 16 17 18
12Z AVG MX 2MIN
DY MAX MIN AVG DEP HDD CDD WTR SNW DPTH SPD SPD DIR MIN PSBL S-S WX SPD DR
================================================================================
1 81 58 70 14 0 5 0.00 0.0 0 4.9 14 250 M M 1 12 22 240
2 83 56 70 14 0 5 0.00 0.0 0 5.9 17 240 M M 3 12 27 230
3 70 45 58 2 7 0 0.53 0.0 0 9.6 20 30 M M 6 13 27 30
4 64 43 54 -2 11 0 0.00 0.0 0 11.7 22 60 M M 3 36 20
5 69 50 60 3 5 0 0.00 0.0 0 6.1 14 20 M M 7 12 19 20
6 70 46 58 1 7 0 0.00 0.0 0 4.6 15 80 M M 2 12 20 70
7 75 43 59 2 6 0 0.00 0.0 0 4.9 17 140 M M 0 27 140
8 79 50 65 8 0 0 0.00 0.0 0 4.5 14 100 M M 0 1 20 70
9 83 60 72 15 0 7 0.00 0.0 0 7.4 17 230 M M 6 24 230
10 83 63 73 16 0 8 0.14 0.0 0 6.0 22 320 M M 7 13 27 320
11 71 61 66 8 0 1 1.04 0.0 0 9.4 23 240 M M 9 13 35 240
12 66 52 59 1 6 0 0.01 0.0 0 14.0 24 270 M M 8 42 270
13 72 45 59 1 6 0 0.00 0.0 0 6.8 17 310 M M 1 24 330
14 73 41 57 -1 8 0 0.00 0.0 0 3.1 13 140 M M 0 20 140
15 81 51 66 8 0 1 0.00 0.0 0 8.2 18 140 M M 0 12 24 140
16 83 57 70 12 0 5 0.00 0.0 0 7.3 18 150 M M 1 12 30 210
17 86 55 71 12 0 6 0.07 0.0 0 12.6 25 250 M M 3 1 37 260
18 60 41 51 -8 14 0 0.00 0.0 0 12.5 22 330 M M 3 33 330
19 78 50 64 5 1 0 0.00 0.0 0 4.3 13 30 M M 3 19 40
20 80 54 67 8 0 2 0.00 0.0 0 9.1 18 230 M M 0 26 230
21 83 64 74 15 0 9 0.00 0.0 0 11.2 21 240 M M 4 31 240
22 85 61 73 14 0 8 0.00 0.0 0 6.3 20 210 M M 2 24 180
23 89 58 74 15 0 9 0.00 0.0 0 6.2 20 220 M M 1 1 26 220
24 89 61 75 15 0 10 0.00 0.0 0 4.3 14 240 M M 1 12 20 250
25 87 64 76 16 0 11 0.00 0.0 0 3.2 15 240 M M 3 1 22 280
26 87 59 73 13 0 8 0.00 0.0 0 4.8 15 330 M M 1 12 22 320
27 84 61 73 13 0 8 0.00 0.0 0 11.5 21 230 M M 2 31 260
28 86 73 80 20 0 15 0.00 0.0 0 11.5 21 250 M M 5 30 270
================================================================================
SM 2197 1522 71 118 1.79 0.0 211.9 M 82
================================================================================
AV 78.5 54.4 7.6 FASTST M M 3 MAX(MPH)
MISC ----> 25 250 42 270
================================================================================
NOTES:
# LAST OF SEVERAL OCCURRENCES
COLUMN 17 PEAK WIND IN M.P.H.
PRELIMINARY LOCAL CLIMATOLOGICAL DATA (WS FORM: F-6) , PAGE 2
STATION: CRAIG EXEC ARPT
MONTH: FEBRUARY
YEAR: 2023
LATITUDE: 30 19 N
LONGITUDE: 81 31 W
[TEMPERATURE DATA] [PRECIPITATION DATA] SYMBOLS USED IN COLUMN 16
AVERAGE MONTHLY: 66.4 TOTAL FOR MONTH: 1.79 1 = FOG OR MIST
DPTR FM NORMAL: 8.4 DPTR FM NORMAL: -0.63 2 = FOG REDUCING VISIBILITY
HIGHEST: 89 ON 24,23 GRTST 24HR 1.04 ON 11-11 TO 1/4 MILE OR LESS
LOWEST: 41 ON 18,14 3 = THUNDER
SNOW, ICE PELLETS, HAIL 4 = ICE PELLETS
TOTAL MONTH: 0.0 INCH 5 = HAIL
GRTST 24HR 0.0 6 = FREEZING RAIN OR DRIZZLE
GRTST DEPTH: 0 7 = DUSTSTORM OR SANDSTORM:
VSBY 1/2 MILE OR LESS
8 = SMOKE OR HAZE
[NO. OF DAYS WITH] [WEATHER - DAYS WITH] 9 = BLOWING SNOW
X = TORNADO
MAX 32 OR BELOW: 0 0.01 INCH OR MORE: 5
MAX 90 OR ABOVE: 0 0.10 INCH OR MORE: 3
MIN 32 OR BELOW: 0 0.50 INCH OR MORE: 2
MIN 0 OR BELOW: 0 1.00 INCH OR MORE: 1
[HDD (BASE 65) ]
TOTAL THIS MO. 71 CLEAR (SCALE 0-3) 18
DPTR FM NORMAL -148 PTCLDY (SCALE 4-7) 9
TOTAL FM JUL 1 586 CLOUDY (SCALE 8-10) 1
DPTR FM NORMAL -355
[CDD (BASE 65) ]
TOTAL THIS MO. 118
DPTR FM NORMAL 94 [PRESSURE DATA]
TOTAL FM JAN 1 170 HIGHEST SLP 30.48 ON 4
DPTR FM NORMAL 129 LOWEST SLP 29.80 ON 12
[REMARKS]
#FINAL-02-23#