000
CXUS52 KJAX 012144
CF6CRG
PRELIMINARY LOCAL CLIMATOLOGICAL DATA (WS FORM: F-6)
STATION: CRAIG EXEC ARPT
MONTH: AUGUST
YEAR: 2022
LATITUDE: 30 19 N
LONGITUDE: 81 31 W
TEMPERATURE IN F: :PCPN: SNOW: WIND :SUNSHINE: SKY :PK WND
================================================================================
1 2 3 4 5 6A 6B 7 8 9 10 11 12 13 14 15 16 17 18
12Z AVG MX 2MIN
DY MAX MIN AVG DEP HDD CDD WTR SNW DPTH SPD SPD DIR MIN PSBL S-S WX SPD DR
================================================================================
1 95 76 86 4 0 21 0.77 0.0 0 5.2 14 70 M M 3 13 21 60
2 98 75 87 5 0 22 0.28 0.0 0 5.3 15 200 M M 4 13 23 180
3 91 75 83 1 0 18 0.00 0.0 0 4.3 15 110 M M 1 3 22 110
4 91 76 84 2 0 19 0.00 0.0 0 6.9 16 100 M M 0 22 110
5 90 75 83 1 0 18 0.00 0.0 0 4.7 16 100 M M 1 23 80
6 91 76 84 2 0 19 0.00 0.0 0 4.8 15 100 M M 1 21 140
7 92 75 84 2 0 19 0.00 0.0 0 4.2 16 90 M M 1 23 90
8 90 74 82 0 0 17 T 0.0 0 4.6 15 140 M M 1 3 21 150
9 91 74 83 1 0 18 T 0.0 0 4.2 17 140 M M 2 3 24 170
10 93 74 84 2 0 19 0.00 0.0 0 5.9 16 150 M M 1 24 140
11 92 75 84 2 0 19 0.23 0.0 0 3.9 28 250 M M 1 13 43 250
12 94 76 85 3 0 20 0.02 0.0 0 5.2 17 320 M M 3 3 23 330
13 87 75 81 -1 0 16 0.69 0.0 0 5.5 17 350 M M 8 13 23 340
14 87 71 79 -3 0 14 0.00 0.0 0 5.3 14 80 M M 0 1 22 50
15 91 66 79 -3 0 14 0.00 0.0 0 4.1 10 110 M M 0 16 70
16 95 76 86 4 0 21 0.00 0.0 0 7.3 17 240 M M 1 23 230
17 94 74 84 2 0 19 0.25 0.0 0 4.1 24 360 M M 2 13 32 350
18 92 74 83 1 0 18 0.61 0.0 0 3.8 17 220 M M 3 13 23 220
19 92 71 82 0 0 17 0.01 0.0 0 3.5 13 140 M M 2 123 17 130
20 92 74 83 1 0 18 T 0.0 0 4.2 13 140 M M 1 3 17 110
21 94 76 85 4 0 20 0.04 0.0 0 4.3 18 230 M M 2 3 26 230
22 92 75 84 3 0 19 0.37 0.0 0 3.5 21 230 M M 4 13 26 240
23 94 76 85 4 0 20 0.12 0.0 0 3.4 13 220 M M 2 13 17 220
24 92 75 84 3 0 19 0.01 0.0 0 3.6 14 90 M M 1 20 40
25 90 78 84 3 0 19 1.30 0.0 0 3.7 13 30 M M 5 13 18 30
26 89 76 83 2 0 18 0.28 0.0 0 4.0 13 70 M M 4 13 17 140
27 88 76 82 1 0 17 0.15 0.0 0 4.6 13 90 M M 5 13 20 80
28 88 75 82 1 0 17 0.02 0.0 0 3.4 14 140 M M 2 3 18 140
29 89 78 84 3 0 19 0.02 0.0 0 2.7 12 150 M M 6 13 17 150
30 92 77 85 4 0 20 0.00 0.0 0 4.5 17 140 M M 2 3 22 150
31 93 74 84 3 0 19 2.37 0.0 0 6.0 18 320 M M 3 13 24 250
================================================================================
SM 2839 2318 0 573 7.54 0.0 140.7 M 72
================================================================================
AV 91.6 74.8 4.5 FASTST M M 2 MAX(MPH)
MISC ----> 28 250 43 250
================================================================================
NOTES:
# LAST OF SEVERAL OCCURRENCES
COLUMN 17 PEAK WIND IN M.P.H.
PRELIMINARY LOCAL CLIMATOLOGICAL DATA (WS FORM: F-6) , PAGE 2
STATION: CRAIG EXEC ARPT
MONTH: AUGUST
YEAR: 2022
LATITUDE: 30 19 N
LONGITUDE: 81 31 W
[TEMPERATURE DATA] [PRECIPITATION DATA] SYMBOLS USED IN COLUMN 16
AVERAGE MONTHLY: 83.2 TOTAL FOR MONTH: 7.54 1 = FOG OR MIST
DPTR FM NORMAL: 1.5 DPTR FM NORMAL: 0.67 2 = FOG REDUCING VISIBILITY
HIGHEST: 98 ON 2 GRTST 24HR 2.37 ON 31-31 TO 1/4 MILE OR LESS
LOWEST: 66 ON 15 3 = THUNDER
SNOW, ICE PELLETS, HAIL 4 = ICE PELLETS
TOTAL MONTH: 0.0 INCH 5 = HAIL
GRTST 24HR 0.0 6 = FREEZING RAIN OR DRIZZLE
GRTST DEPTH: 0 7 = DUSTSTORM OR SANDSTORM:
VSBY 1/2 MILE OR LESS
8 = SMOKE OR HAZE
[NO. OF DAYS WITH] [WEATHER - DAYS WITH] 9 = BLOWING SNOW
X = TORNADO
MAX 32 OR BELOW: 0 0.01 INCH OR MORE: 18
MAX 90 OR ABOVE: 25 0.10 INCH OR MORE: 12
MIN 32 OR BELOW: 0 0.50 INCH OR MORE: 5
MIN 0 OR BELOW: 0 1.00 INCH OR MORE: 2
[HDD (BASE 65) ]
TOTAL THIS MO. 0 CLEAR (SCALE 0-3) 22
DPTR FM NORMAL 0 PTCLDY (SCALE 4-7) 8
TOTAL FM JUL 1 0 CLOUDY (SCALE 8-10) 1
DPTR FM NORMAL 0
[CDD (BASE 65) ]
TOTAL THIS MO. 573
DPTR FM NORMAL 57 [PRESSURE DATA]
TOTAL FM JAN 1 2456 HIGHEST SLP 30.22 ON 6
DPTR FM NORMAL 433 LOWEST SLP 29.85 ON 16
[REMARKS]
#FINAL-08-22#