000
CXUS52 KJAX 021538
CF6CRG
PRELIMINARY LOCAL CLIMATOLOGICAL DATA (WS FORM: F-6)
STATION: CRAIG EXEC ARPT
MONTH: NOVEMBER
YEAR: 2021
LATITUDE: 30 19 N
LONGITUDE: 81 31 W
TEMPERATURE IN F: :PCPN: SNOW: WIND :SUNSHINE: SKY :PK WND
================================================================================
1 2 3 4 5 6A 6B 7 8 9 10 11 12 13 14 15 16 17 18
12Z AVG MX 2MIN
DY MAX MIN AVG DEP HDD CDD WTR SNW DPTH SPD SPD DIR MIN PSBL S-S WX SPD DR
================================================================================
1 74 49 62 -5 3 0 0.00 0.0 0 3.4 10 50 M M 0 19 70
2 79 59 69 2 0 4 0.00 0.0 0 5.5 14 50 M M 1 1 18 50
3 75 57 66 0 0 1 0.00 0.0 0 8.1 17 30 M M 4 1 25 40
4 70 61 66 0 0 1 0.00 0.0 0 10.0 17 30 M M 8 26 40
5 65 52 59 -7 6 0 0.92 0.0 0 16.1 26 40 M M 10 1 41 40
6 53 48 51 -15 14 0 1.88 0.0 0 18.8 26 330 M M 10 1 39 350
7 67 49 58 -7 7 0 0.04 0.0 0 10.6 20 340 M M 6 25 340
8 68 46 57 -8 8 0 0.00 0.0 0 6.7 20 20 M M 0 27 20
9 74 45 60 -5 5 0 0.00 0.0 0 3.9 13 30 M M 0 17 360
10 76 52 64 -1 1 0 0.00 0.0 0 2.9 10 70 M M 1 15 80
11 79 61 70 6 0 5 T 0.0 0 4.7 14 150 M M 6 1 19 160
12 74 57 66 2 0 1 0.00 0.0 0 3.3 10 320 M M 2 1 15 330
13 73 54 64 0 1 0 T 0.0 0 3.9 13 230 M M 4 1 18 280
14 67 47 57 -7 8 0 0.00 0.0 0 7.0 15 340 M M 0 22 340
15 72 42 57 -6 8 0 0.00 0.0 0 3.6 13 320 M M 0 17 320
16 71 44 58 -5 7 0 0.00 0.0 0 2.3 10 60 M M 0 15 70
17 79 50 65 2 0 0 0.00 0.0 0 3.2 15 150 M M 1 1 24 140
18 80 59 70 7 0 5 0.00 0.0 0 2.1 12 150 M M 1 1 14 150
19 69 61 65 3 0 0 T 0.0 0 10.3 23 30 M M 4 1 36 30
20 72 63 68 6 0 3 0.00 0.0 0 13.4 23 30 M M 10 31 20
21 66 61 64 2 1 0 0.00 0.0 0 8.4 16 20 M M 10 12 22 10
22 71 57 64 2 1 0 0.05 0.0 0 7.2 17 320 M M 5 12 27 320
23 57 44 51 -11 14 0 0.00 0.0 0 11.1 21 20 M M 0 29 40
24 64 42 53 -8 12 0 0.00 0.0 0 9.1 18 60 M M 0 26 30
25 71 51 61 0 4 0 T 0.0 0 3.8 12 50 M M 4 1 16 60
26 67 47 57 -4 8 0 0.00 0.0 0 6.6 17 310 M M 4 1 25 310
27 63 39 51 -10 14 0 0.00 0.0 0 4.6 13 340 M M 0 16 340
28 63 40 52 -9 13 0 0.01 0.0 0 4.1 10 270 M M 4 17 290
29 65 42 54 -7 11 0 0.00 0.0 0 6.8 14 330 M M 2 19 330
30 66 38 52 -8 13 0 0.00 0.0 0 2.4 9 60 M M 0 15 330
================================================================================
SM 2090 1517 159 20 2.90 0.0 203.9 M 97
================================================================================
AV 69.7 50.6 6.8 FASTST M M 3 MAX(MPH)
MISC ----> # 26 40 41 40
================================================================================
NOTES:
# LAST OF SEVERAL OCCURRENCES
COLUMN 17 PEAK WIND IN M.P.H.
PRELIMINARY LOCAL CLIMATOLOGICAL DATA (WS FORM: F-6) , PAGE 2
STATION: CRAIG EXEC ARPT
MONTH: NOVEMBER
YEAR: 2021
LATITUDE: 30 19 N
LONGITUDE: 81 31 W
[TEMPERATURE DATA] [PRECIPITATION DATA] SYMBOLS USED IN COLUMN 16
AVERAGE MONTHLY: 60.1 TOTAL FOR MONTH: 2.90 1 = FOG OR MIST
DPTR FM NORMAL: -3.2 DPTR FM NORMAL: 0.35 2 = FOG REDUCING VISIBILITY
HIGHEST: 80 ON 18 GRTST 24HR 2.23 ON 5- 6 TO 1/4 MILE OR LESS
LOWEST: 38 ON 30 3 = THUNDER
SNOW, ICE PELLETS, HAIL 4 = ICE PELLETS
TOTAL MONTH: 0.0 INCH 5 = HAIL
GRTST 24HR 0.0 6 = FREEZING RAIN OR DRIZZLE
GRTST DEPTH: 0 7 = DUSTSTORM OR SANDSTORM:
VSBY 1/2 MILE OR LESS
8 = SMOKE OR HAZE
[NO. OF DAYS WITH] [WEATHER - DAYS WITH] 9 = BLOWING SNOW
X = TORNADO
MAX 32 OR BELOW: 0 0.01 INCH OR MORE: 5
MAX 90 OR ABOVE: 0 0.10 INCH OR MORE: 2
MIN 32 OR BELOW: 0 0.50 INCH OR MORE: 2
MIN 0 OR BELOW: 0 1.00 INCH OR MORE: 1
[HDD (BASE 65) ]
TOTAL THIS MO. 159 CLEAR (SCALE 0-3) 16
DPTR FM NORMAL 44 PTCLDY (SCALE 4-7) 10
TOTAL FM JUL 1 165 CLOUDY (SCALE 8-10) 4
DPTR FM NORMAL 32
[CDD (BASE 65) ]
TOTAL THIS MO. 20
DPTR FM NORMAL -46 [PRESSURE DATA]
TOTAL FM JAN 1 2994 HIGHEST SLP 30.36 ON 24
DPTR FM NORMAL 260 LOWEST SLP 29.86 ON 22
[REMARKS]
#FINAL-11-21#