004
CXUS52 KJAX 211837
CF6CRG
PRELIMINARY LOCAL CLIMATOLOGICAL DATA (WS FORM: F-6)
STATION: CRAIG EXEC ARPT
MONTH: OCTOBER
YEAR: 2020
LATITUDE: 30 19 N
LONGITUDE: 81 31 W
TEMPERATURE IN F: :PCPN: SNOW: WIND :SUNSHINE: SKY :PK WND
================================================================================
1 2 3 4 5 6A 6B 7 8 9 10 11 12 13 14 15 16 17 18
12Z AVG MX 2MIN
DY MAX MIN AVG DEP HDD CDD WTR SNW DPTH SPD SPD DIR MIN PSBL S-S WX SPD DR
================================================================================
1 83 57 70 -5 0 5 0.00 0.0 0 1.4 9 340 M M 0 1 12 310
2 81 62 72 -3 0 7 0.00 0.0 0 5.5 14 360 M M 0 18 340
3 78 65 72 -3 0 7 T 0.0 0 11.0 18 40 M M 6 30 30
4 74 67 71 -4 0 6 0.22 0.0 0 7.9 16 40 M M 9 1 24 30
5 78 72 75 1 0 10 0.17 0.0 0 8.8 15 60 M M 9 1 22 30
6 84 75 80 6 0 15 1.88 0.0 0 7.0 14 50 M M 9 1 18 20
7 80 72 76 2 0 11 0.00 0.0 0 4.7 13 30 M M 8 12 15 30
8 87 72 80 6 0 15 0.00 0.0 0 4.4 14 70 M M 2 1 18 60
9 83 74 79 6 0 14 0.02 0.0 0 6.2 18 110 M M 5 1 23 100
10 87 75 81 8 0 16 1.00 0.0 0 7.2 24 150 M M 4 1 31 150
11 90 76 83 10 0 18 0.01 0.0 0 8.4 18 220 M M 2 1 23 220
12 88 72 80 8 0 15 0.00 0.0 0 5.7 13 290 M M 4 17 300
13 89 68 79 7 0 14 0.00 0.0 0 3.1 12 320 M M 0 16 350
14 86 70 78 6 0 13 0.00 0.0 0 5.9 16 50 M M 3 1 21 60
15 87 71 79 7 0 14 0.80 0.0 0 2.6 20 300 M M 3 1 24 130
16 88 70 79 8 0 14 0.00 0.0 0 4.1 13 340 M M 0 1 16 350
17 77 62 70 -1 0 5 0.00 0.0 0 10.2 18 20 M M 5 27 30
18 83 68 76 5 0 11 T 0.0 0 9.8 21 40 M M 8 28 40
19 81 72 77 7 0 12 0.47 0.0 0 10.0 21 70 M M 8 1 27 40
20 83 75 79 9 0 14 0.27 0.0 0 6.7 16 40 M M 5 1 20 60
21 84 73 79 9 0 14 0.86 0.0 0 7.4 18 100 M M 6 13 26 80
22 85 72 79 9 0 14 0.37 0.0 0 6.7 17 70 M M 6 1 23 40
23 85 71 78 9 0 13 T 0.0 0 4.6 17 80 M M 5 1 21 70
24 84 68 76 7 0 11 T 0.0 0 4.0 14 140 M M 2 1 19 140
25 87 71 79 10 0 14 0.07 0.0 0 3.1 14 80 M M 4 1 17 50
26 84 70 77 9 0 12 0.00 0.0 0 6.9 16 50 M M 3 1 21 50
27 84 77 81 13 0 16 0.06 0.0 0 7.9 17 100 M M 9 1 22 80
28 86 72 79 11 0 14 0.00 0.0 0 8.1 17 150 M M 3 1 23 160
29 91 74 83 15 0 18 0.02 0.0 0 14.0 26 210 M M 5 1 32 220
30 74 58 66 -1 0 1 0.00 0.0 0 8.9 20 310 M M 0 26 310
31 81 62 72 5 0 7 0.14 0.0 0 8.2 20 20 M M 7 1 26 30
================================================================================
SM 2592 2163 0 370 6.36 0.0 210.4 M 140
================================================================================
AV 83.6 69.8 6.8 FASTST M M 5 MAX(MPH)
MISC ----> 26 210 32 220
================================================================================
NOTES:
# LAST OF SEVERAL OCCURRENCES
COLUMN 17 PEAK WIND IN M.P.H.
PRELIMINARY LOCAL CLIMATOLOGICAL DATA (WS FORM: F-6) , PAGE 2
STATION: CRAIG EXEC ARPT
MONTH: OCTOBER
YEAR: 2020
LATITUDE: 30 19 N
LONGITUDE: 81 31 W
[TEMPERATURE DATA] [PRECIPITATION DATA] SYMBOLS USED IN COLUMN 16
AVERAGE MONTHLY: 76.7 TOTAL FOR MONTH: 6.36 1 = FOG OR MIST
DPTR FM NORMAL: 5.5 DPTR FM NORMAL: 1.95 2 = FOG REDUCING VISIBILITY
HIGHEST: 91 ON 29 GRTST 24HR 2.00 ON 5- 6 TO 1/4 MILE OR LESS
LOWEST: 57 ON 1 3 = THUNDER
SNOW, ICE PELLETS, HAIL 4 = ICE PELLETS
TOTAL MONTH: 0.0 INCH 5 = HAIL
GRTST 24HR 0.0 6 = FREEZING RAIN OR DRIZZLE
GRTST DEPTH: 0 7 = DUSTSTORM OR SANDSTORM:
VSBY 1/2 MILE OR LESS
8 = SMOKE OR HAZE
[NO. OF DAYS WITH] [WEATHER - DAYS WITH] 9 = BLOWING SNOW
X = TORNADO
MAX 32 OR BELOW: 0 0.01 INCH OR MORE: 15
MAX 90 OR ABOVE: 2 0.10 INCH OR MORE: 10
MIN 32 OR BELOW: 0 0.50 INCH OR MORE: 4
MIN 0 OR BELOW: 0 1.00 INCH OR MORE: 2
[HDD (BASE 65) ]
TOTAL THIS MO. 0 CLEAR (SCALE 0-3) 11
DPTR FM NORMAL -21 PTCLDY (SCALE 4-7) 16
TOTAL FM JUL 1 0 CLOUDY (SCALE 8-10) 4
DPTR FM NORMAL -17
[CDD (BASE 65) ]
TOTAL THIS MO. 370
DPTR FM NORMAL 157 [PRESSURE DATA]
TOTAL FM JAN 1 3216 HIGHEST SLP 30.22 ON 17
DPTR FM NORMAL 678 LOWEST SLP 29.76 ON 29
[REMARKS]
#FINAL-10-20#