578
CXUS52 KJAX 032308
CF6CRG
PRELIMINARY LOCAL CLIMATOLOGICAL DATA (WS FORM: F-6)
STATION: CRAIG EXEC ARPT
MONTH: JULY
YEAR: 2020
LATITUDE: 30 19 N
LONGITUDE: 81 31 W
TEMPERATURE IN F: :PCPN: SNOW: WIND :SUNSHINE: SKY :PK WND
================================================================================
1 2 3 4 5 6A 6B 7 8 9 10 11 12 13 14 15 16 17 18
12Z AVG MX 2MIN
DY MAX MIN AVG DEP HDD CDD WTR SNW DPTH SPD SPD DIR MIN PSBL S-S WX SPD DR
================================================================================
1 95 74 85 4 0 20 0.22 0.0 0 6.8 30 270 M M 2 3 43 280
2 94 75 85 4 0 20 0.02 0.0 0 8.0 16 50 M M 4 3 23 250
3 91 75 83 2 0 18 0.07 0.0 0 4.5 16 80 M M 2 13 19 80
4 88 74 81 0 0 16 0.04 0.0 0 2.8 12 90 M M 2 138 15 80
5 87 73 80 -1 0 15 0.07 0.0 0 4.9 15 250 M M 3 13 21 250
6 90 72 81 0 0 16 0.94 0.0 0 6.2 31 240 M M 2 13 44 220
7 89 74 82 1 0 17 0.23 0.0 0 8.6 28 250 M M 3 13 41 240
8 91 78 85 4 0 20 0.23 0.0 0 6.9 24 230 M M 6 13 28 230
9 94 76 85 4 0 20 0.00 0.0 0 6.9 20 10 M M 2 26 30
10 96 76 86 5 0 21 0.00 0.0 0 6.9 14 210 M M 0 18 210
11 96 75 86 5 0 21 0.65 0.0 0 7.1 28 20 M M 2 13 35 40
12 96 76 86 5 0 21 0.00 0.0 0 6.0 16 270 M M 2 21 240
13 96 74 85 3 0 20 0.00 0.0 0 7.5 16 240 M M 1 20 220
14 94 77 86 4 0 21 0.40 0.0 0 6.2 24 180 M M 2 13 32 160
15 92 76 84 2 0 19 0.02 0.0 0 4.9 13 280 M M 1 3 17 140
16 90 74 82 0 0 17 0.00 0.0 0 5.9 16 100 M M 2 21 80
17 90 75 83 1 0 18 0.00 0.0 0 5.9 15 100 M M 2 20 100
18 90 75 83 1 0 18 0.00 0.0 0 5.2 16 70 M M 1 20 80
19 91 74 83 1 0 18 0.00 0.0 0 4.5 14 140 M M 1 19 100
20 90 74 82 0 0 17 0.00 0.0 0 4.9 17 140 M M 1 23 150
21 91 75 83 1 0 18 0.01 0.0 0 5.6 18 140 M M 1 27 150
22 90 75 83 1 0 18 0.35 0.0 0 4.4 24 170 M M 2 13 33 160
23 90 76 83 1 0 18 0.40 0.0 0 6.9 21 150 M M 3 13 28 140
24 90 74 82 0 0 17 0.00 0.0 0 5.8 16 110 M M 2 22 130
25 89 75 82 0 0 17 T 0.0 0 5.3 15 100 M M 2 20 110
26 90 75 83 1 0 18 T 0.0 0 5.0 13 100 M M 1 18 110
27 92 74 83 1 0 18 1.71 0.0 0 5.1 21 210 M M 3 13 30 140
28 92 75 84 2 0 19 0.56 0.0 0 6.4 22 220 M M 2 13 29 210
29 91 73 82 0 0 17 0.45 0.0 0 6.9 24 310 M M 3 13 32 320
30 90 75 83 1 0 18 0.04 0.0 0 6.9 22 270 M M 5 13 28 260
31 94 76 85 3 0 20 0.00 0.0 0 6.9 14 220 M M 1 19 210
================================================================================
SM 2839 2320 0 571 6.41 0.0 185.8 M 66
================================================================================
AV 91.6 74.8 6.0 FASTST M M 2 MAX(MPH)
MISC ----> 31 240 44 220
================================================================================
NOTES:
# LAST OF SEVERAL OCCURRENCES
COLUMN 17 PEAK WIND IN M.P.H.
PRELIMINARY LOCAL CLIMATOLOGICAL DATA (WS FORM: F-6) , PAGE 2
STATION: CRAIG EXEC ARPT
MONTH: JULY
YEAR: 2020
LATITUDE: 30 19 N
LONGITUDE: 81 31 W
[TEMPERATURE DATA] [PRECIPITATION DATA] SYMBOLS USED IN COLUMN 16
AVERAGE MONTHLY: 83.2 TOTAL FOR MONTH: 6.41 1 = FOG OR MIST
DPTR FM NORMAL: 1.6 DPTR FM NORMAL: 0.18 2 = FOG REDUCING VISIBILITY
HIGHEST: 96 ON 13,12 GRTST 24HR 1.71 ON 27-27 TO 1/4 MILE OR LESS
LOWEST: 72 ON 6 3 = THUNDER
SNOW, ICE PELLETS, HAIL 4 = ICE PELLETS
TOTAL MONTH: 0.0 INCH 5 = HAIL
GRTST 24HR 0.0 6 = FREEZING RAIN OR DRIZZLE
GRTST DEPTH: 0 7 = DUSTSTORM OR SANDSTORM:
VSBY 1/2 MILE OR LESS
8 = SMOKE OR HAZE
[NO. OF DAYS WITH] [WEATHER - DAYS WITH] 9 = BLOWING SNOW
X = TORNADO
MAX 32 OR BELOW: 0 0.01 INCH OR MORE: 18
MAX 90 OR ABOVE: 27 0.10 INCH OR MORE: 11
MIN 32 OR BELOW: 0 0.50 INCH OR MORE: 4
MIN 0 OR BELOW: 0 1.00 INCH OR MORE: 1
[HDD (BASE 65) ]
TOTAL THIS MO. 0 CLEAR (SCALE 0-3) 27
DPTR FM NORMAL 0 PTCLDY (SCALE 4-7) 4
TOTAL FM JUL 1 0 CLOUDY (SCALE 8-10) 0
DPTR FM NORMAL 0
[CDD (BASE 65) ]
TOTAL THIS MO. 571
DPTR FM NORMAL 58 [PRESSURE DATA]
TOTAL FM JAN 1 1804 HIGHEST SLP 30.17 ON 24
DPTR FM NORMAL 393 LOWEST SLP 29.81 ON 12
[REMARKS]
#FINAL-07-20#