000
CXUS54 KCRP 011310
CF6CRP
PRELIMINARY LOCAL CLIMATOLOGICAL DATA (WS FORM: F-6)
STATION: CORPUS CHRISTI
MONTH: DECEMBER
YEAR: 2021
LATITUDE: 27 46 N
LONGITUDE: 97 30 W
TEMPERATURE IN F: :PCPN: SNOW: WIND :SUNSHINE: SKY :PK WND
================================================================================
1 2 3 4 5 6A 6B 7 8 9 10 11 12 13 14 15 16 17 18
12Z AVG MX 2MIN
DY MAX MIN AVG DEP HDD CDD WTR SNW DPTH SPD SPD DIR MIN PSBL S-S WX SPD DR
================================================================================
1 83 52 68 6 0 3 0.00 0.0 0 5.4 15 90 M M 6 12 18 80
2 83 55 69 7 0 4 0.00 0.0 0 6.6 17 170 M M 5 12 22 120
3 84 63 74 12 0 9 0.00 0.0 0 8.6 18 190 M M 5 12 23 190
4 84 64 74 12 0 9 0.00 0.0 0 10.2 21 160 M M 6 12 25 150
5 83 66 75 13 0 10 0.00 0.0 0 14.8 24 150 M M 6 1 30 160
6 85 60 73 12 0 8 0.00 0.0 0 13.6 29 360 M M 10 34 10
7 64 55 60 -1 5 0 0.00 0.0 0 6.1 16 360 M M 10 20 360
8 79 51 65 4 0 0 0.00 0.0 0 5.1 13 110 M M 6 12 15 110
9 86 69 78 17 0 13 0.00 0.0 0 12.9 23 150 M M 8 1 27 170
10 89 73 81 20 0 16 0.00 0.0 0 18.7 30 170 M M 8 1 37 170
11 74 49 62 2 3 0 T 0.0 0 15.6 39 20 M M 8 1 44 20
12 65 46 56 -4 9 0 0.00 0.0 0 8.8 16 30 M M 5 22 30
13 70 60 65 5 0 0 T 0.0 0 8.2 15 20 M M 10 12 21 10
14 80 61 71 11 0 6 0.48 0.0 0 11.1 23 150 M M 8 12 27 150
15 81 69 75 15 0 10 0.00 0.0 0 17.6 31 160 M M 5 1 37 160
16 81 67 74 14 0 9 0.00 0.0 0 16.2 30 150 M M 7 36 150
17 81 70 76 17 0 11 0.00 0.0 0 15.9 29 160 M M 8 34 160
18 83 53 68 9 0 3 T 0.0 0 15.1 40 20 M M 9 13 48 20
19 53 46 50 -9 15 0 0.17 0.0 0 13.9 26 360 M M 10 1 34 350
20 63 46 55 -4 10 0 0.01 0.0 0 8.2 16 320 M M 5 20 320
21 69 40 55 -4 10 0 0.00 0.0 0 4.0 10 140 M M 2 1 13 100
22 77 41 59 0 6 0 0.00 0.0 0 8.4 20 150 M M 3 1 24 150
23 78 54 66 8 0 1 0.00 0.0 0 13.9 26 150 M M 3 1 31 150
24 81 59 70 12 0 5 0.00 0.0 0 15.9 29 160 M M 5 35 170
25 86 63 75 17 0 10 0.00 0.0 0 13.4 23 200 M M 4 1 27 190
26 84 60 72 14 0 7 0.00 0.0 0 13.8 25 160 M M 2 1 32 170
27 81 68 75 17 0 10 0.00 0.0 0 14.1 26 160 M M 6 1 31 160
28 85 71 78 20 0 13 0.00 0.0 0 16.3 25 180 M M 7 18 30 180
29 82 61 72 14 0 7 0.00 0.0 0 5.7 15 180 M M 9 128 18 180
30 83 62 73 15 0 8 0.00 0.0 0 6.1 15 140 M M 8 12 M M
31 84 69 77 19 0 12 0.00 0.0 M 16.5 30 160 M M 8 1 35 170
================================================================================
SM 2441 1823 58 184 0.66 0.0 360.7 M 202
================================================================================
AV 78.7 58.8 11.6 FASTST M M 7 MAX(MPH)
MISC ----> 40 20 48 20
================================================================================
NOTES:
# LAST OF SEVERAL OCCURRENCES
COLUMN 17 PEAK WIND IN M.P.H.
PRELIMINARY LOCAL CLIMATOLOGICAL DATA (WS FORM: F-6) , PAGE 2
STATION: CORPUS CHRISTI
MONTH: DECEMBER
YEAR: 2021
LATITUDE: 27 46 N
LONGITUDE: 97 30 W
[TEMPERATURE DATA] [PRECIPITATION DATA] SYMBOLS USED IN COLUMN 16
AVERAGE MONTHLY: 68.8 TOTAL FOR MONTH: 0.66 1 = FOG OR MIST
DPTR FM NORMAL: 9.1 DPTR FM NORMAL: -1.27 2 = FOG REDUCING VISIBILITY
HIGHEST: 89 ON 10 GRTST 24HR 0.48 ON 13-14 TO 1/4 MILE OR LESS
LOWEST: 40 ON 21 3 = THUNDER
SNOW, ICE PELLETS, HAIL 4 = ICE PELLETS
TOTAL MONTH: 0.0 INCH 5 = HAIL
GRTST 24HR 0.0 6 = FREEZING RAIN OR DRIZZLE
GRTST DEPTH: 0 7 = DUSTSTORM OR SANDSTORM:
VSBY 1/2 MILE OR LESS
8 = SMOKE OR HAZE
[NO. OF DAYS WITH] [WEATHER - DAYS WITH] 9 = BLOWING SNOW
X = TORNADO
MAX 32 OR BELOW: 0 0.01 INCH OR MORE: 3
MAX 90 OR ABOVE: 0 0.10 INCH OR MORE: 2
MIN 32 OR BELOW: 0 0.50 INCH OR MORE: 0
MIN 0 OR BELOW: 0 1.00 INCH OR MORE: 0
[HDD (BASE 65) ]
TOTAL THIS MO. 58 CLEAR (SCALE 0-3) 4
DPTR FM NORMAL -161 PTCLDY (SCALE 4-7) 18
TOTAL FM JUL 1 131 CLOUDY (SCALE 8-10) 9
DPTR FM NORMAL -192
[CDD (BASE 65) ]
TOTAL THIS MO. 184
DPTR FM NORMAL 129 [PRESSURE DATA]
TOTAL FM JAN 1 3822 HIGHEST SLP 30.32 ON 12
DPTR FM NORMAL 85 LOWEST SLP 29.62 ON 28
[REMARKS]
#FINAL-12-21#