000
CXUS54 KCRP 011300
CF6CRP
PRELIMINARY LOCAL CLIMATOLOGICAL DATA (WS FORM: F-6)
STATION: CORPUS CHRISTI
MONTH: OCTOBER
YEAR: 2020
LATITUDE: 27 46 N
LONGITUDE: 97 30 W
TEMPERATURE IN F: :PCPN: SNOW: WIND :SUNSHINE: SKY :PK WND
================================================================================
1 2 3 4 5 6A 6B 7 8 9 10 11 12 13 14 15 16 17 18
12Z AVG MX 2MIN
DY MAX MIN AVG DEP HDD CDD WTR SNW DPTH SPD SPD DIR MIN PSBL S-S WX SPD DR
================================================================================
1 88 57 73 -5 0 8 0.00 0.0 0 5.1 14 100 M M 1 18 110
2 85 58 72 -6 0 7 0.00 0.0 0 8.2 18 100 M M 1 22 100
3 87 60 74 -4 0 9 0.00 0.0 0 7.2 18 130 M M 1 26 120
4 86 61 74 -3 0 9 0.00 0.0 0 6.2 13 90 M M 1 16 100
5 89 61 75 -2 0 10 0.00 0.0 0 5.8 15 140 M M 1 18 150
6 89 64 77 0 0 12 0.00 0.0 0 5.4 14 110 M M 4 1 18 110
7 88 60 74 -3 0 9 0.00 0.0 0 7.5 16 60 M M 3 20 40
8 92 74 83 7 0 18 0.01 0.0 0 11.3 22 80 M M 8 27 80
9 93 74 84 8 0 19 0.00 0.0 0 11.0 23 330 M M 8 29 320
10 99 70 85 9 0 20 0.00 0.0 0 8.6 21 170 M M 1 25 150
11 95 69 82 6 0 17 0.00 0.0 0 11.8 21 140 M M 4 12 25 140
12 92 68 80 4 0 15 0.00 0.0 0 7.2 16 130 M M 3 12 25 200
13 92 69 81 6 0 16 0.00 0.0 0 6.6 15 120 M M 3 1 19 90
14 91 65 78 3 0 13 0.00 0.0 0 6.7 17 140 M M 3 12 22 140
15 94 71 83 8 0 18 0.00 0.0 0 12.1 23 180 M M 4 28 180
16 80 61 71 -4 0 6 T 0.0 0 14.9 26 30 M M 10 32 30
17 89 62 76 2 0 11 0.00 0.0 0 8.6 20 140 M M 6 1 23 140
18 92 67 80 6 0 15 0.00 0.0 0 11.9 24 150 M M 3 1 29 150
19 92 75 84 10 0 19 0.01 0.0 0 11.9 23 140 M M 4 1 29 140
20 90 73 82 8 0 17 0.00 0.0 0 9.6 20 90 M M 3 30 110
21 89 71 80 6 0 15 T 0.0 0 10.1 16 100 M M 1 24 100
22 85 74 80 7 0 15 0.98 0.0 0 9.3 17 110 M M 4 13 21 90
23 91 62 77 4 0 12 0.00 0.0 0 6.9 30 20 M M 4 12 34 10
24 75 59 67 -6 0 2 0.00 0.0 0 8.9 23 10 M M 6 29 20
25 85 62 74 1 0 9 0.00 0.0 0 12.0 24 140 M M 8 30 140
26 88 62 75 3 0 10 0.00 0.0 0 16.3 25 140 M M 6 29 150
27 62 46 54 -18 11 0 T 0.0 0 15.0 23 20 M M 10 1 27 20
28 68 46 57 -15 8 0 0.02 0.0 0 14.1 25 320 M M 5 1 30 320
29 74 43 59 -13 6 0 0.00 0.0 0 14.6 30 320 M M 1 36 310
30 75 46 61 -10 4 0 0.00 0.0 0 8.1 15 30 M M 1 23 10
31 79 46 63 -8 2 0 0.00 0.0 0 6.1 14 100 M M 2 18 110
================================================================================
SM 2674 1936 31 331 1.02 0.0 299.0 M 120
================================================================================
AV 86.3 62.5 9.6 FASTST M M 4 MAX(MPH)
MISC ----> # 30 20 # 36 310
================================================================================
NOTES:
# LAST OF SEVERAL OCCURRENCES
COLUMN 17 PEAK WIND IN M.P.H.
PRELIMINARY LOCAL CLIMATOLOGICAL DATA (WS FORM: F-6) , PAGE 2
STATION: CORPUS CHRISTI
MONTH: OCTOBER
YEAR: 2020
LATITUDE: 27 46 N
LONGITUDE: 97 30 W
[TEMPERATURE DATA] [PRECIPITATION DATA] SYMBOLS USED IN COLUMN 16
AVERAGE MONTHLY: 74.4 TOTAL FOR MONTH: 1.02 1 = FOG OR MIST
DPTR FM NORMAL: -0.2 DPTR FM NORMAL: -2.62 2 = FOG REDUCING VISIBILITY
HIGHEST: 99 ON 10 GRTST 24HR 0.98 ON 22-22 TO 1/4 MILE OR LESS
LOWEST: 43 ON 29 3 = THUNDER
SNOW, ICE PELLETS, HAIL 4 = ICE PELLETS
TOTAL MONTH: 0.0 INCH 5 = HAIL
GRTST 24HR 0.0 6 = FREEZING RAIN OR DRIZZLE
GRTST DEPTH: 0 7 = DUSTSTORM OR SANDSTORM:
VSBY 1/2 MILE OR LESS
8 = SMOKE OR HAZE
[NO. OF DAYS WITH] [WEATHER - DAYS WITH] 9 = BLOWING SNOW
X = TORNADO
MAX 32 OR BELOW: 0 0.01 INCH OR MORE: 4
MAX 90 OR ABOVE: 12 0.10 INCH OR MORE: 1
MIN 32 OR BELOW: 0 0.50 INCH OR MORE: 1
MIN 0 OR BELOW: 0 1.00 INCH OR MORE: 0
[HDD (BASE 65) ]
TOTAL THIS MO. 31 CLEAR (SCALE 0-3) 13
DPTR FM NORMAL 21 PTCLDY (SCALE 4-7) 16
TOTAL FM JUL 1 31 CLOUDY (SCALE 8-10) 2
DPTR FM NORMAL 21
[CDD (BASE 65) ]
TOTAL THIS MO. 331
DPTR FM NORMAL 23 [PRESSURE DATA]
TOTAL FM JAN 1 3777 HIGHEST SLP 30.34 ON 30
DPTR FM NORMAL 426 LOWEST SLP 29.81 ON 25
[REMARKS]
#FINAL-10-20#