000
CXUS54 KCRP 011642
CLMCRP
CLIMATE REPORT
NATIONAL WEATHER SERVICE CORPUS CHRISTI TX
1116 AM CDT SAT APR 01 2023
...................................
...THE CORPUS CHRISTI CLIMATE SUMMARY FOR THE MONTH OF MARCH 2023...
CLIMATE NORMAL PERIOD 1991 TO 2020
CLIMATE RECORD PERIOD 1887 TO 2023
WEATHER OBSERVED NORMAL DEPART LAST YEAR`S
VALUE DATE(S) VALUE FROM VALUE DATE(S)
NORMAL
................................................................
TEMPERATURE (F)
RECORD
HIGH 102 03/30/1989
LOW 24 03/02/1980
HIGHEST 99 03/12 76 23 94 03/30
LOWEST 46 03/19 56 -10 32 03/01
AVG. MAXIMUM 81.1 76.7 4.4 77.6
AVG. MINIMUM 63.1 58.1 5.0 51.4
MEAN 72.1 67.4 4.7 64.5
DAYS MAX >= 90 3 0.9 2.1 1
DAYS MAX <= 32 0 0.0 0.0 0
DAYS MIN <= 32 0 0.1 -0.1 1
DAYS MIN <= 0 0 0.0 0.0 0
PRECIPITATION (INCHES)
RECORD
MAXIMUM 7.69 1903
MINIMUM 0.00 1916
TOTALS 0.72 2.28 -1.56 0.70
DAILY AVG. 0.02 0.07 -0.05 0.02
DAYS >= .01 5 6.2 -1.2 3
DAYS >= .10 1 2.9 -1.9 2
DAYS >= .50 1 1.4 -0.4 1
DAYS >= 1.00 0 0.7 -0.7 0
GREATEST
24 HR. TOTAL 0.61 03/17 TO 03/17 0.58
SNOWFALL (INCHES)
RECORDS
TOTAL 0.2 1932
24 HR TOTAL 0.2 03/10/1932 TO 03/10/1932
TOTALS 0.0 0.0 0.0 0.0
SINCE 7/1 0.0 0.2 -0.2 MM
SNOWDEPTH AVG. 0 0
DAYS >= 1.0 0 0.0 0.0 0
GREATEST
SNOW DEPTH 0 0
24 HR TOTAL MM MM
DEGREE DAYS
HEATING TOTAL 37 67 -30 115
SINCE 7/1 716 790 -74 MM
COOLING TOTAL 266 141 125 106
SINCE 1/1 490 237 253 MM
................................................................
WIND (MPH)
AVERAGE WIND SPEED 15.2
HIGHEST WIND SPEED/DIRECTION 48/340 DATE 03/02
HIGHEST GUST SPEED/DIRECTION 68/310 DATE 03/02
SKY COVER
AVERAGE SKY COVER 0.74
AVERAGE RH (PERCENT) 72
WEATHER CONDITIONS. NUMBER OF DAYS WITH
THUNDERSTORM 4 MIXED PRECIP 0
HEAVY RAIN 1 RAIN 1
LIGHT RAIN 17 FREEZING RAIN 0
LT FREEZING RAIN 0 HAIL 0
HEAVY SNOW 0 SNOW 0
LIGHT SNOW 0 SLEET 0
FOG 18 FOG W/VIS <= 1/4 MILE 2
HAZE 4
- INDICATES NEGATIVE NUMBERS.
R INDICATES RECORD WAS SET OR TIED.
MM INDICATES DATA IS MISSING.
T INDICATES TRACE AMOUNT.
$$