000
CXUS56 KSGX 011045
CF6CRQ
PRELIMINARY LOCAL CLIMATOLOGICAL DATA (WS FORM: F-6)
STATION: CARLSBAD PALOMAR AIRPORT CA
MONTH: JULY
YEAR: 2021
LATITUDE: 33 7 N
LONGITUDE: 117 17 W
TEMPERATURE IN F: :PCPN: SNOW: WIND :SUNSHINE: SKY :PK WND
================================================================================
1 2 3 4 5 6A 6B 7 8 9 10 11 12 13 14 15 16 17 18
12Z AVG MX 2MIN
DY MAX MIN AVG DEP HDD CDD WTR SNW DPTH SPD SPD DIR MIN PSBL S-S WX SPD DR
================================================================================
1 71 63 67 0 0 2 0.00 M M 4.4 12 250 M M 5 18 250
2 70 63 67 -1 0 2 0.00 M M 4.0 13 260 M M 7 18 18 250
3 71 62 67 -1 0 2 0.00 M M 4.2 12 240 M M 8 18 16 260
4 68 63 66 -2 0 1 0.00 M M 4.9 12 230 M M 7 17 250
5 70 63 67 -1 0 2 0.00 M M 4.1 14 240 M M 6 1 17 260
6 69 63 66 -2 0 1 0.00 M M 5.1 13 240 M M 5 17 250
7 69 62 66 -2 0 1 0.00 M M 4.9 12 240 M M 4 19 250
8 72 64 68 0 0 3 0.00 M M 4.4 12 230 M M 1 18 16 250
9 74 65 70 1 0 5 0.00 M M 4.5 10 250 M M 0 1 14 270
10 77 67 72 3 0 7 0.00 M M 4.8 10 240 M M 1 18 15 260
11 73 65 69 0 0 4 0.00 M M 6.0 15 220 M M 3 18 220
12 72 65 69 0 0 4 0.00 M M 4.8 14 230 M M 5 19 240
13 73 65 69 0 0 4 0.00 M M 4.5 13 230 M M 2 17 250
14 73 66 70 1 0 5 0.00 M M 5.0 12 250 M M 4 18 260
15 73 67 70 1 0 5 0.00 M M 4.3 12 250 M M 4 16 260
16 74 66 70 1 0 5 0.00 M M 5.3 13 250 M M 3 17 270
17 73 66 70 1 0 5 0.00 M M 4.3 13 240 M M 3 16 260
18 77 67 72 2 0 7 0.06 M M 4.8 13 240 M M 2 13 17 270
19 76 67 72 2 0 7 0.00 M M 4.4 13 250 M M 0 22 260
20 78 67 73 3 0 8 0.00 M M 4.5 12 240 M M 2 18 18 250
21 76 67 72 2 0 7 0.00 M M 5.4 12 260 M M 2 1 16 260
22 75 67 71 1 0 6 0.00 M M 6.2 14 210 M M 5 18 20 230
23 73 65 69 -1 0 4 0.00 M M 4.9 12 250 M M 5 18 16 240
24 73 66 70 0 0 5 T M M 4.3 12 240 M M 8 18 15 240
25 73 66 70 0 0 5 T M M 4.1 13 230 M M 7 16 230
26 70 66 68 -2 0 3 0.10 M M 3.4 9 250 M M 10 1 12 260
27 73 66 70 0 0 5 0.00 M M 4.1 10 260 M M 7 18 16 300
28 75 64 70 0 0 5 0.00 M M 4.3 12 250 M M 2 1 17 250
29 73 63 68 -2 0 3 0.00 M M 3.8 12 250 M M 2 128 16 250
30 72 62 67 -3 0 2 0.00 M M 3.5 12 260 M M 6 128 16 270
31 71 61 66 -4 0 1 0.00 M M 3.2 12 260 M M 4 128 16 260
================================================================================
SM 2257 2009 0 126 0.16 M 140.4 M 130
================================================================================
AV 72.8 64.8 4.5 FASTST M M 4 MAX(MPH)
MISC ----> 15 220 22 260
================================================================================
NOTES:
# LAST OF SEVERAL OCCURRENCES
COLUMN 17 PEAK WIND IN M.P.H.
PRELIMINARY LOCAL CLIMATOLOGICAL DATA (WS FORM: F-6) , PAGE 2
STATION: CARLSBAD PALOMAR AIRPORT CA
MONTH: JULY
YEAR: 2021
LATITUDE: 33 7 N
LONGITUDE: 117 17 W
[TEMPERATURE DATA] [PRECIPITATION DATA] SYMBOLS USED IN COLUMN 16
AVERAGE MONTHLY: 68.8 TOTAL FOR MONTH: 0.16 1 = FOG OR MIST
DPTR FM NORMAL: -0.4 DPTR FM NORMAL: 0.08 2 = FOG REDUCING VISIBILITY
HIGHEST: 78 ON 20 GRTST 24HR 0.10 ON 25-26 TO 1/4 MILE OR LESS
LOWEST: 61 ON 31 3 = THUNDER
SNOW, ICE PELLETS, HAIL 4 = ICE PELLETS
TOTAL MONTH: M 5 = HAIL
GRTST 24HR M ON M 6 = FREEZING RAIN OR DRIZZLE
GRTST DEPTH: M ON M 7 = DUSTSTORM OR SANDSTORM:
VSBY 1/2 MILE OR LESS
8 = SMOKE OR HAZE
[NO. OF DAYS WITH] [WEATHER - DAYS WITH] 9 = BLOWING SNOW
X = TORNADO
MAX 32 OR BELOW: 0 0.01 INCH OR MORE: 2
MAX 90 OR ABOVE: 0 0.10 INCH OR MORE: 1
MIN 32 OR BELOW: 0 0.50 INCH OR MORE: 0
MIN 0 OR BELOW: 0 1.00 INCH OR MORE: 0
[HDD (BASE 65) ]
TOTAL THIS MO. 0 CLEAR (SCALE 0-3) 11
DPTR FM NORMAL -2 PTCLDY (SCALE 4-7) 19
TOTAL FM JUL 1 0 CLOUDY (SCALE 8-10) 1
DPTR FM NORMAL 0
[CDD (BASE 65) ]
TOTAL THIS MO. 126
DPTR FM NORMAL -4 [PRESSURE DATA]
TOTAL FM JAN 1 184 HIGHEST SLP 30.04 ON 23
DPTR FM NORMAL -13 LOWEST SLP 29.78 ON 7
[REMARKS]
#FINAL-07-21#