000
CXUS54 KFWD 010730
CF6CRS
PRELIMINARY LOCAL CLIMATOLOGICAL DATA (WS FORM: F-6)
STATION: CORSICANA
MONTH: JULY
YEAR: 2020
LATITUDE: 32 1 N
LONGITUDE: 96 24 W
TEMPERATURE IN F: :PCPN: SNOW: WIND :SUNSHINE: SKY :PK WND
================================================================================
1 2 3 4 5 6A 6B 7 8 9 10 11 12 13 14 15 16 17 18
12Z AVG MX 2MIN
DY MAX MIN AVG DEP HDD CDD WTR SNW DPTH SPD SPD DIR MIN PSBL S-S WX SPD DR
================================================================================
1 93 80 87 5 0 22 0.00 0.0 0 12.4 21 200 M M 6 30 200
2 98 79 89 7 0 24 T 0.0 0 8.6 17 330 M M 5 18 26 330
3 100 74 87 5 0 22 T 0.0 0 8.1 20 130 M M 0 8 26 140
4 98 71 85 2 0 20 0.00 0.0 0 6.2 15 220 M M 1 19 220
5 95 77 86 3 0 21 T 0.0 0 6.4 16 240 M M 3 23 240
6 93 73 83 0 0 18 2.35 0.0 0 7.1 28 290 M M 7 13 40 300
7 84 72 78 -5 0 13 1.47 0.0 0 5.7 29 240 M M 5 13 40 230
8 95 75 85 2 0 20 0.00 0.0 0 9.0 16 160 M M 3 1 23 160
9 95 78 87 4 0 22 0.00 0.0 0 10.7 20 190 M M 3 28 180
10 95 76 86 3 0 21 0.00 0.0 0 7.7 16 210 M M 1 22 200
11 96 79 88 5 0 23 0.00 0.0 0 8.0 15 220 M M 0 19 220
12 99 78 89 6 0 24 0.00 0.0 0 7.4 23 20 M M 1 38 10
13 99 79 89 6 0 24 0.00 0.0 0 9.7 16 140 M M 0 23 140
14 98 77 88 5 0 23 0.00 0.0 0 12.2 18 140 M M 0 26 180
15 94 79 87 3 0 22 0.00 0.0 0 11.7 21 190 M M 2 28 180
16 96 78 87 3 0 22 0.00 0.0 0 8.2 15 190 M M 0 22 200
17 95 78 87 3 0 22 0.00 0.0 0 7.0 14 120 M M 0 20 160
18 93 76 85 1 0 20 0.00 0.0 0 8.3 15 150 M M 2 25 130
19 95 75 85 1 0 20 0.00 0.0 0 7.2 13 140 M M 1 19 120
20 95 76 86 2 0 21 0.00 0.0 0 7.1 22 130 M M 1 30 130
21 91 76 84 0 0 19 0.04 0.0 0 6.7 15 100 M M 6 21 130
22 93 77 85 1 0 20 0.00 0.0 0 6.8 18 130 M M 4 24 130
23 96 77 87 3 0 22 0.00 0.0 0 5.5 13 110 M M 1 19 110
24 95 77 86 2 0 21 T 0.0 M 7.9 18 130 M M 3 27 120
25 93 78 86 2 0 21 T 0.0 M 8.3 22 170 M M 6 28 170
26 93 76 85 1 0 20 0.01 0.0 0 7.8 20 180 M M 6 1 26 220
27 92 74 83 -1 0 18 T 0.0 0 4.3 9 160 M M 5 1 13 120
28 93 76 85 1 0 20 0.32 0.0 0 5.7 28 320 M M 3 138 39 310
29 95 77 86 2 0 21 0.00 0.0 0 10.2 24 160 M M 1 33 170
30 97 78 88 3 0 23 0.00 0.0 0 12.1 21 190 M M 1 29 190
31 93 77 85 0 0 20 0.00 0.0 0 7.7 21 250 M M 4 29 220
================================================================================
SM 2937 2373 0 649 4.19 0.0 251.7 M 81
================================================================================
AV 94.7 76.6 8.1 FASTST M M 3 MAX(MPH)
MISC ----> # 29 240 # 40 300
================================================================================
NOTES:
# LAST OF SEVERAL OCCURRENCES
COLUMN 17 PEAK WIND IN M.P.H.
PRELIMINARY LOCAL CLIMATOLOGICAL DATA (WS FORM: F-6) , PAGE 2
STATION: CORSICANA
MONTH: JULY
YEAR: 2020
LATITUDE: 32 1 N
LONGITUDE: 96 24 W
[TEMPERATURE DATA] [PRECIPITATION DATA] SYMBOLS USED IN COLUMN 16
AVERAGE MONTHLY: 85.7 TOTAL FOR MONTH: 4.19 1 = FOG OR MIST
DPTR FM NORMAL: 2.0 DPTR FM NORMAL: 2.08 2 = FOG REDUCING VISIBILITY
HIGHEST: 100 ON 3 GRTST 24HR 2.35 ON 6- 6 TO 1/4 MILE OR LESS
LOWEST: 71 ON 4 3 = THUNDER
SNOW, ICE PELLETS, HAIL 4 = ICE PELLETS
TOTAL MONTH: 0.0 INCH 5 = HAIL
GRTST 24HR 0.0 6 = FREEZING RAIN OR DRIZZLE
GRTST DEPTH: 0 7 = DUSTSTORM OR SANDSTORM:
VSBY 1/2 MILE OR LESS
8 = SMOKE OR HAZE
[NO. OF DAYS WITH] [WEATHER - DAYS WITH] 9 = BLOWING SNOW
X = TORNADO
MAX 32 OR BELOW: 0 0.01 INCH OR MORE: 5
MAX 90 OR ABOVE: 30 0.10 INCH OR MORE: 3
MIN 32 OR BELOW: 0 0.50 INCH OR MORE: 2
MIN 0 OR BELOW: 0 1.00 INCH OR MORE: 2
[HDD (BASE 65) ]
TOTAL THIS MO. 0 CLEAR (SCALE 0-3) 20
DPTR FM NORMAL 0 PTCLDY (SCALE 4-7) 11
TOTAL FM JUL 1 0 CLOUDY (SCALE 8-10) 0
DPTR FM NORMAL 0
[CDD (BASE 65) ]
TOTAL THIS MO. 649
DPTR FM NORMAL 74 [PRESSURE DATA]
TOTAL FM JAN 1 1661 HIGHEST SLP M ON M
DPTR FM NORMAL 209 LOWEST SLP 29.74 ON M
[REMARKS]
#FINAL-07-20#