000
CXUS54 KOUN 010700
CF6CSM
PRELIMINARY LOCAL CLIMATOLOGICAL DATA (WS FORM: F-6)
STATION: CLINTON
MONTH: MARCH
YEAR: 2020
LATITUDE: 35 20 N
LONGITUDE: 99 12 W
TEMPERATURE IN F: :PCPN: SNOW: WIND :SUNSHINE: SKY :PK WND
================================================================================
1 2 3 4 5 6A 6B 7 8 9 10 11 12 13 14 15 16 17 18
12Z AVG MX 2MIN
DY MAX MIN AVG DEP HDD CDD WTR SNW DPTH SPD SPD DIR MIN PSBL S-S WX SPD DR
================================================================================
1 76 42 59 13 6 0 0.00 0.0 0 12.9 24 180 M M 0 29 180
2 59 37 48 2 17 0 0.00 0.0 0 12.6 26 360 M M 1 33 360
3 62 40 51 5 14 0 0.00 0.0 0 10.4 17 10 M M 0 21 10
4 54 31 43 -4 22 0 0.00 0.0 0 10.1 22 30 M M 0 26 30
5 64 31 48 1 17 0 0.00 0.0 0 13.5 32 30 M M 0 40 30
6 63 29 46 -1 19 0 0.00 0.0 0 10.1 21 170 M M 0 26 160
7 66 36 51 3 14 0 0.00 0.0 0 20.7 32 170 M M 0 39 160
8 53 43 48 0 17 0 0.19 M 0 23.0 33 170 M M 6 1 40 170
9 63 45 54 6 11 0 0.16 0.0 0 16.1 33 180 M M 1 1 40 180
10 69 37 53 5 12 0 0.00 0.0 0 12.1 21 160 M M 0 24 180
11 72 52 62 13 3 0 0.00 0.0 0 10.9 23 340 M M 1 27 340
12 79 52 66 17 0 1 0.00 0.0 0 15.8 25 40 M M 0 30 40
13 53 39 46 -3 19 0 0.26 M 0 17.9 30 290 M M 8 1 36 40
14 50 40 45 -5 20 0 0.17 M 0 12.1 20 30 M M 10 13 23 30
15 43 38 41 -9 24 0 0.56 M 0 11.3 20 50 M M 10 13 23 40
16 55 41 48 -2 17 0 0.03 M 0 6.5 16 190 M M 10 12 20 180
17 52 46 49 -1 16 0 0.51 M 0 13.4 22 110 M M 9 123 27 110
18 71 50 61 10 4 0 0.18 0.0 0 13.6 23 150 M M 5 123 27 150
19 72 47 60 9 5 0 0.01 0.0 0 18.5 35 230 M M 2 1 43 240
20 48 30 39 -13 26 0 0.00 0.0 M 20.0 37 330 M M 3 47 330
21 45 27 36 -16 29 0 0.28 0.0 0 6.9 18 70 M M 4 13 21 60
22 56 40 48 -4 17 0 0.02 0.0 0 11.5 20 170 M M 7 1 23 160
23 67 50 59 7 6 0 0.00 0.0 0 11.8 24 170 M M 8 12 30 160
24 70 52 61 8 4 0 0.00 0.0 0 10.5 26 190 M M 5 1 33 200
25 83 49 66 13 0 1 0.00 0.0 0 14.5 26 200 M M 0 32 180
26 91 51 71 18 0 6 0.00 0.0 0 13.6 24 180 M M 0 30 190
27 79 57 68 14 0 3 0.00 0.0 0 9.3 18 170 M M 1 1 22 160
28 68 44 56 2 9 0 T 0.0 0 18.7 30 300 M M 1 3 38 320
29 66 34 50 -4 15 0 0.00 0.0 0 7.7 14 150 M M 0 18 150
30 57 48 53 -1 12 0 0.39 M 0 10.9 24 100 M M 7 13 30 100
31 63 47 55 0 10 0 0.01 M 0 7.8 15 190 M M 6 1 19 190
================================================================================
SM 1969 1305 385 11 2.77 0.0 404.7 M 105
================================================================================
AV 63.5 42.1 13.1 FASTST M M 3 MAX(MPH)
MISC ----> # 37 330 # 47 330
================================================================================
NOTES:
# LAST OF SEVERAL OCCURRENCES
COLUMN 17 PEAK WIND IN M.P.H.
PRELIMINARY LOCAL CLIMATOLOGICAL DATA (WS FORM: F-6) , PAGE 2
STATION: CLINTON
MONTH: MARCH
YEAR: 2020
LATITUDE: 35 20 N
LONGITUDE: 99 12 W
[TEMPERATURE DATA] [PRECIPITATION DATA] SYMBOLS USED IN COLUMN 16
AVERAGE MONTHLY: 52.8 TOTAL FOR MONTH: 2.77 1 = FOG OR MIST
DPTR FM NORMAL: 2.6 DPTR FM NORMAL: 0.59 2 = FOG REDUCING VISIBILITY
HIGHEST: 91 ON 26 GRTST 24HR 0.56 ON 15-15 TO 1/4 MILE OR LESS
LOWEST: 27 ON 21 3 = THUNDER
SNOW, ICE PELLETS, HAIL 4 = ICE PELLETS
TOTAL MONTH: 0.0 INCH 5 = HAIL
GRTST 24HR 0.0 6 = FREEZING RAIN OR DRIZZLE
GRTST DEPTH: 0 7 = DUSTSTORM OR SANDSTORM:
VSBY 1/2 MILE OR LESS
8 = SMOKE OR HAZE
[NO. OF DAYS WITH] [WEATHER - DAYS WITH] 9 = BLOWING SNOW
X = TORNADO
MAX 32 OR BELOW: 0 0.01 INCH OR MORE: 13
MAX 90 OR ABOVE: 1 0.10 INCH OR MORE: 9
MIN 32 OR BELOW: 5 0.50 INCH OR MORE: 2
MIN 0 OR BELOW: 0 1.00 INCH OR MORE: 0
[HDD (BASE 65) ]
TOTAL THIS MO. 385 CLEAR (SCALE 0-3) 18
DPTR FM NORMAL -79 PTCLDY (SCALE 4-7) 8
TOTAL FM JUL 1 3477 CLOUDY (SCALE 8-10) 5
DPTR FM NORMAL 103
[CDD (BASE 65) ]
TOTAL THIS MO. 11
DPTR FM NORMAL 6 [PRESSURE DATA]
TOTAL FM JAN 1 11 HIGHEST SLP M ON M
DPTR FM NORMAL 6 LOWEST SLP 29.53 ON 28
[REMARKS]
#FINAL-03-20#