000
CXUS52 KCAE 011400
CF6CUB
PRELIMINARY LOCAL CLIMATOLOGICAL DATA (WS FORM: F-6)
STATION: HAMILTON - OWENS AIRPORT SC
MONTH: OCTOBER
YEAR: 2023
LATITUDE: 33 58 N
LONGITUDE: 80 59 W
TEMPERATURE IN F: :PCPN: SNOW: WIND :SUNSHINE: SKY :PK WND
================================================================================
1 2 3 4 5 6A 6B 7 8 9 10 11 12 13 14 15 16 17 18
12Z AVG MX 2MIN
DY MAX MIN AVG DEP HDD CDD WTR SNW DPTH SPD SPD DIR MIN PSBL S-S WX SPD DR
================================================================================
1 82 61 72 0 0 7 0.00 M M 2.1 9 70 M M 1 18 80
2 85 59 72 0 0 7 0.00 M M 1.2 8 60 M M 0 13 70
3 86 60 73 1 0 8 0.00 M M 1.9 9 20 M M 0 8 15 50
4 84 62 73 2 0 8 0.00 M M 1.8 9 70 M M 1 14 50
5 83 58 71 0 0 6 0.00 M M 1.4 8 60 M M 2 12 70
6 84 66 75 5 0 10 0.00 M M 0.6 8 240 M M 1 10 190
7 79 57 68 -2 0 3 0.00 M M 4.8 16 270 M M 3 26 290
8 69 43 56 -14 9 0 0.00 M M 2.4 15 260 M M 0 22 270
9 75 43 59 -10 6 0 0.00 M M 2.8 13 220 M M 0 18 250
10 83 48 66 -3 0 1 0.00 M M 3.6 15 220 M M 0 22 250
11 74 56 65 -3 0 0 0.07 M M 0.6 8 160 M M 3 18 10 170
12 66 60 63 -5 2 0 1.14 M M 3.0 9 70 M M 9 1 17 70
13 75 57 66 -2 0 1 0.05 M M 2.1 9 130 M M 9 18 19 130
14 77 63 70 3 0 5 0.15 M M 6.2 20 270 M M 7 1 24 280
15 69 52 61 -6 4 0 0.01 M M 3.2 10 320 M M 5 14 330
16 65 52 59 -7 6 0 T M M 4.7 13 290 M M 7 18 310
17 69 44 57 -9 8 0 0.00 M M 2.2 9 300 M M 4 14 280
18 72 49 61 -4 4 0 0.00 M M 1.1 9 260 M M 2 12 250
19 73 46 60 -5 5 0 0.00 M M 0.8 9 200 M M 0 13 150
20 71 52 62 -3 3 0 0.19 M M 3.4 26 310 M M 5 138 40 310
21 73 45 59 -5 6 0 0.00 M M 4.0 16 260 M M 0 1 23 260
22 79 51 65 1 0 0 0.00 M M 3.1 12 290 M M 0 22 300
23 71 45 58 -5 7 0 0.00 M M 1.2 9 70 M M 0 13 60
24 74 42 58 -5 7 0 0.00 M M 1.2 8 90 M M 0 1 11 100
25 80 47 64 2 1 0 0.00 M M 0.7 7 120 M M 1 8 11 110
26 81 55 68 6 0 3 0.00 M M 2.0 9 170 M M 1 12 130
27 81 57 69 7 0 4 0.00 M M 1.2 9 270 M M 2 13 280
28 83 56 70 9 0 5 0.00 M M 1.2 9 280 M M 0 1 13 300
29 84 56 70 9 0 5 0.00 M M 2.9 13 260 M M 0 1 18 280
30 84 58 71 11 0 6 0.00 M M 3.4 14 270 M M 0 1 19 210
31 66 52 59 -1 6 0 T M M 3.2 10 60 M M 6 18 30
================================================================================
SM 2377 1652 74 79 1.61 M 74.0 M 69
================================================================================
AV 76.7 53.3 2.4 FASTST M M 2 MAX(MPH)
MISC ----> 26 310 40 310
================================================================================
NOTES:
# LAST OF SEVERAL OCCURRENCES
COLUMN 17 PEAK WIND IN M.P.H.
PRELIMINARY LOCAL CLIMATOLOGICAL DATA (WS FORM: F-6) , PAGE 2
STATION: HAMILTON - OWENS AIRPORT SC
MONTH: OCTOBER
YEAR: 2023
LATITUDE: 33 58 N
LONGITUDE: 80 59 W
[TEMPERATURE DATA] [PRECIPITATION DATA] SYMBOLS USED IN COLUMN 16
AVERAGE MONTHLY: 65.0 TOTAL FOR MONTH: 1.61 1 = FOG OR MIST
DPTR FM NORMAL: -1.3 DPTR FM NORMAL: -1.46 2 = FOG REDUCING VISIBILITY
HIGHEST: 86 ON 3 GRTST 24HR 1.21 ON 11-12 TO 1/4 MILE OR LESS
LOWEST: 42 ON 24 3 = THUNDER
SNOW, ICE PELLETS, HAIL 4 = ICE PELLETS
TOTAL MONTH: M 5 = HAIL
GRTST 24HR M ON M 6 = FREEZING RAIN OR DRIZZLE
GRTST DEPTH: M ON M 7 = DUSTSTORM OR SANDSTORM:
VSBY 1/2 MILE OR LESS
8 = SMOKE OR HAZE
[NO. OF DAYS WITH] [WEATHER - DAYS WITH] 9 = BLOWING SNOW
X = TORNADO
MAX 32 OR BELOW: 0 0.01 INCH OR MORE: 6
MAX 90 OR ABOVE: 0 0.10 INCH OR MORE: 3
MIN 32 OR BELOW: 0 0.50 INCH OR MORE: 1
MIN 0 OR BELOW: 0 1.00 INCH OR MORE: 1
[HDD (BASE 65) ]
TOTAL THIS MO. 74 CLEAR (SCALE 0-3) 23
DPTR FM NORMAL -4 PTCLDY (SCALE 4-7) 6
TOTAL FM JUL 1 74 CLOUDY (SCALE 8-10) 2
DPTR FM NORMAL -6
[CDD (BASE 65) ]
TOTAL THIS MO. 79
DPTR FM NORMAL -37 [PRESSURE DATA]
TOTAL FM JAN 1 2140 HIGHEST SLP 30.41 ON 25
DPTR FM NORMAL -260 LOWEST SLP 29.60 ON 20
[REMARKS]
#FINAL-10-23#