000
CXUS52 KCAE 011807
CLMCUB
CLIMATE REPORT
NATIONAL WEATHER SERVICE COLUMBIA SC
207 PM EDT THU JUN 01 2023
...................................
...THE HAMILTON - OWENS AIRPORT SC CLIMATE SUMMARY FOR THE MONTH OF MAY 2023...
CLIMATE NORMAL PERIOD: 1991 TO 2020
CLIMATE RECORD PERIOD: 9999 TO 9999
WEATHER OBSERVED NORMAL DEPART LAST YEAR`S
VALUE DATE(S) VALUE FROM VALUE
NORMAL
..............................................................
TEMPERATURE (F)
HIGHEST 92 05/09 MM MM
LOWEST 43R 05/04 MM MM
AVG. MAXIMUM 78.9 84.1 -5.2
AVG. MINIMUM 59.0 62.1 -3.1
MEAN 69.0 73.1 -4.1
DAYS MAX >= 90 1 7.1 -6.1
DAYS MAX <= 32 0 0.0 0.0
DAYS MIN <= 32 0 0.0 0.0
DAYS MIN <= 0 0 0.0 0.0
PRECIPITATION (INCHES)
TOTALS 3.30 2.95 0.35
DAYS >= .01 7 9.8 -2.8
DAYS >= .10 5 5.5 -0.5
DAYS >= .50 2 2.5 -0.5
DAYS >= 1.00 1 1.0 0.0
GREATEST
24 HR. TOTAL 1.85 05/18 TO 05/19
DAYS >= TRACE MM
DEGREE DAYS
HEATING TOTAL 33 11 22
SINCE 7/1 1862 2205 -343
COOLING TOTAL 162 262 -100
SINCE 1/1 301 391 -90
..............................................................
WIND (MPH)
AVERAGE WIND SPEED 4.2
RESULTANT WIND SPEED/DIRECTION 1/160
HIGHEST WIND SPEED/DIRECTION 29/260 DATE 05/02
HIGHEST GUST SPEED/DIRECTION 40/250 DATE 05/02
SKY COVER
POSSIBLE SUNSHINE (PERCENT) MM
AVERAGE SKY COVER 0.37
NUMBER OF DAYS FAIR 19
NUMBER OF DAYS PC 7
NUMBER OF DAYS CLOUDY 5
AVERAGE RH (PERCENT) 65
WEATHER CONDITIONS. NUMBER OF DAYS WITH
THUNDERSTORM 2 MIXED PRECIP 0
HEAVY RAIN 3 RAIN 5
LIGHT RAIN 9 FREEZING RAIN 0
LT FREEZING RAIN 0 HAIL 0
HEAVY SNOW 0 SNOW 0
LIGHT SNOW 0 SLEET 0
FOG 8 FOG W/VIS <= 1/4 MILE 0
HAZE 7
- INDICATES NEGATIVE NUMBERS.
R INDICATES RECORD WAS SET OR TIED.
MM INDICATES DATA IS MISSING.
T INDICATES TRACE AMOUNT.
$$