000
CXUS52 KCAE 011846
CLMCUB
CLIMATE REPORT
NATIONAL WEATHER SERVICE COLUMBIA SC
246 PM EDT WED NOV 01 2023
...................................
...THE HAMILTON - OWENS AIRPORT SC CLIMATE SUMMARY FOR THE MONTH OF OCTOBER 2023...
CLIMATE NORMAL PERIOD: 1991 TO 2020
CLIMATE RECORD PERIOD: 9999 TO 9999
WEATHER OBSERVED NORMAL DEPART LAST YEAR`S
VALUE DATE(S) VALUE FROM VALUE
NORMAL
..............................................................
TEMPERATURE (F)
HIGHEST 86 10/03 MM MM
LOWEST 42 10/24 MM MM
AVG. MAXIMUM 76.7 77.0 -0.3
AVG. MINIMUM 53.3 55.5 -2.2
MEAN 65.0 66.3 -1.3
DAYS MAX >= 90 0 0.9 -0.9
DAYS MAX <= 32 0 0.0 0.0
DAYS MIN <= 32 0 0.0 0.0
DAYS MIN <= 0 0 0.0 0.0
PRECIPITATION (INCHES)
TOTALS 1.61 3.07 -1.46
DAYS >= .01 6 7.2 -1.2
DAYS >= .10 3 4.0 -1.0
DAYS >= .50 1 1.5 -0.5
DAYS >= 1.00 1 0.9 0.1
GREATEST
24 HR. TOTAL 1.21 10/11 TO 10/12
DAYS >= TRACE MM
DEGREE DAYS
HEATING TOTAL 74 78 -4
SINCE 7/1 74 80 -6
COOLING TOTAL 79 116 -37
SINCE 1/1 2140 2400 -260
..............................................................
WIND (MPH)
AVERAGE WIND SPEED 2.4
RESULTANT WIND SPEED/DIRECTION 0/190
HIGHEST WIND SPEED/DIRECTION 26/310 DATE 10/20
HIGHEST GUST SPEED/DIRECTION 40/310 DATE 10/20
SKY COVER
POSSIBLE SUNSHINE (PERCENT) MM
AVERAGE SKY COVER 0.22
NUMBER OF DAYS FAIR 23
NUMBER OF DAYS PC 6
NUMBER OF DAYS CLOUDY 2
AVERAGE RH (PERCENT) 68
WEATHER CONDITIONS. NUMBER OF DAYS WITH
THUNDERSTORM 1 MIXED PRECIP 0
HEAVY RAIN 1 RAIN 4
LIGHT RAIN 7 FREEZING RAIN 0
LT FREEZING RAIN 0 HAIL 0
HEAVY SNOW 0 SNOW 0
LIGHT SNOW 0 SLEET 0
FOG 10 FOG W/VIS <= 1/4 MILE 0
HAZE 5
- INDICATES NEGATIVE NUMBERS.
R INDICATES RECORD WAS SET OR TIED.
MM INDICATES DATA IS MISSING.
T INDICATES TRACE AMOUNT.
$$