000
CXUS51 KILN 010600
CF6CVG
PRELIMINARY LOCAL CLIMATOLOGICAL DATA (WS FORM: F-6)
STATION: CINCINNATI OH
MONTH: MARCH
YEAR: 2021
LATITUDE: 39 2 N
LONGITUDE: 84 40 W
TEMPERATURE IN F: :PCPN: SNOW: WIND :SUNSHINE: SKY :PK WND
================================================================================
1 2 3 4 5 6A 6B 7 8 9 10 11 12 13 14 15 16 17 18
12Z AVG MX 2MIN
DY MAX MIN AVG DEP HDD CDD WTR SNW DPTH SPD SPD DIR MIN PSBL S-S WX SPD DR
================================================================================
1 52 30 41 3 24 0 T 0.0 0 13.8 24 310 M M 7 31 340
2 46 23 35 -4 30 0 0.00 0.0 0 6.6 15 30 M M 0 19 350
3 62 26 44 5 21 0 0.00 0.0 0 8.0 16 230 M M 0 23 220
4 52 31 42 3 23 0 0.00 0.0 0 12.7 23 20 M M 1 31 350
5 48 24 36 -4 29 0 0.00 0.0 0 7.9 17 320 M M 3 22 360
6 47 26 37 -3 28 0 0.00 0.0 0 7.0 17 350 M M 1 21 340
7 51 24 38 -2 27 0 0.00 0.0 0 5.2 13 10 M M 3 19 10
8 65 26 46 5 19 0 0.00 0.0 0 7.8 17 230 M M 5 25 230
9 67 34 51 10 14 0 0.00 0.0 0 7.5 18 180 M M 5 24 200
10 71 45 58 16 7 0 0.00 0.0 0 13.3 28 180 M M 6 35 210
11 66 54 60 18 5 0 0.57 0.0 0 12.6 25 200 M M 9 138 33 190
12 61 46 54 12 11 0 0.14 0.0 0 7.4 17 20 M M 9 1 22 10
13 52 39 46 3 19 0 0.00 0.0 0 6.7 21 10 M M 9 25 360
14 55 31 43 0 22 0 0.00 0.0 0 5.5 28 70 M M 8 34 70
15 43 33 38 -5 27 0 0.29 T 0 16.0 26 70 M M 10 146 33 70
16 57 38 48 4 17 0 T 0.0 0 6.9 17 320 M M 10 128 21 320
17 62 41 52 8 13 0 0.12 0.0 0 8.2 13 120 M M 10 128 16 100
18 56 40 48 4 17 0 0.40 0.0 0 14.4 32 20 M M 10 1 40 20
19 50 32 41 -4 24 0 0.00 0.0 0 19.0 28 50 M M 4 35 50
20 61 31 46 1 19 0 0.00 0.0 0 7.1 14 80 M M 0 15 70
21 66 38 52 7 13 0 0.00 0.0 0 4.8 12 140 M M 1 14 120
22 70 45 58 12 7 0 0.00 0.0 0 6.7 17 170 M M 6 20 160
23 71 50 61 15 4 0 T 0.0 0 9.8 21 150 M M 9 26 140
24 74 55 65 19 0 0 0.02 0.0 0 13.4 25 220 M M 6 37 190
25 65 48 57 10 8 0 0.47 0.0 0 10.4 33 180 M M 8 13 46 170
26 63 45 54 7 11 0 T 0.0 0 9.2 31 230 M M 8 45 230
27 73 43 58 10 7 0 T 0.0 0 8.2 17 160 M M 4 13 21 170
28 61 35 48 0 17 0 0.88 0.0 0 16.2 32 290 M M 8 13 42 280
29 59 31 45 -3 20 0 0.00 0.0 0 6.4 16 150 M M 1 20 160
30 74 40 57 9 8 0 0.10 0.0 0 12.8 26 180 M M 6 34 200
31 57 37 47 -2 18 0 0.24 0.0 0 14.5 30 330 M M 8 1 36 330
================================================================================
SM 1857 1141 509 0 3.23 T 306.0 M 175
================================================================================
AV 59.9 36.8 9.9 FASTST M M 6 MAX(MPH)
MISC ----> 33 180 46 170
================================================================================
NOTES:
# LAST OF SEVERAL OCCURRENCES
COLUMN 17 PEAK WIND IN M.P.H.
PRELIMINARY LOCAL CLIMATOLOGICAL DATA (WS FORM: F-6) , PAGE 2
STATION: CINCINNATI OH
MONTH: MARCH
YEAR: 2021
LATITUDE: 39 2 N
LONGITUDE: 84 40 W
[TEMPERATURE DATA] [PRECIPITATION DATA] SYMBOLS USED IN COLUMN 16
AVERAGE MONTHLY: 48.4 TOTAL FOR MONTH: 3.23 1 = FOG OR MIST
DPTR FM NORMAL: 4.8 DPTR FM NORMAL: -0.73 2 = FOG REDUCING VISIBILITY
HIGHEST: 74 ON 30,24 GRTST 24HR 0.88 ON 27-28 TO 1/4 MILE OR LESS
LOWEST: 23 ON 2 3 = THUNDER
SNOW, ICE PELLETS, HAIL 4 = ICE PELLETS
TOTAL MONTH: T 5 = HAIL
GRTST 24HR T ON 15-15 6 = FREEZING RAIN OR DRIZZLE
GRTST DEPTH: 0 7 = DUSTSTORM OR SANDSTORM:
VSBY 1/2 MILE OR LESS
8 = SMOKE OR HAZE
[NO. OF DAYS WITH] [WEATHER - DAYS WITH] 9 = BLOWING SNOW
X = TORNADO
MAX 32 OR BELOW: 0 0.01 INCH OR MORE: 10
MAX 90 OR ABOVE: 0 0.10 INCH OR MORE: 9
MIN 32 OR BELOW: 12 0.50 INCH OR MORE: 2
MIN 0 OR BELOW: 0 1.00 INCH OR MORE: 0
[HDD (BASE 65) ]
TOTAL THIS MO. 509 CLEAR (SCALE 0-3) 8
DPTR FM NORMAL -157 PTCLDY (SCALE 4-7) 15
TOTAL FM JUL 1 4153 CLOUDY (SCALE 8-10) 8
DPTR FM NORMAL -340
[CDD (BASE 65) ]
TOTAL THIS MO. 0
DPTR FM NORMAL 0 [PRESSURE DATA]
TOTAL FM JAN 1 0 HIGHEST SLP 30.54 ON 20
DPTR FM NORMAL 0 LOWEST SLP 29.47 ON 25
[REMARKS]
#FINAL-03-21#