000
CXUS51 KILN 010551
CF6CVG
PRELIMINARY LOCAL CLIMATOLOGICAL DATA (WS FORM: F-6)
STATION: CINCINNATI OH
MONTH: MARCH
YEAR: 2020
LATITUDE: 39 2 N
LONGITUDE: 84 40 W
TEMPERATURE IN F: :PCPN: SNOW: WIND :SUNSHINE: SKY :PK WND
================================================================================
1 2 3 4 5 6A 6B 7 8 9 10 11 12 13 14 15 16 17 18
12Z AVG MX 2MIN
DY MAX MIN AVG DEP HDD CDD WTR SNW DPTH SPD SPD DIR MIN PSBL S-S WX SPD DR
================================================================================
1 63 23 43 5 22 0 0.00 0.0 0 11.3 21 200 M M 5 28 190
2 58 49 54 15 11 0 0.17 0.0 0 11.1 24 230 M M 10 1 31 220
3 58 41 50 11 15 0 0.40 0.0 0 12.7 32 270 M M 7 13 41 260
4 63 32 48 9 17 0 0.00 0.0 0 11.3 26 310 M M 4 32 270
5 59 33 46 6 19 0 0.00 0.0 0 9.4 26 300 M M 6 35 290
6 47 33 40 0 25 0 T T 0 17.1 32 290 M M 9 1 38 290
7 50 27 39 -1 26 0 0.00 0.0 0 5.4 13 350 M M 3 23 90
8 65 29 47 6 18 0 0.00 0.0 0 9.6 20 200 M M 3 26 190
9 67 44 56 15 9 0 T 0.0 0 13.1 23 200 M M 8 31 200
10 60 44 52 10 13 0 0.42 0.0 0 11.7 24 280 M M 10 1 35 190
11 53 41 47 5 18 0 T 0.0 0 4.1 12 270 M M 9 18 15 250
12 64 42 53 11 12 0 0.47 0.0 0 7.9 23 130 M M 8 18 29 190
13 62 36 49 6 16 0 T 0.0 0 13.3 30 290 M M 8 39 300
14 44 35 40 -3 25 0 0.29 T 0 10.0 18 30 M M 10 1 24 80
15 46 34 40 -3 25 0 0.00 0.0 0 11.0 18 30 M M 10 25 50
16 48 39 44 0 21 0 0.01 0.0 0 5.9 14 160 M M 10 16 150
17 52 40 46 2 19 0 T 0.0 0 7.2 16 10 M M 8 18 21 10
18 62 37 50 6 15 0 1.08 0.0 0 8.9 17 270 M M 9 138 24 260
19 68 53 61 16 4 0 1.56 0.0 0 9.4 26 210 M M 10 1 34 210
20 73 38 56 11 9 0 0.30 0.0 0 16.9 26 320 M M 9 1 36 190
21 38 33 36 -9 29 0 0.00 0.0 0 10.7 18 350 M M 10 23 350
22 44 29 37 -9 28 0 0.01 0.0 0 9.3 22 70 M M 7 24 70
23 55 39 47 1 18 0 T 0.0 0 8.4 16 320 M M 7 18 19 320
24 54 37 46 0 19 0 0.17 0.0 0 10.4 21 30 M M 9 18 27 40
25 64 39 52 5 13 0 0.00 0.0 0 6.2 14 350 M M 3 18 22 360
26 69 42 56 9 9 0 0.02 0.0 0 9.4 23 170 M M 7 26 170
27 74 55 65 17 0 0 0.18 0.0 0 8.1 20 340 M M 9 18 22 20
28 81 58 70 22 0 5 0.38 0.0 0 11.0 22 230 M M 9 13 30 230
29 67 54 61 13 4 0 0.00 0.0 0 16.8 32 240 M M 4 48 240
30 61 47 54 6 11 0 0.00 0.0 0 15.5 31 280 M M 3 37 270
31 47 41 44 -5 21 0 T 0.0 0 8.8 16 350 M M 10 18 340
================================================================================
SM 1816 1224 491 5 5.46 T 321.9 M 234
================================================================================
AV 58.6 39.5 10.4 FASTST M M 8 MAX(MPH)
MISC ----> # 32 270 # 48 240
================================================================================
NOTES:
# LAST OF SEVERAL OCCURRENCES
COLUMN 17 PEAK WIND IN M.P.H.
PRELIMINARY LOCAL CLIMATOLOGICAL DATA (WS FORM: F-6) , PAGE 2
STATION: CINCINNATI OH
MONTH: MARCH
YEAR: 2020
LATITUDE: 39 2 N
LONGITUDE: 84 40 W
[TEMPERATURE DATA] [PRECIPITATION DATA] SYMBOLS USED IN COLUMN 16
AVERAGE MONTHLY: 49.0 TOTAL FOR MONTH: 5.46 1 = FOG OR MIST
DPTR FM NORMAL: 5.4 DPTR FM NORMAL: 1.50 2 = FOG REDUCING VISIBILITY
HIGHEST: 81 ON 28 GRTST 24HR 1.56 ON 19-19 TO 1/4 MILE OR LESS
LOWEST: 23 ON 1 3 = THUNDER
SNOW, ICE PELLETS, HAIL 4 = ICE PELLETS
TOTAL MONTH: T 5 = HAIL
GRTST 24HR T ON 14-14 6 = FREEZING RAIN OR DRIZZLE
GRTST DEPTH: 0 7 = DUSTSTORM OR SANDSTORM:
VSBY 1/2 MILE OR LESS
8 = SMOKE OR HAZE
[NO. OF DAYS WITH] [WEATHER - DAYS WITH] 9 = BLOWING SNOW
X = TORNADO
MAX 32 OR BELOW: 0 0.01 INCH OR MORE: 14
MAX 90 OR ABOVE: 0 0.10 INCH OR MORE: 11
MIN 32 OR BELOW: 5 0.50 INCH OR MORE: 2
MIN 0 OR BELOW: 0 1.00 INCH OR MORE: 2
[HDD (BASE 65) ]
TOTAL THIS MO. 491 CLEAR (SCALE 0-3) 2
DPTR FM NORMAL -175 PTCLDY (SCALE 4-7) 13
TOTAL FM JUL 1 3884 CLOUDY (SCALE 8-10) 16
DPTR FM NORMAL -609
[CDD (BASE 65) ]
TOTAL THIS MO. 5
DPTR FM NORMAL 5 [PRESSURE DATA]
TOTAL FM JAN 1 5 HIGHEST SLP 30.59 ON 7
DPTR FM NORMAL 5 LOWEST SLP 29.54 ON 3
[REMARKS]
#FINAL-03-20#