000
CXUS52 KCHS 012027
CF6CXM
PRELIMINARY LOCAL CLIMATOLOGICAL DATA (WS FORM: F-6)
STATION: DOWNTOWN CHARLESTON SC
MONTH: FEBRUARY
YEAR: 2023
LATITUDE: 32 46 N
LONGITUDE: 79 56 W
TEMPERATURE IN F: :PCPN: SNOW: WIND :SUNSHINE: SKY :PK WND
================================================================================
1 2 3 4 5 6A 6B 7 8 9 10 11 12 13 14 15 16 17 18
12Z AVG MX 2MIN
DY MAX MIN AVG DEP HDD CDD WTR SNW DPTH SPD SPD DIR MIN PSBL S-S WX SPD DR
================================================================================
1 77 54 66 15 0 1 0.00 M M M M M M M M M M
2 55 49 52 1 13 0 0.28 M M M M M M M M M M
3 57 47 52 1 13 0 0.23 M M M M M M M M M M
4 49 38 44 -8 21 0 0.00 M M M M M M M M M M
5 56 43 50 -2 15 0 0.37 M M M M M M M M M M
6 65 49 57 5 8 0 0.00 M M M M M M M M M M
7 69 47 58 6 7 0 0.00 M M M M M M M M M M
8 72 52 62 10 3 0 0.00 M M M M M M M M M M
9 71 56 64 12 1 0 0.01 M M M M M M M M M M
10 73 61 67 15 0 2 0.19 M M M M M M M M M M
11 63 50 57 5 8 0 1.65 M M M M M M M M M M
12 61 47 54 1 11 0 0.15 M M M M M M M M M M
13 66 44 55 2 10 0 0.00 M M M M M M M M M M
14 65 48 57 4 8 0 0.00 M M M M M M M M M M
15 73 55 64 11 1 0 0.00 M M M M M M M M M M
16 74 60 67 14 0 2 0.00 M M M M M M M M M M
17 70 52 61 7 4 0 0.04 M M M M M M M M M M
18 54 42 48 -6 17 0 0.00 M M M M M M M M M M
19 65 47 56 2 9 0 0.00 M M M M M M M M M M
20 71 55 63 9 2 0 0.00 M M M M M M M M M M
21 79 62 71 17 0 6 0.00 M M M M M M M M M M
22 73 62 68 14 0 3 0.00 M M M M M M M M M M
23 77 64 71 16 0 6 0.00 M M M M M M M M M M
24 81 64 73 18 0 8 0.04 M M M M M M M M M M
25 68 58 63 8 2 0 0.53 M M M M M M M M M M
26 64 60 62 7 3 0 0.00 M M M M M M M M M M
27 77 59 68 13 0 3 0.00 M M M M M M M M M M
28 83 65 74 18 0 9 0.00 M M M M M M M M M M
================================================================================
SM 1908 1490 156 40 3.49 M M M M
================================================================================
AV 68.1 53.2 M FASTST M M M MAX(MPH)
MISC ----> M M M M
================================================================================
NOTES:
# LAST OF SEVERAL OCCURRENCES
COLUMN 17 PEAK WIND IN M.P.H.
PRELIMINARY LOCAL CLIMATOLOGICAL DATA (WS FORM: F-6) , PAGE 2
STATION: DOWNTOWN CHARLESTON SC
MONTH: FEBRUARY
YEAR: 2023
LATITUDE: 32 46 N
LONGITUDE: 79 56 W
[TEMPERATURE DATA] [PRECIPITATION DATA] SYMBOLS USED IN COLUMN 16
AVERAGE MONTHLY: 60.7 TOTAL FOR MONTH: 3.49 1 = FOG OR MIST
DPTR FM NORMAL: 7.5 DPTR FM NORMAL: 0.93 2 = FOG REDUCING VISIBILITY
HIGHEST: 83 ON 28 GRTST 24HR 1.65 ON 11-11 TO 1/4 MILE OR LESS
LOWEST: 38 ON 4 3 = THUNDER
SNOW, ICE PELLETS, HAIL 4 = ICE PELLETS
TOTAL MONTH: M 5 = HAIL
GRTST 24HR M ON M 6 = FREEZING RAIN OR DRIZZLE
GRTST DEPTH: M ON M 7 = DUSTSTORM OR SANDSTORM:
VSBY 1/2 MILE OR LESS
8 = SMOKE OR HAZE
[NO. OF DAYS WITH] [WEATHER - DAYS WITH] 9 = BLOWING SNOW
X = TORNADO
MAX 32 OR BELOW: 0 0.01 INCH OR MORE: 10
MAX 90 OR ABOVE: 0 0.10 INCH OR MORE: 7
MIN 32 OR BELOW: 0 0.50 INCH OR MORE: 2
MIN 0 OR BELOW: 0 1.00 INCH OR MORE: 1
[HDD (BASE 65) ]
TOTAL THIS MO. 156 CLEAR (SCALE 0-3) 0
DPTR FM NORMAL -178 PTCLDY (SCALE 4-7) 0
TOTAL FM JUL 1 966 CLOUDY (SCALE 8-10) 28
DPTR FM NORMAL -378
[CDD (BASE 65) ]
TOTAL THIS MO. 40
DPTR FM NORMAL 37 [PRESSURE DATA]
TOTAL FM JAN 1 40 HIGHEST SLP M ON M
DPTR FM NORMAL 38 LOWEST SLP 29.54 ON 12
[REMARKS]
#FINAL-02-23#