000
CXUS53 KUNR 010930
CF6D07
PRELIMINARY LOCAL CLIMATOLOGICAL DATA (WS FORM: F-6)
STATION: FAITH SD
MONTH: MAY
YEAR: 2022
LATITUDE: 45 1 N
LONGITUDE: 102 1 W
TEMPERATURE IN F: :PCPN: SNOW: WIND :SUNSHINE: SKY :PK WND
================================================================================
1 2 3 4 5 6A 6B 7 8 9 10 11 12 13 14 15 16 17 18
12Z AVG MX 2MIN
DY MAX MIN AVG DEP HDD CDD WTR SNW DPTH SPD SPD DIR MIN PSBL S-S WX SPD DR
================================================================================
1 59 30 45 -5 20 0 0.00 M M 12.7 25 10 M M M 32 360
2 58 35 47 -3 18 0 0.00 M M 9.1 18 130 M M M 29 110
3 51 33 42 -8 23 0 0.00 M M 16.6 23 120 M M M 33 120
4 58 39 49 -2 16 0 0.00 M M 11.8 21 120 M M M 26 120
5 66 37 52 1 13 0 0.00 M M 11.5 24 150 M M M 31 150
6 75 42 59 7 6 0 0.00 M M 12.3 23 140 M M M 31 130
7 69 47 58 6 7 0 0.01 M M 13.5 25 340 M M M 41 260
8 74 42 58 6 7 0 0.19 M M 11.3 29 200 M M M 41 200
9 59 43 51 -2 14 0 0.86 M M 15.8 39 310 M M M 53 300
10 70 42 56 3 9 0 0.00 M M 12.5 21 180 M M M 29 170
11 68 52 60 7 5 0 0.00 M M 13.4 22 360 M M M 28 10
12 60 46 53 -1 12 0 1.31 M M 22.0 43 260 M M M 55 280
13 68 44 56 2 9 0 0.01 M M 23.6 45 270 M M M 58 260
14 64 41 53 -1 12 0 0.00 M M 15.0 30 280 M M M 42 280
15 70 46 58 3 7 0 0.00 M M 10.9 22 290 M M M 29 290
16 77 46 62 7 3 0 0.00 M M 10.7 21 120 M M M 27 130
17 76 51 64 9 1 0 0.00 M M 11.8 23 40 M M M 31 120
18 72 49 61 5 4 0 0.00 M M 11.7 28 310 M M M 40 330
19 56 41 49 -7 16 0 0.08 M M 14.9 39 330 M M M 48 330
20 47 31 39 -17 26 0 0.01 M M 19.6 36 300 M M M 48 290
21 49 30 40 -17 25 0 0.00 M M 11.6 25 360 M M M 29 360
22 58 27 43 -14 22 0 0.00 M M 7.7 17 130 M M M 24 140
23 61 38 50 -7 15 0 0.00 M M 17.5 31 190 M M M 40 190
24 65 35 50 -8 15 0 0.00 M M 11.3 21 130 M M M 27 140
25 70 41 56 -2 9 0 0.00 M M 4.6 15 170 M M M 17 160
26 79 43 61 3 4 0 0.00 M M 12.8 28 320 M M M 37 320
27 86 51 69 10 0 4 0.00 M M 13.0 29 140 M M M 39 140
28 81 48 65 6 0 0 0.00 M M 10.7 31 290 M M M 41 290
29 72 53 63 4 2 0 0.00 M M 11.9 22 10 M M M 28 310
30 59 52 56 -4 9 0 0.52 M M 17.9 31 10 M M M 40 20
31 60 42 51 -9 14 0 0.01 M M 17.9 31 320 M M M 41 320
================================================================================
SM 2037 1297 343 4 3.00 M 417.6 M M
================================================================================
AV 65.7 41.8 13.5 FASTST M M M MAX(MPH)
MISC ----> 45 270 58 260
================================================================================
NOTES:
# LAST OF SEVERAL OCCURRENCES
COLUMN 17 PEAK WIND IN M.P.H.
PRELIMINARY LOCAL CLIMATOLOGICAL DATA (WS FORM: F-6) , PAGE 2
STATION: FAITH SD
MONTH: MAY
YEAR: 2022
LATITUDE: 45 1 N
LONGITUDE: 102 1 W
[TEMPERATURE DATA] [PRECIPITATION DATA] SYMBOLS USED IN COLUMN 16
AVERAGE MONTHLY: 53.8 TOTAL FOR MONTH: 3.00 1 = FOG OR MIST
DPTR FM NORMAL: -1.2 DPTR FM NORMAL: -0.20 2 = FOG REDUCING VISIBILITY
HIGHEST: 86 ON 27 GRTST 24HR 1.31 ON 12-12 TO 1/4 MILE OR LESS
LOWEST: 27 ON 22 3 = THUNDER
SNOW, ICE PELLETS, HAIL 4 = ICE PELLETS
TOTAL MONTH: M 5 = HAIL
GRTST 24HR M ON M 6 = FREEZING RAIN OR DRIZZLE
GRTST DEPTH: M ON M 7 = DUSTSTORM OR SANDSTORM:
VSBY 1/2 MILE OR LESS
8 = SMOKE OR HAZE
[NO. OF DAYS WITH] [WEATHER - DAYS WITH] 9 = BLOWING SNOW
X = TORNADO
MAX 32 OR BELOW: 0 0.01 INCH OR MORE: 9
MAX 90 OR ABOVE: 0 0.10 INCH OR MORE: 4
MIN 32 OR BELOW: 4 0.50 INCH OR MORE: 3
MIN 0 OR BELOW: 0 1.00 INCH OR MORE: 1
[HDD (BASE 65) ]
TOTAL THIS MO. 343 CLEAR (SCALE 0-3) 0
DPTR FM NORMAL 20 PTCLDY (SCALE 4-7) 0
TOTAL FM JUL 1 7218 CLOUDY (SCALE 8-10) 31
DPTR FM NORMAL -330
[CDD (BASE 65) ]
TOTAL THIS MO. 4
DPTR FM NORMAL -9 [PRESSURE DATA]
TOTAL FM JAN 1 4 HIGHEST SLP 30.42 ON 22
DPTR FM NORMAL -10 LOWEST SLP 29.31 ON 9
[REMARKS]
#FINAL-05-22#