000
CXUS53 KUNR 010945
CF6D07
PRELIMINARY LOCAL CLIMATOLOGICAL DATA (WS FORM: F-6)
STATION: FAITH SD
MONTH: SEPTEMBER
YEAR: 2020
LATITUDE: 45 1 N
LONGITUDE: 102 1 W
TEMPERATURE IN F: :PCPN: SNOW: WIND :SUNSHINE: SKY :PK WND
================================================================================
1 2 3 4 5 6A 6B 7 8 9 10 11 12 13 14 15 16 17 18
12Z AVG MX 2MIN
DY MAX MIN AVG DEP HDD CDD WTR SNW DPTH SPD SPD DIR MIN PSBL S-S WX SPD DR
================================================================================
1 81 50 66 -2 0 1 0.00 M M 13.5 31 300 M M M 41 300
2 93 49 71 4 0 6 0.00 M M 17.3 40 340 M M M 55 340
3 77 50 64 -3 1 0 0.00 M M 12.3 22 310 M M M 35 310
4 87 49 68 2 0 3 0.00 M M 8.7 18 290 M M M 26 280
5 89 60 75 9 0 10 0.00 M M 13.9 22 340 M M M 30 130
6 83 57 70 5 0 5 0.00 M M 14.3 24 10 M M M 33 30
7 57 40 49 -16 16 0 0.37 M M 14.4 26 40 M M M 34 40
8 49 30 40 -24 25 0 0.00 M M 9.9 17 10 M M M 23 20
9 56 27 42 -22 23 0 0.00 M M 9.3 16 210 M M M 22 190
10 67 32 50 -13 15 0 0.00 M M 9.3 15 140 M M M 20 130
11 59 46 53 -10 12 0 0.04 M M 10.0 17 130 M M M 22 130
12 78 45 62 0 3 0 0.07 M M 9.0 18 340 M M M 24 340
13 72 48 60 -2 5 0 0.00 M M 13.0 20 60 M M M 26 50
14 90 46 68 7 0 3 0.00 M M 12.8 20 210 M M M 25 200
15 82 51 67 6 0 2 0.00 M M 9.2 17 210 M M M 20 220
16 66 45 56 -4 9 0 0.00 M M 9.4 20 20 M M M 24 360
17 71 43 57 -3 8 0 0.00 M M 9.2 17 150 M M M 25 160
18 72 43 58 -1 7 0 0.00 M M 16.0 23 140 M M M 30 130
19 76 50 63 5 2 0 0.00 M M 11.7 32 260 M M M 43 250
20 80 56 68 10 0 3 0.00 M M 11.1 26 280 M M M 35 280
21 82 48 65 8 0 0 0.00 M M 7.6 15 150 M M M 23 160
22 86 47 67 10 0 2 0.00 M M 9.4 16 130 M M M 24 130
23 86 53 70 14 0 5 0.04 M M 7.4 31 320 M M M 53 320
24 85 50 68 12 0 3 0.00 M M 15.8 28 170 M M M 40 150
25 75 52 64 9 1 0 0.00 M M 9.2 22 340 M M M 30 340
26 68 45 57 2 8 0 0.00 M M 15.2 35 300 M M M 44 310
27 65 47 56 2 9 0 0.00 M M 20.9 38 330 M M M 51 320
28 65 39 52 -2 13 0 0.00 M M 16.2 29 320 M M M 41 310
29 80 45 63 9 2 0 0.00 M M 14.7 25 310 M M M 33 290
30 64 38 51 -2 14 0 0.00 M M 20.0 35 320 M M M 48 350
================================================================================
SM 2241 1381 173 43 0.52 M 370.7 M M
================================================================================
AV 74.7 46.0 12.4 FASTST M M 1 MAX(MPH)
MISC ----> # 40 340 # 55 340
================================================================================
NOTES:
# LAST OF SEVERAL OCCURRENCES
COLUMN 17 PEAK WIND IN M.P.H.
PRELIMINARY LOCAL CLIMATOLOGICAL DATA (WS FORM: F-6) , PAGE 2
STATION: FAITH SD
MONTH: SEPTEMBER
YEAR: 2020
LATITUDE: 45 1 N
LONGITUDE: 102 1 W
[TEMPERATURE DATA] [PRECIPITATION DATA] SYMBOLS USED IN COLUMN 16
AVERAGE MONTHLY: 60.4 TOTAL FOR MONTH: 0.52 1 = FOG OR MIST
DPTR FM NORMAL: -0.0 DPTR FM NORMAL: -0.84 2 = FOG REDUCING VISIBILITY
HIGHEST: 93 ON 2 GRTST 24HR 0.37 ON 7- 7 TO 1/4 MILE OR LESS
LOWEST: 27 ON 9 3 = THUNDER
SNOW, ICE PELLETS, HAIL 4 = ICE PELLETS
TOTAL MONTH: M 5 = HAIL
GRTST 24HR M ON M 6 = FREEZING RAIN OR DRIZZLE
GRTST DEPTH: M ON M 7 = DUSTSTORM OR SANDSTORM:
VSBY 1/2 MILE OR LESS
8 = SMOKE OR HAZE
[NO. OF DAYS WITH] [WEATHER - DAYS WITH] 9 = BLOWING SNOW
X = TORNADO
MAX 32 OR BELOW: 0 0.01 INCH OR MORE: 4
MAX 90 OR ABOVE: 2 0.10 INCH OR MORE: 1
MIN 32 OR BELOW: 3 0.50 INCH OR MORE: 0
MIN 0 OR BELOW: 0 1.00 INCH OR MORE: 0
[HDD (BASE 65) ]
TOTAL THIS MO. 173 CLEAR (SCALE 0-3) 0
DPTR FM NORMAL -26 PTCLDY (SCALE 4-7) 0
TOTAL FM JUL 1 181 CLOUDY (SCALE 8-10) 0
DPTR FM NORMAL -51
[CDD (BASE 65) ]
TOTAL THIS MO. 43
DPTR FM NORMAL -16 [PRESSURE DATA]
TOTAL FM JAN 1 645 HIGHEST SLP M ON M
DPTR FM NORMAL 11 LOWEST SLP 29.32 ON 24
[REMARKS]
#FINAL-09-20#