000
CXUS53 KUNR 020859
CF6D07
PRELIMINARY LOCAL CLIMATOLOGICAL DATA (WS FORM: F-6)
STATION: FAITH SD
MONTH: AUGUST
YEAR: 2023
LATITUDE: 45 1 N
LONGITUDE: 102 1 W
TEMPERATURE IN F: :PCPN: SNOW: WIND :SUNSHINE: SKY :PK WND
================================================================================
1 2 3 4 5 6A 6B 7 8 9 10 11 12 13 14 15 16 17 18
12Z AVG MX 2MIN
DY MAX MIN AVG DEP HDD CDD WTR SNW DPTH SPD SPD DIR MIN PSBL S-S WX SPD DR
================================================================================
1 94 68 81 7 0 16 0.00 M M 11.2 30 140 M M M 42 140
2 90 65 78 4 0 13 0.00 M M 10.8 22 70 M M M 27 70
3 89 64 77 3 0 12 1.28 M M 12.3 41 200 M M M 57 190
4 72 63 68 -5 0 3 2.30 M M 9.5 22 70 M M M 28 60
5 63 59 61 -12 4 0 1.83 M M 17.3 28 40 M M M 35 40
6 77 59 68 -5 0 3 0.00 M M 10.7 21 30 M M M 26 30
7 76 56 66 -7 0 1 0.00 M M 7.8 16 190 M M M 21 190
8 78 53 66 -7 0 1 0.00 M M 6.2 15 200 M M M 19 210
9 84 57 71 -2 0 6 0.00 M M 6.9 15 200 M M M 19 200
10 86 60 73 0 0 8 0.00 M M 12.5 25 340 M M M 34 340
11 82 60 71 -1 0 6 0.00 M M 11.1 21 350 M M M 31 350
12 85 55 70 -2 0 5 0.28 M M 7.4 26 150 M M M 35 150
13 68 56 62 -10 3 0 0.20 M M 12.6 32 350 M M M 43 350
14 79 52 66 -6 0 1 0.00 M M 7.7 14 340 M M M 20 340
15 89 55 72 0 0 7 0.00 M M 10.0 15 170 M M M 18 190
16 87 63 75 3 0 10 0.00 M M M M M M M M M M
17 79 50 65 -6 0 0 0.00 M M 11.1 23 150 M M M 31 160
18 98 61 80 9 0 15 0.00 M M 10.7 22 160 M M M 28 160
19 82 57 70 -1 0 5 0.00 M M 14.0 29 360 M M M 37 10
20 70 56 63 -8 2 0 0.01 M M 12.7 21 90 M M M 28 90
21 77 63 70 -1 0 5 0.00 M M 10.4 17 50 M M M 22 30
22 89 66 78 8 0 13 0.00 M M 7.4 13 70 M M M M M
23 93 64 79 9 0 14 0.00 M M M 18 300 M M M 23 310
24 88 63 76 6 0 11 0.00 M M M 20 160 M M M 26 170
25 79 54 67 -3 0 2 0.00 M M 9.5 17 10 M M M 24 350
26 78 52 65 -4 0 0 0.00 M M 13.2 21 160 M M M 28 140
27 91 57 74 5 0 9 0.00 M M 9.2 20 160 M M M M M
28 91 57 74 5 0 9 0.00 M M 8.3 20 360 M M M 25 160
29 85 56 71 2 0 6 0.00 M M M 14 130 M M M 18 130
30 93 58 76 8 0 11 0.00 M M M 32 150 M M M 44 130
31 85 57 71 3 0 6 0.00 M M M 22 310 M M M 32 310
================================================================================
SM 2577 1816 9 198 5.90 M 260.5 M M
================================================================================
AV 83.1 58.6 10.4 FASTST M M M MAX(MPH)
MISC ----> 41 200 57 190
================================================================================
NOTES:
# LAST OF SEVERAL OCCURRENCES
COLUMN 17 PEAK WIND IN M.P.H.
PRELIMINARY LOCAL CLIMATOLOGICAL DATA (WS FORM: F-6) , PAGE 2
STATION: FAITH SD
MONTH: AUGUST
YEAR: 2023
LATITUDE: 45 1 N
LONGITUDE: 102 1 W
[TEMPERATURE DATA] [PRECIPITATION DATA] SYMBOLS USED IN COLUMN 16
AVERAGE MONTHLY: 70.9 TOTAL FOR MONTH: 5.90 1 = FOG OR MIST
DPTR FM NORMAL: -0.4 DPTR FM NORMAL: 4.47 2 = FOG REDUCING VISIBILITY
HIGHEST: 98 ON 18 GRTST 24HR 3.40 ON 4- 5 TO 1/4 MILE OR LESS
LOWEST: 50 ON 17 3 = THUNDER
SNOW, ICE PELLETS, HAIL 4 = ICE PELLETS
TOTAL MONTH: M 5 = HAIL
GRTST 24HR M ON M 6 = FREEZING RAIN OR DRIZZLE
GRTST DEPTH: M ON M 7 = DUSTSTORM OR SANDSTORM:
VSBY 1/2 MILE OR LESS
8 = SMOKE OR HAZE
[NO. OF DAYS WITH] [WEATHER - DAYS WITH] 9 = BLOWING SNOW
X = TORNADO
MAX 32 OR BELOW: 0 0.01 INCH OR MORE: 6
MAX 90 OR ABOVE: 7 0.10 INCH OR MORE: 5
MIN 32 OR BELOW: 0 0.50 INCH OR MORE: 3
MIN 0 OR BELOW: 0 1.00 INCH OR MORE: 3
[HDD (BASE 65) ]
TOTAL THIS MO. 9 CLEAR (SCALE 0-3) 0
DPTR FM NORMAL -13 PTCLDY (SCALE 4-7) 0
TOTAL FM JUL 1 22 CLOUDY (SCALE 8-10) 31
DPTR FM NORMAL -5
[CDD (BASE 65) ]
TOTAL THIS MO. 198
DPTR FM NORMAL -20 [PRESSURE DATA]
TOTAL FM JAN 1 600 HIGHEST SLP M ON M
DPTR FM NORMAL 20 LOWEST SLP 29.53 ON 18
[REMARKS]
#FINAL-08-23#