000
CXUS54 KFWD 280730
CF6DAL
PRELIMINARY LOCAL CLIMATOLOGICAL DATA (WS FORM: F-6)
STATION: DALLAS LOVE FIELD
MONTH: MARCH
YEAR: 2024
LATITUDE: 32 51 N
LONGITUDE: 96 51 W
TEMPERATURE IN F: :PCPN: SNOW: WIND :SUNSHINE: SKY :PK WND
================================================================================
1 2 3 4 5 6A 6B 7 8 9 10 11 12 13 14 15 16 17 18
12Z AVG MX 2MIN
DY MAX MIN AVG DEP HDD CDD WTR SNW DPTH SPD SPD DIR MIN PSBL S-S WX SPD DR
================================================================================
1 69 43 56 1 9 0 0.00 0.0 0 7.5 15 160 M M 4 22 160
2 83 50 67 11 0 2 0.00 0.0 0 10.6 20 160 M M 4 33 160
3 80 62 71 15 0 6 0.00 0.0 0 13.5 22 180 M M 7 30 170
4 83 67 75 19 0 10 0.00 0.0 0 9.9 17 180 M M 8 25 230
5 81 61 71 15 0 6 0.00 0.0 0 5.7 17 310 M M 4 13 26 20
6 76 53 65 8 0 0 0.08 0.0 0 7.8 30 220 M M 6 13 52 230
7 68 59 64 7 1 0 1.78 0.0 0 7.4 38 310 M M 10 3 53 310
8 73 44 59 2 6 0 0.59 0.0 0 11.2 29 330 M M 9 138 45 340
9 60 43 52 -6 13 0 0.00 0.0 0 13.7 24 340 M M 5 35 10
10 66 40 53 -5 12 0 0.00 0.0 0 2.8 9 150 M M 5 12 150
11 70 48 59 1 6 0 0.07 0.0 0 7.7 16 170 M M 7 23 160
12 74 55 65 7 0 0 0.00 0.0 0 10.8 21 180 M M 7 30 180
13 79 63 71 12 0 6 0.00 0.0 0 13.2 21 160 M M 5 32 190
14 80 70 75 16 0 10 T 0.0 0 8.1 18 170 M M 9 3 29 180
15 74 55 65 6 0 0 0.46 0.0 0 9.7 24 10 M M 9 13 32 360
16 63 55 59 -1 6 0 1.61 0.0 0 4.4 13 90 M M 9 13 25 190
17 68 55 62 2 3 0 0.02 0.0 0 8.0 16 20 M M 8 1 27 40
18 60 45 53 -7 12 0 0.00 0.0 0 7.8 18 340 M M 5 32 260
19 68 39 54 -7 11 0 0.00 0.0 0 5.8 15 170 M M 5 20 180
20 72 54 63 2 2 0 0.00 0.0 0 7.8 17 180 M M 8 24 180
21 64 57 61 0 4 0 0.95 0.0 0 6.9 16 150 M M 10 13 23 150
22 69 55 62 1 3 0 0.01 0.0 0 6.9 17 360 M M 8 1 28 10
23 69 48 59 -3 6 0 0.00 0.0 0 5.8 13 130 M M 5 24 70
24 68 58 63 1 2 0 0.07 0.0 0 15.5 25 150 M M 9 1 37 130
25 75 45 60 -2 5 0 0.83 0.0 0 12.0 30 320 M M 6 13 44 340
26 60 39 50 -12 15 0 0.00 0.0 0 11.2 23 320 M M 3 38 350
27 67 44 56 -7 9 0 0.00 0.0 0 5.1 13 130 M M 5 19 60
================================================================================
SM 1919 1407 125 40 6.47 0.0 236.8 M 180
================================================================================
AV 71.1 52.1 8.8 FASTST M M 7 MAX(MPH)
MISC ----> 38 310 53 310
================================================================================
NOTES:
# LAST OF SEVERAL OCCURRENCES
COLUMN 17 PEAK WIND IN M.P.H.
PRELIMINARY LOCAL CLIMATOLOGICAL DATA (WS FORM: F-6) , PAGE 2
STATION: DALLAS LOVE FIELD
MONTH: MARCH
YEAR: 2024
LATITUDE: 32 51 N
LONGITUDE: 96 51 W
[TEMPERATURE DATA] [PRECIPITATION DATA] SYMBOLS USED IN COLUMN 16
AVERAGE MONTHLY: 61.6 TOTAL FOR MONTH: 6.47 1 = FOG OR MIST
DPTR FM NORMAL: 2.6 DPTR FM NORMAL: 3.44 2 = FOG REDUCING VISIBILITY
HIGHEST: 83 ON 2, 4 GRTST 24HR 2.18 ON 7- 8 TO 1/4 MILE OR LESS
LOWEST: 39 ON 26,19 3 = THUNDER
SNOW, ICE PELLETS, HAIL 4 = ICE PELLETS
TOTAL MONTH: 0.0 INCH 5 = HAIL
GRTST 24HR 0.0 6 = FREEZING RAIN OR DRIZZLE
GRTST DEPTH: 0 7 = DUSTSTORM OR SANDSTORM:
VSBY 1/2 MILE OR LESS
8 = SMOKE OR HAZE
[NO. OF DAYS WITH] [WEATHER - DAYS WITH] 9 = BLOWING SNOW
X = TORNADO
MAX 32 OR BELOW: 0 0.01 INCH OR MORE: 11
MAX 90 OR ABOVE: 0 0.10 INCH OR MORE: 6
MIN 32 OR BELOW: 0 0.50 INCH OR MORE: 5
MIN 0 OR BELOW: 0 1.00 INCH OR MORE: 2
[HDD (BASE 65) ]
TOTAL THIS MO. 125 CLEAR (SCALE 0-3) 1
DPTR FM NORMAL -71 PTCLDY (SCALE 4-7) 17
TOTAL FM JUL 1 1732 CLOUDY (SCALE 8-10) 9
DPTR FM NORMAL -172
[CDD (BASE 65) ]
TOTAL THIS MO. 40
DPTR FM NORMAL 3 [PRESSURE DATA]
TOTAL FM JAN 1 77 HIGHEST SLP M ON M
DPTR FM NORMAL 25 LOWEST SLP 29.42 ON 25
[REMARKS]