000
CXUS51 KRNK 010720
CF6DAN
PRELIMINARY LOCAL CLIMATOLOGICAL DATA (WS FORM: F-6)
STATION: DANVILLE VA
MONTH: SEPTEMBER
YEAR: 2020
LATITUDE: 36 34 N
LONGITUDE: 79 20 W
TEMPERATURE IN F: :PCPN: SNOW: WIND :SUNSHINE: SKY :PK WND
================================================================================
1 2 3 4 5 6A 6B 7 8 9 10 11 12 13 14 15 16 17 18
12Z AVG MX 2MIN
DY MAX MIN AVG DEP HDD CDD WTR SNW DPTH SPD SPD DIR MIN PSBL S-S WX SPD DR
================================================================================
1 81 70 76 1 0 11 0.00 0.0 0 3.1 9 50 M M 8 1 11 40
2 91 72 82 8 0 17 0.00 0.0 0 2.9 13 230 M M 5 12 16 230
3 93 72 83 9 0 18 T 0.0 0 5.0 14 220 M M 1 1 20 220
4 91 70 81 7 0 16 0.00 0.0 0 4.5 12 280 M M 2 16 300
5 80 56 68 -6 0 3 0.00 0.0 0 5.8 16 40 M M 4 20 40
6 84 54 69 -4 0 4 0.00 0.0 0 2.3 9 40 M M 0 13 40
7 84 55 70 -3 0 5 0.00 0.0 0 0.9 7 60 M M 0 12 100
8 84 55 70 -3 0 5 0.04 0.0 0 3.4 13 40 M M 4 16 30
9 80 70 75 3 0 10 0.19 0.0 0 7.8 17 40 M M 9 1 21 50
10 86 72 79 7 0 14 T 0.0 0 3.6 10 30 M M 7 13 30
11 89 70 80 8 0 15 0.00 0.0 0 5.3 15 40 M M 4 1 19 50
12 80 67 74 3 0 9 0.02 0.0 0 6.0 14 60 M M 9 1 18 40
13 85 61 73 2 0 8 0.00 0.0 0 1.4 9 60 M M 0 11 70
14 81 61 71 0 0 6 0.00 0.0 0 4.8 16 50 M M 4 21 50
15 72 52 62 -8 3 0 0.00 0.0 0 6.7 13 10 M M 2 19 30
16 76 52 64 -6 1 0 0.00 0.0 0 3.2 7 50 M M 5 10 90
17 68 63 66 -4 0 1 2.46 0.0 0 8.4 17 40 M M 10 1 22 50
18 78 65 72 3 0 7 0.02 0.0 0 10.1 17 50 M M 8 1 21 40
19 65 46 56 -13 9 0 0.00 0.0 0 10.1 21 40 M M 3 33 20
20 69 45 57 -11 8 0 0.00 0.0 0 8.9 17 40 M M 0 23 20
21 68 45 57 -11 8 0 0.00 0.0 0 6.3 16 40 M M 1 20 40
22 71 40 56 -12 9 0 0.00 0.0 0 2.0 9 300 M M 0 13 310
23 73 50 62 -5 3 0 0.00 0.0 0 1.3 7 220 M M 0 9 220
24 68 57 63 -4 2 0 0.06 0.0 0 2.1 7 230 M M 7 1 9 270
25 63 59 61 -5 4 0 0.72 0.0 0 4.4 9 50 M M 9 1 14 110
26 74 57 66 0 0 1 0.01 0.0 0 3.2 8 20 M M 8 12 10 20
27 78 56 67 1 0 2 0.00 0.0 0 2.0 9 220 M M 6 12 15 230
28 81 61 71 6 0 6 0.01 0.0 0 4.7 16 230 M M 4 1 23 210
29 82 57 70 5 0 5 0.70 0.0 0 5.3 22 330 M M 10 1 26 330
30 70 50 60 -5 5 0 0.00 0.0 0 7.1 17 260 M M 1 22 250
================================================================================
SM 2345 1760 52 163 4.23 0.0 142.6 M 131
================================================================================
AV 78.2 58.7 4.8 FASTST M M 4 MAX(MPH)
MISC ----> 22 330 33 20
================================================================================
NOTES:
# LAST OF SEVERAL OCCURRENCES
COLUMN 17 PEAK WIND IN M.P.H.
PRELIMINARY LOCAL CLIMATOLOGICAL DATA (WS FORM: F-6) , PAGE 2
STATION: DANVILLE VA
MONTH: SEPTEMBER
YEAR: 2020
LATITUDE: 36 34 N
LONGITUDE: 79 20 W
[TEMPERATURE DATA] [PRECIPITATION DATA] SYMBOLS USED IN COLUMN 16
AVERAGE MONTHLY: 68.4 TOTAL FOR MONTH: 4.23 1 = FOG OR MIST
DPTR FM NORMAL: -1.5 DPTR FM NORMAL: 0.27 2 = FOG REDUCING VISIBILITY
HIGHEST: 93 ON 3 GRTST 24HR 2.48 ON 17-18 TO 1/4 MILE OR LESS
LOWEST: 40 ON 22 3 = THUNDER
SNOW, ICE PELLETS, HAIL 4 = ICE PELLETS
TOTAL MONTH: 0.0 INCH 5 = HAIL
GRTST 24HR 0.0 6 = FREEZING RAIN OR DRIZZLE
GRTST DEPTH: 0 7 = DUSTSTORM OR SANDSTORM:
VSBY 1/2 MILE OR LESS
8 = SMOKE OR HAZE
[NO. OF DAYS WITH] [WEATHER - DAYS WITH] 9 = BLOWING SNOW
X = TORNADO
MAX 32 OR BELOW: 0 0.01 INCH OR MORE: 10
MAX 90 OR ABOVE: 3 0.10 INCH OR MORE: 4
MIN 32 OR BELOW: 0 0.50 INCH OR MORE: 3
MIN 0 OR BELOW: 0 1.00 INCH OR MORE: 1
[HDD (BASE 65) ]
TOTAL THIS MO. 52 CLEAR (SCALE 0-3) 12
DPTR FM NORMAL 24 PTCLDY (SCALE 4-7) 12
TOTAL FM JUL 1 52 CLOUDY (SCALE 8-10) 6
DPTR FM NORMAL 25
[CDD (BASE 65) ]
TOTAL THIS MO. 163
DPTR FM NORMAL -13 [PRESSURE DATA]
TOTAL FM JAN 1 1494 HIGHEST SLP 30.52 ON 21
DPTR FM NORMAL 91 LOWEST SLP 29.66 ON 29
[REMARKS]
#FINAL-09-20#