000
CXUS51 KLWX 010815
CF6DCA
PRELIMINARY LOCAL CLIMATOLOGICAL DATA (WS FORM: F-6)
STATION: WASHINGTON NATIONAL DC
MONTH: AUGUST
YEAR: 2022
LATITUDE: 38 50 N
LONGITUDE: 77 2 W
TEMPERATURE IN F: :PCPN: SNOW: WIND :SUNSHINE: SKY :PK WND
================================================================================
1 2 3 4 5 6A 6B 7 8 9 10 11 12 13 14 15 16 17 18
12Z AVG MX 2MIN
DY MAX MIN AVG DEP HDD CDD WTR SNW DPTH SPD SPD DIR MIN PSBL S-S WX SPD DR
================================================================================
1 89 72 81 0 0 16 0.51 0.0 0 6.3 36 350 M M 7 138 51 350
2 94 75 85 4 0 20 0.00 0.0 0 7.8 16 340 M M 5 22 280
3 91 74 83 2 0 18 0.00 0.0 0 6.5 15 170 M M 2 21 190
4 95 74 85 4 0 20 0.93 0.0 M 9.1 39 240 M M 4 13 57 250
5 94 74 84 4 0 19 T 0.0 0 4.9 22 140 M M 7 3 29 140
6 88 73 81 1 0 16 0.00 0.0 0 10.3 18 180 M M 8 28 180
7 90 76 83 3 0 18 0.00 0.0 0 11.2 20 170 M M 6 24 180
8 93 78 86 6 0 21 T 0.0 0 9.0 17 180 M M 4 3 26 180
9 97 77 87 7 0 22 T 0.0 0 7.6 23 270 M M 5 3 32 270
10 94 73 84 4 0 19 0.52 0.0 0 5.9 31 230 M M 8 13 41 220
11 87 73 80 0 0 15 0.00 0.0 0 8.5 20 340 M M 8 26 320
12 85 69 77 -3 0 12 T 0.0 0 10.1 18 350 M M 5 23 340
13 84 64 74 -6 0 9 0.00 0.0 0 6.7 13 350 M M 3 17 350
14 84 69 77 -3 0 12 0.12 0.0 0 6.9 15 240 M M 9 1 21 250
15 78 67 73 -7 0 8 0.01 0.0 0 6.1 14 340 M M 9 16 340
16 82 68 75 -5 0 10 T 0.0 0 8.7 20 60 M M 6 27 100
17 86 66 76 -4 0 11 T 0.0 0 4.7 24 50 M M 6 3 33 50
18 87 64 76 -3 0 11 0.00 0.0 0 6.2 14 270 M M 2 19 250
19 89 70 80 1 0 15 0.00 0.0 0 7.8 17 180 M M 5 23 180
20 89 71 80 1 0 15 0.00 0.0 0 6.6 14 160 M M 5 18 170
21 81 73 77 -2 0 12 0.16 0.0 0 7.1 15 180 M M 7 13 20 190
22 86 74 80 1 0 15 0.03 0.0 0 7.2 16 350 M M 8 1 22 340
23 89 72 81 2 0 16 0.00 0.0 0 7.7 18 340 M M 3 23 340
24 90 69 80 1 0 15 0.00 0.0 0 6.2 16 10 M M 2 24 330
25 90 68 79 1 0 14 0.00 0.0 0 6.1 15 190 M M 6 19 190
26 93 73 83 5 0 18 0.00 0.0 0 6.5 14 250 M M 4 22 220
27 91 74 83 5 0 18 0.00 0.0 0 4.9 15 140 M M 6 20 110
28 92 74 83 5 0 18 0.00 0.0 0 5.8 13 140 M M 5 18 150
29 93 75 84 6 0 19 0.00 0.0 0 8.0 15 180 M M 4 20 180
30 96 74 85 8 0 20 0.14 0.0 0 9.6 28 310 M M 5 13 37 290
31 87 69 78 1 0 13 0.00 0.0 0 8.6 18 280 M M 3 26 330
================================================================================
SM 2764 2222 0 485 2.42 0.0 228.6 M 167
================================================================================
AV 89.2 71.7 7.4 FASTST M M 5 MAX(MPH)
MISC ----> 39 240 57 250
================================================================================
NOTES:
# LAST OF SEVERAL OCCURRENCES
COLUMN 17 PEAK WIND IN M.P.H.
PRELIMINARY LOCAL CLIMATOLOGICAL DATA (WS FORM: F-6) , PAGE 2
STATION: WASHINGTON NATIONAL DC
MONTH: AUGUST
YEAR: 2022
LATITUDE: 38 50 N
LONGITUDE: 77 2 W
[TEMPERATURE DATA] [PRECIPITATION DATA] SYMBOLS USED IN COLUMN 16
AVERAGE MONTHLY: 80.4 TOTAL FOR MONTH: 2.42 1 = FOG OR MIST
DPTR FM NORMAL: 1.0 DPTR FM NORMAL: -0.83 2 = FOG REDUCING VISIBILITY
HIGHEST: 97 ON 9 GRTST 24HR 0.93 ON 4- 4 TO 1/4 MILE OR LESS
LOWEST: 64 ON 18,13 3 = THUNDER
SNOW, ICE PELLETS, HAIL 4 = ICE PELLETS
TOTAL MONTH: 0.0 INCH 5 = HAIL
GRTST 24HR 0.0 6 = FREEZING RAIN OR DRIZZLE
GRTST DEPTH: 0 7 = DUSTSTORM OR SANDSTORM:
VSBY 1/2 MILE OR LESS
8 = SMOKE OR HAZE
[NO. OF DAYS WITH] [WEATHER - DAYS WITH] 9 = BLOWING SNOW
X = TORNADO
MAX 32 OR BELOW: 0 0.01 INCH OR MORE: 8
MAX 90 OR ABOVE: 15 0.10 INCH OR MORE: 6
MIN 32 OR BELOW: 0 0.50 INCH OR MORE: 3
MIN 0 OR BELOW: 0 1.00 INCH OR MORE: 0
[HDD (BASE 65) ]
TOTAL THIS MO. 0 CLEAR (SCALE 0-3) 6
DPTR FM NORMAL 0 PTCLDY (SCALE 4-7) 23
TOTAL FM JUL 1 0 CLOUDY (SCALE 8-10) 2
DPTR FM NORMAL 0
[CDD (BASE 65) ]
TOTAL THIS MO. 485
DPTR FM NORMAL 39 [PRESSURE DATA]
TOTAL FM JAN 1 1508 HIGHEST SLP 30.26 ON 6
DPTR FM NORMAL 56 LOWEST SLP 29.80 ON 30
[REMARKS]
#FINAL-08-22#