000
CXUS55 KALY 010710
CF6DDH
PRELIMINARY LOCAL CLIMATOLOGICAL DATA (WS FORM: F-6)
STATION: BENNINGTON VT
MONTH: SEPTEMBER
YEAR: 2022
LATITUDE: 42 53 N
LONGITUDE: 73 15 W
TEMPERATURE IN F: :PCPN: SNOW: WIND :SUNSHINE: SKY :PK WND
================================================================================
1 2 3 4 5 6A 6B 7 8 9 10 11 12 13 14 15 16 17 18
12Z AVG MX 2MIN
DY MAX MIN AVG DEP HDD CDD WTR SNW DPTH SPD SPD DIR MIN PSBL S-S WX SPD DR
================================================================================
1 71 47 59 -6 6 0 0.11 M M 5.7 17 260 M M 4 128 24 300
2 76 42 59 -5 6 0 0.00 M M 1.4 8 350 M M 0 1 10 350
3 83 48 66 2 0 1 0.00 M M 1.6 9 220 M M 1 1 12 170
4 86 58 72 8 0 7 0.01 M M 1.6 10 200 M M 2 1 12 350
5 69 59 64 0 1 0 M M M 2.2 9 90 M M 10 18 13 100
6 67 62 65 2 0 0 0.36 M M 6.1 13 110 M M 10 1 18 110
7 72 53 63 0 2 0 T M M 1.3 7 90 M M 7 1 9 90
8 77 50 64 1 1 0 0.00 M M 2.3 10 270 M M 4 128 14 270
9 80 49 65 3 0 0 0.00 M M 1.0 7 10 M M 0 1 10 340
10 83 51 67 5 0 2 0.00 M M 1.1 8 230 M M 0 1 11 220
11 76 59 68 6 0 3 T M M 1.5 8 230 M M 6 1 13 230
12 79 60 70 8 0 5 0.01 M M 1.6 9 330 M M 5 12 12 260
13 80 57 69 8 0 4 1.71 M M 3.4 21 150 M M 9 38 26 150
14 76 57 67 6 0 2 0.00 M M 6.4 17 330 M M 7 27 330
15 66 41 54 -7 11 0 0.00 M M 4.9 14 340 M M 3 20 350
16 68 38 53 -7 12 0 0.00 M M 2.4 12 330 M M 2 18 17 340
17 71 41 56 -4 9 0 0.00 M M 0.5 8 260 M M 4 1 11 340
18 78 53 66 6 0 1 0.08 M M 2.5 12 220 M M 7 1 17 200
19 81 59 70 11 0 5 0.92 M M 4.0 20 310 M M 7 123 30 180
20 70 55 63 4 2 0 0.31 M M 2.7 12 340 M M 10 12 17 320
21 73 56 65 7 0 0 0.00 M M 1.4 8 80 M M 6 11 140
22 70 50 60 2 5 0 1.04 M M 5.4 21 340 M M 9 13 30 330
23 56 39 48 -10 17 0 0.00 M M 7.3 17 340 M M 6 27 310
24 65 33 49 -8 16 0 0.00 M M 3.3 10 270 M M 0 16 270
25 63 42 53 -4 12 0 0.02 M M 4.5 16 180 M M 7 18 23 180
26 71 46 59 3 6 0 0.12 M M 4.3 23 250 M M 6 1 32 220
27 65 43 54 -2 11 0 0.10 M M 4.5 12 230 M M 5 1 21 260
28 65 51 58 2 7 0 0.01 M M 3.6 12 240 M M 9 16 10
29 59 36 48 -7 17 0 0.00 M M 4.3 12 340 M M 6 17 340
30 60 32 46 -9 19 0 0.00 M M 1.2 8 360 M M 0 1 10 350
================================================================================
SM 2156 1467 160 30 4.80 M 94.0 M 152
================================================================================
AV 71.9 48.9 3.1 FASTST M M 5 MAX(MPH)
MISC ----> 23 250 32 220
================================================================================
NOTES:
# LAST OF SEVERAL OCCURRENCES
COLUMN 17 PEAK WIND IN M.P.H.
PRELIMINARY LOCAL CLIMATOLOGICAL DATA (WS FORM: F-6) , PAGE 2
STATION: BENNINGTON VT
MONTH: SEPTEMBER
YEAR: 2022
LATITUDE: 42 53 N
LONGITUDE: 73 15 W
[TEMPERATURE DATA] [PRECIPITATION DATA] SYMBOLS USED IN COLUMN 16
AVERAGE MONTHLY: 60.4 TOTAL FOR MONTH: 4.80 1 = FOG OR MIST
DPTR FM NORMAL: 0.2 DPTR FM NORMAL: 0.98 2 = FOG REDUCING VISIBILITY
HIGHEST: 86 ON 4 GRTST 24HR 1.71 ON 13-13 TO 1/4 MILE OR LESS
LOWEST: 32 ON 30 3 = THUNDER
SNOW, ICE PELLETS, HAIL 4 = ICE PELLETS
TOTAL MONTH: M 5 = HAIL
GRTST 24HR M ON M 6 = FREEZING RAIN OR DRIZZLE
GRTST DEPTH: M ON M 7 = DUSTSTORM OR SANDSTORM:
VSBY 1/2 MILE OR LESS
8 = SMOKE OR HAZE
[NO. OF DAYS WITH] [WEATHER - DAYS WITH] 9 = BLOWING SNOW
X = TORNADO
MAX 32 OR BELOW: 0 0.01 INCH OR MORE: 13
MAX 90 OR ABOVE: 0 0.10 INCH OR MORE: 8
MIN 32 OR BELOW: 1 0.50 INCH OR MORE: 3
MIN 0 OR BELOW: 0 1.00 INCH OR MORE: 2
[HDD (BASE 65) ]
TOTAL THIS MO. 160 CLEAR (SCALE 0-3) 9
DPTR FM NORMAL -22 PTCLDY (SCALE 4-7) 15
TOTAL FM JUL 1 172 CLOUDY (SCALE 8-10) 6
DPTR FM NORMAL -67
[CDD (BASE 65) ]
TOTAL THIS MO. 30
DPTR FM NORMAL -6 [PRESSURE DATA]
TOTAL FM JAN 1 527 HIGHEST SLP M ON M
DPTR FM NORMAL 159 LOWEST SLP 29.53 ON 22
[REMARKS]
#FINAL-09-22#