169
CXUS53 KILX 011648
CLMDEC


CLIMATE REPORT
NATIONAL WEATHER SERVICE LINCOLN IL
1002 AM CST THU DEC 1 2016

...................................

...THE DECATUR IL AIRPORT CLIMATE SUMMARY FOR THE MONTH OF NOVEMBER 2016...

CLIMATE NORMAL PERIOD 1981 TO 2010
CLIMATE RECORD PERIOD 9999 TO 9999

WEATHER         OBSERVED          NORMAL  DEPART  LAST YEAR`S
                 VALUE   DATE(S)  VALUE   FROM    VALUE
                                          NORMAL
.............................................................
TEMPERATURE (F)
RECORD
 HIGH              MM   MM
 LOW               MM   MM
HIGHEST            80   11/01        MM      MM       73
LOWEST             21   11/21        MM      MM       17
AVG. MAXIMUM     57.4              51.7     5.7     57.6
AVG. MINIMUM     38.9              34.1     4.8     37.4
MEAN             48.2              42.9     5.3     47.5
DAYS MAX >= 90      0               0.0     0.0        0
DAYS MAX <= 32      0               0.8    -0.8        0
DAYS MIN <= 32      6              13.8    -7.8       10
DAYS MIN <= 0       0               0.0     0.0        0

PRECIPITATION (INCHES)
RECORD
 MAXIMUM           MM   MM
 MINIMUM           MM   MM
TOTALS           3.64              3.43    0.21     4.41
DAILY AVG.       0.12              0.11    0.01     0.15
DAYS >= .01         7                MM      MM       12
DAYS >= .10         6                MM      MM        8
DAYS >= .50         3                MM      MM        3
DAYS >= 1.00        1                MM      MM        2
GREATEST
 24 HR. TOTAL    1.16   11/22 TO 11/23              1.29

DEGREE_DAYS
HEATING TOTAL     510               663    -153      517
 SINCE 7/1        696              1081    -385      782
COOLING TOTAL      13                 0      13        0
 SINCE 1/1       1434              1048     386     1184
..............................................................

WIND (MPH)
AVERAGE WIND SPEED              9.4
HIGHEST WIND SPEED/DIRECTION    29/290    DATE  11/19
HIGHEST GUST SPEED/DIRECTION    42/290    DATE  11/19

SKY COVER
POSSIBLE SUNSHINE (PERCENT)   MM
AVERAGE SKY COVER           0.30
NUMBER OF DAYS FAIR           18
NUMBER OF DAYS PC              9
NUMBER OF DAYS CLOUDY          3

AVERAGE RH (PERCENT)     73

WEATHER CONDITIONS. NUMBER OF DAYS WITH
THUNDERSTORM              2     MIXED PRECIP               0
HEAVY RAIN                4     RAIN                       6
LIGHT RAIN                7     FREEZING RAIN              0
LT FREEZING RAIN          0     HAIL                       0
HEAVY SNOW                0     SNOW                       0
LIGHT SNOW                0     SLEET                      0
FOG                      16     FOG W/VIS <= 1/4 MILE      2
HAZE                     11

-  INDICATES NEGATIVE NUMBERS.
R  INDICATES RECORD WAS SET OR TIED.
MM INDICATES DATA IS MISSING.
T  INDICATES TRACE AMOUNT.

$$
