000
CXUS53 KILX 012314 CCA
CLMDEC

CXUS53 KILX DDHHMM RRA
CLMDEC

CLIMATE REPORT
NATIONAL WEATHER SERVICE LINCOLN IL
514 PM CST TUE MAR 1 2016

...CORRECTED THUNDERSTORM DAYS...

...................................

...THE DECATUR IL AIRPORT CLIMATE SUMMARY FOR THE MONTH OF FEBRUARY 2016...

CLIMATE NORMAL PERIOD 1981 TO 2010
CLIMATE RECORD PERIOD 9999 TO 9999

WEATHER         OBSERVED          NORMAL  DEPART  LAST YEAR`S
                 VALUE   DATE(S)  VALUE   FROM    VALUE
                                          NORMAL
.............................................................
TEMPERATURE (F)
RECORD
 HIGH              MM   MM
 LOW               MM   MM
HIGHEST            71   02/20        MM      MM       59
LOWEST              6   02/13        MM      MM       -6
AVG. MAXIMUM     43.1              39.2     3.9     29.7
AVG. MINIMUM     26.0              22.9     3.1     10.8
MEAN             34.6              31.0     3.6     20.2
DAYS MAX >= 90      0               0.0     0.0        0
DAYS MAX <= 32      7               7.3    -0.3       19
DAYS MIN <= 32     22              23.5    -1.5       26
DAYS MIN <= 0       0               0.2    -0.2        5

PRECIPITATION (INCHES)
RECORD
 MAXIMUM           MM   MM
 MINIMUM           MM   MM
TOTALS           0.39              1.98   -1.59       MM
DAILY AVG.       0.01                MM      MM       MM
DAYS >= .01         1                MM      MM       MM
DAYS >= .10         1                MM      MM       MM
DAYS >= .50         0                MM      MM       MM
DAYS >= 1.00        0                MM      MM       MM
GREATEST
 24 HR. TOTAL    0.39   02/02 TO 02/02                MM
                        02/01 TO 02/02
                        02/02 TO 02/02

DEGREE_DAYS
HEATING TOTAL     877               950     -73     1246
 SINCE 7/1       3492              4286    -794     4646
COOLING TOTAL       0                 0       0        0
 SINCE 1/1          0                 0       0        0
..............................................................

WIND (MPH)
AVERAGE WIND SPEED              12.0
HIGHEST WIND SPEED/DIRECTION    38/010    DATE  02/24
HIGHEST GUST SPEED/DIRECTION    48/200    DATE  02/28

SKY COVER
POSSIBLE SUNSHINE (PERCENT)   MM
AVERAGE SKY COVER           0.50
NUMBER OF DAYS FAIR           13
NUMBER OF DAYS PC              6
NUMBER OF DAYS CLOUDY         10

AVERAGE RH (PERCENT)     68

WEATHER CONDITIONS. NUMBER OF DAYS WITH
THUNDERSTORM              1     MIXED PRECIP               0
HEAVY RAIN                1     RAIN                       1
LIGHT RAIN                3     FREEZING RAIN              0
LT FREEZING RAIN          1     HAIL                       0
HEAVY SNOW                1     SNOW                       2
LIGHT SNOW                5     SLEET                      0
FOG                      12     FOG W/VIS <= 1/4 MILE      6
HAZE                     11

-  INDICATES NEGATIVE NUMBERS.
R  INDICATES RECORD WAS SET OR TIED.
MM INDICATES DATA IS MISSING.
T  INDICATES TRACE AMOUNT.

$$
