000
CXUS53 KILX 011514
CLMDEC


CLIMATE REPORT
NATIONAL WEATHER SERVICE LINCOLN IL
946 AM CDT SUN MAY 1 2016

...................................

...THE DECATUR IL AIRPORT CLIMATE SUMMARY FOR THE MONTH OF APRIL 2016...

CLIMATE NORMAL PERIOD 1981 TO 2010
CLIMATE RECORD PERIOD 9999 TO 9999

WEATHER         OBSERVED          NORMAL  DEPART  LAST YEAR`S
                 VALUE   DATE(S)  VALUE   FROM    VALUE
                                          NORMAL
.............................................................
TEMPERATURE (F)
RECORD
 HIGH              MM   MM
 LOW               MM   MM
HIGHEST            82   04/25        MM      MM       79
                        04/18
LOWEST             22   04/05        MM      MM       31
AVG. MAXIMUM     64.9              63.8     1.1     66.6
AVG. MINIMUM     41.5              41.8    -0.3     42.9
MEAN             53.2              52.8     0.4     54.8
DAYS MAX >= 90      0               0.0     0.0        0
DAYS MAX <= 32      0               0.0     0.0        0
DAYS MIN <= 32      5               5.0     0.0        2
DAYS MIN <= 0       0               0.0     0.0        0

PRECIPITATION (INCHES)
RECORD
 MAXIMUM           MM   MM
 MINIMUM           MM   MM
TOTALS           3.33              3.80   -0.47     2.02
DAILY AVG.       0.11              0.13   -0.02     0.07
DAYS >= .01        13                MM      MM        8
DAYS >= .10         7                MM      MM        4
DAYS >= .50         2                MM      MM        1
DAYS >= 1.00        0                MM      MM        1
GREATEST
 24 HR. TOTAL    0.96   04/06 TO 04/07              1.30

DEGREE_DAYS
HEATING TOTAL     353               379     -26      301
 SINCE 7/1       4347              5363   -1016     5736
COOLING TOTAL       7                13      -6        3
 SINCE 1/1          7                14      -7        3
..............................................................

WIND (MPH)
AVERAGE WIND SPEED              10.5
HIGHEST WIND SPEED/DIRECTION    40/290    DATE  04/02
HIGHEST GUST SPEED/DIRECTION    56/280    DATE  04/02

SKY COVER
POSSIBLE SUNSHINE (PERCENT)   MM
AVERAGE SKY COVER           0.40
NUMBER OF DAYS FAIR           15
NUMBER OF DAYS PC              9
NUMBER OF DAYS CLOUDY          6

AVERAGE RH (PERCENT)     65

WEATHER CONDITIONS. NUMBER OF DAYS WITH
THUNDERSTORM              7     MIXED PRECIP               0
HEAVY RAIN                3     RAIN                       7
LIGHT RAIN               13     FREEZING RAIN              0
LT FREEZING RAIN          0     HAIL                       0
HEAVY SNOW                0     SNOW                       0
LIGHT SNOW                0     SLEET                      0
FOG                      13     FOG W/VIS <= 1/4 MILE      2
HAZE                      7

-  INDICATES NEGATIVE NUMBERS.
R  INDICATES RECORD WAS SET OR TIED.
MM INDICATES DATA IS MISSING.
T  INDICATES TRACE AMOUNT.

$$
