463
CXUS53 KILX 011454
CLMDEC


CLIMATE REPORT
NATIONAL WEATHER SERVICE LINCOLN IL
940 AM CDT MON AUG 1 2016

...................................

...THE DECATUR IL AIRPORT CLIMATE SUMMARY FOR THE MONTH OF JULY 2016...

CLIMATE NORMAL PERIOD 1981 TO 2010
CLIMATE RECORD PERIOD 9999 TO 9999

WEATHER         OBSERVED          NORMAL  DEPART  LAST YEAR`S
                 VALUE   DATE(S)  VALUE   FROM    VALUE
                                          NORMAL
.............................................................
TEMPERATURE (F)
RECORD
 HIGH              MM   MM
 LOW               MM   MM
HIGHEST            94   07/24        MM      MM       92
                        07/21
LOWEST             54   07/02        MM      MM       56
AVG. MAXIMUM     85.5              86.5    -1.0     84.0
AVG. MINIMUM     66.9              65.0     1.9     64.9
MEAN             76.2              75.7     0.5     74.5
DAYS MAX >= 90      5               8.5    -3.5        5
DAYS MAX <= 32      0               0.0     0.0        0
DAYS MIN <= 32      0               0.0     0.0        0
DAYS MIN <= 0       0               0.0     0.0        0

PRECIPITATION (INCHES)
RECORD
 MAXIMUM           MM   MM
 MINIMUM           MM   MM
TOTALS           4.77              3.86    0.91     4.66
DAILY AVG.       0.15              0.12    0.03     0.15
DAYS >= .01        15                MM      MM       13
DAYS >= .10         7                MM      MM        7
DAYS >= .50         3                MM      MM        3
DAYS >= 1.00        1                MM      MM        2
GREATEST
 24 HR. TOTAL    2.10   07/24 TO 07/25              1.98

DEGREE_DAYS
HEATING TOTAL       5                 1       4        1
 SINCE 7/1          5                 1       4        1
COOLING TOTAL     360               333      27      301
 SINCE 1/1        773               649     124      703
..............................................................

WIND (MPH)
AVERAGE WIND SPEED              6.9
HIGHEST WIND SPEED/DIRECTION    35/240    DATE  07/13
HIGHEST GUST SPEED/DIRECTION    46/240    DATE  07/13

SKY COVER
POSSIBLE SUNSHINE (PERCENT)   MM
AVERAGE SKY COVER           0.20
NUMBER OF DAYS FAIR           25
NUMBER OF DAYS PC              4
NUMBER OF DAYS CLOUDY          2

AVERAGE RH (PERCENT)     75

WEATHER CONDITIONS. NUMBER OF DAYS WITH
THUNDERSTORM              0     MIXED PRECIP               0
HEAVY RAIN                3     RAIN                       9
LIGHT RAIN               14     FREEZING RAIN              0
LT FREEZING RAIN          0     HAIL                       0
HEAVY SNOW                0     SNOW                       0
LIGHT SNOW                0     SLEET                      0
FOG                      20     FOG W/VIS <= 1/4 MILE      3
HAZE                      3

-  INDICATES NEGATIVE NUMBERS.
R  INDICATES RECORD WAS SET OR TIED.
MM INDICATES DATA IS MISSING.
T  INDICATES TRACE AMOUNT.

$$
