000
CXUS53 KILX 011529
CLMDEC


CLIMATE REPORT
NATIONAL WEATHER SERVICE LINCOLN IL
911 AM CST TUE DEC 1 2015

...................................

...THE DECATUR IL AIRPORT CLIMATE SUMMARY FOR THE MONTH OF NOVEMBER 2015...

CLIMATE NORMAL PERIOD 1981 TO 2010
CLIMATE RECORD PERIOD 9999 TO 9999

WEATHER         OBSERVED          NORMAL  DEPART  LAST YEAR`S
                 VALUE   DATE(S)  VALUE   FROM    VALUE
                                          NORMAL
.............................................................
TEMPERATURE (F)
RECORD
 HIGH              MM   MM
 LOW               MM   MM
HIGHEST            73   11/04        MM      MM       67
LOWEST             17   11/22        MM      MM       11
AVG. MAXIMUM     57.6              51.7     5.9     45.1
AVG. MINIMUM     37.4              34.1     3.3     27.0
MEAN             47.5              42.9     4.6     36.1
DAYS MAX >= 90      0               0.0     0.0        0
DAYS MAX <= 32      0               0.8    -0.8        7
DAYS MIN <= 32     10              13.8    -3.8       20
DAYS MIN <= 0       0               0.0     0.0        0

PRECIPITATION (INCHES)
RECORD
 MAXIMUM           MM   MM
 MINIMUM           MM   MM
TOTALS           4.41              3.43    0.98     1.86
DAILY AVG.       0.15              0.11    0.04     0.06
DAYS >= .01        12                MM      MM        6
DAYS >= .10         8                MM      MM        5
DAYS >= .50         3                MM      MM        1
DAYS >= 1.00        2                MM      MM        0
GREATEST
 24 HR. TOTAL    1.29   11/27 TO 11/28              1.11

DEGREE_DAYS
HEATING TOTAL     517               663    -146      861
 SINCE 7/1        782              1081    -299     1273
COOLING TOTAL       0                 0       0        0
 SINCE 1/1       1184              1048     136     1011
..............................................................

WIND (MPH)
AVERAGE WIND SPEED              11.2
HIGHEST WIND SPEED/DIRECTION    38/130    DATE  11/18
HIGHEST GUST SPEED/DIRECTION    51/130    DATE  11/18

SKY COVER
POSSIBLE SUNSHINE (PERCENT)   MM
AVERAGE SKY COVER           0.40
NUMBER OF DAYS FAIR           15
NUMBER OF DAYS PC              7
NUMBER OF DAYS CLOUDY          8

AVERAGE RH (PERCENT)     70

WEATHER CONDITIONS. NUMBER OF DAYS WITH
THUNDERSTORM              1     MIXED PRECIP               0
HEAVY RAIN                3     RAIN                       4
LIGHT RAIN               12     FREEZING RAIN              0
LT FREEZING RAIN          0     HAIL                       0
HEAVY SNOW                0     SNOW                       1
LIGHT SNOW                2     SLEET                      0
FOG                      15     FOG W/VIS <= 1/4 MILE      3
HAZE                      4

-  INDICATES NEGATIVE NUMBERS.
R  INDICATES RECORD WAS SET OR TIED.
MM INDICATES DATA IS MISSING.
T  INDICATES TRACE AMOUNT.

$$
