000
CXUS53 KILX 011651
CLMDEC


CLIMATE REPORT
NATIONAL WEATHER SERVICE LINCOLN IL
1008 AM CST SAT MAR 1 2014

...................................

...THE DECATUR IL AIRPORT CLIMATE SUMMARY FOR THE MONTH OF FEBRUARY 2014...

CLIMATE NORMAL PERIOD 1981 TO 2010
CLIMATE RECORD PERIOD 9999 TO 9999

WEATHER         OBSERVED          NORMAL  DEPART  LAST YEAR`S
                 VALUE   DATE(S)  VALUE   FROM    VALUE
                                          NORMAL
.............................................................
TEMPERATURE (F)
RECORD
 HIGH              MM   MM
 LOW               MM   MM
HIGHEST            61   02/20        MM      MM       58
LOWEST            -10   02/11        MM      MM        5
AVG. MAXIMUM     29.2              39.2   -10.0     38.8
AVG. MINIMUM     10.9              22.9   -12.0     23.5
MEAN             20.1              31.0   -10.9     31.2
DAYS MAX >= 90      0               0.0     0.0        0
DAYS MAX <= 32     19               7.3    11.7        8
DAYS MIN <= 32     25              23.5     1.5       26
DAYS MIN <= 0       7               0.2     6.8        0

PRECIPITATION (INCHES)
RECORD
 MAXIMUM           MM   MM
 MINIMUM           MM   MM
TOTALS           0.41              1.98   -1.57     2.49
DAILY AVG.       0.02              0.07   -0.05     0.09
DAYS >= .01         3                MM      MM        9
DAYS >= .10         2                MM      MM        5
DAYS >= .50         0                MM      MM        1
DAYS >= 1.00        0                MM      MM        0
GREATEST
 24 HR. TOTAL    1.01   01/31 TO 02/01              0.99
                        02/01 TO 02/01
                        02/01 TO 02/02

DEGREE_DAYS
HEATING TOTAL    1251               950     301      943
 SINCE 7/1       4812              4257     555     3970
COOLING TOTAL       0                 0       0        0
 SINCE 1/1          0                 0       0        0
..............................................................

WIND (MPH)
AVERAGE WIND SPEED              10.0
HIGHEST WIND SPEED/DIRECTION    40/260    DATE  02/20
HIGHEST GUST SPEED/DIRECTION    55/260    DATE  02/20

SKY COVER
POSSIBLE SUNSHINE (PERCENT)   MM
AVERAGE SKY COVER           0.40
NUMBER OF DAYS FAIR           13
NUMBER OF DAYS PC             10
NUMBER OF DAYS CLOUDY          5

AVERAGE RH (PERCENT)     72

WEATHER CONDITIONS. NUMBER OF DAYS WITH
THUNDERSTORM              0     MIXED PRECIP               0
HEAVY RAIN                1     RAIN                       0
LIGHT RAIN                3     FREEZING RAIN              3
LT FREEZING RAIN          4     HAIL                       0
HEAVY SNOW                2     SNOW                       4
LIGHT SNOW               14     SLEET                      0
FOG                      17     FOG W/VIS <= 1/4 MILE      3
HAZE                     15

-  INDICATES NEGATIVE NUMBERS.
R  INDICATES RECORD WAS SET OR TIED.
MM INDICATES DATA IS MISSING.
T  INDICATES TRACE AMOUNT.

$$
