000
CXUS53 KILX 011522
CLMDEC


CLIMATE REPORT
NATIONAL WEATHER SERVICE LINCOLN IL
1013 AM CDT WED APR 1 2015

...................................

...THE DECATUR IL AIRPORT CLIMATE SUMMARY FOR THE MONTH OF MARCH 2015...

CLIMATE NORMAL PERIOD 1981 TO 2010
CLIMATE RECORD PERIOD 9999 TO 9999

WEATHER         OBSERVED          NORMAL  DEPART  LAST YEAR`S
                 VALUE   DATE(S)  VALUE   FROM    VALUE
                                          NORMAL
.............................................................
TEMPERATURE (F)
RECORD
 HIGH              MM   MM
 LOW               MM   MM
HIGHEST            76   03/16        MM      MM       71
LOWEST             -9   03/06        MM      MM        2
AVG. MAXIMUM     49.8              51.4    -1.6     47.3
AVG. MINIMUM     28.9              31.8    -2.9     25.2
MEAN             39.4              41.6    -2.2     36.2
DAYS MAX >= 90      0               0.0     0.0        0
DAYS MAX <= 32      4               1.3     2.7        2
DAYS MIN <= 32     20              16.6     3.4       26
DAYS MIN <= 0       2               0.0     2.0        0

PRECIPITATION (INCHES)
RECORD
 MAXIMUM           MM   MM
 MINIMUM           MM   MM
TOTALS           1.61              2.64   -1.03     1.49
DAILY AVG.       0.05              0.09   -0.04     0.05
DAYS >= .01         9                MM      MM        5
DAYS >= .10         7                MM      MM        3
DAYS >= .50         0                MM      MM        1
DAYS >= 1.00        0                MM      MM        0
GREATEST
 24 HR. TOTAL    0.39   03/25 TO 03/25              0.53

DEGREE_DAYS
HEATING TOTAL     789               727      62      886
 SINCE 7/1       5435              4984     451     5698
COOLING TOTAL       0                 1      -1        0
 SINCE 1/1          0                 1      -1        0
..............................................................

WIND (MPH)
AVERAGE WIND SPEED              9.9
HIGHEST WIND SPEED/DIRECTION    35/030    DATE  03/17
HIGHEST GUST SPEED/DIRECTION    41/230    DATE  03/24

SKY COVER
POSSIBLE SUNSHINE (PERCENT)   MM
AVERAGE SKY COVER           0.40
NUMBER OF DAYS FAIR           18
NUMBER OF DAYS PC              6
NUMBER OF DAYS CLOUDY          7

AVERAGE RH (PERCENT)     69

WEATHER CONDITIONS. NUMBER OF DAYS WITH
THUNDERSTORM              0     MIXED PRECIP               0
HEAVY RAIN                2     RAIN                       4
LIGHT RAIN                7     FREEZING RAIN              1
LT FREEZING RAIN          2     HAIL                       0
HEAVY SNOW                0     SNOW                       1
LIGHT SNOW                2     SLEET                      0
FOG                      17     FOG W/VIS <= 1/4 MILE      4
HAZE                      7

-  INDICATES NEGATIVE NUMBERS.
R  INDICATES RECORD WAS SET OR TIED.
MM INDICATES DATA IS MISSING.
T  INDICATES TRACE AMOUNT.

$$
